NOAA-Style Climate Reports


Report for 2019 April
                   MONTHLY CLIMATOLOGICAL SUMMARY for APR. 2019

NAME: Lodi   CITY: Lodi   STATE: Italy 
ELEV:    78 m  LAT:  45° 17' 57" N  LONG:   9° 31' 14" E

                   TEMPERATURE (°C), RAIN  (mm), WIND SPEED (km/hr)

                                      HEAT  COOL        AVG
    MEAN                              DEG   DEG         WIND                 DOM
DAY TEMP  HIGH   TIME   LOW    TIME   DAYS  DAYS  RAIN  SPEED HIGH   TIME    DIR
------------------------------------------------------------------------------------
 1  15.1  22.2   17.45   7.0    7.25   4.2   0.9   0.0   3.2  19.3   15.50     N
 2  15.4  21.9   16.15   8.8    7.35   3.4   0.6   0.0   4.8  25.7   10.50     E
 3  12.1  14.4    0.05   9.4    7.40   6.2   0.0   2.8   6.1  35.4   23.35     E
 4  10.4  11.9   11.45   7.8   21.45   7.9   0.0  25.7  11.1  49.9    5.50   ESE
 5  11.2  16.6   17.35   7.3    5.30   7.1   0.0   0.0   5.3  19.3    5.20   WSW
 6  12.6  15.6   15.40  10.7    6.40   5.7   0.0   0.0   6.0  25.7   17.15     E
 7  10.8  13.3   16.10   8.6   00.00   7.5   0.0   0.3   4.2  22.5   18.25     E
 8  12.5  18.6   17.15   6.6    7.20   5.8   0.0   0.3   6.6  24.1   11.45   WSW
 9  14.4  19.7   16.00  10.3    7.15   4.0   0.1   0.0   5.0  19.3    9.20   NNW
10  13.9  19.4   16.30   9.9    7.25   4.4   0.1   0.0   4.2  27.4   18.10   WSW
11  11.8  13.3   16.00  10.7    6.40   6.5   0.0  14.7   3.5  17.7   13.50    SE
12  13.1  17.0   16.35  10.7    5.05   5.3   0.0   0.5   4.3  22.5   20.45     N
13  11.4  14.6   15.25   9.1    7.05   6.8   0.0   0.0   8.5  29.0   13.40     E
14   8.3  10.3    0.05   7.2    3.00  10.0   0.0   7.9   7.9  32.2    1.30     N
15  12.7  18.0   15.05   7.8    7.15   5.6   0.0   0.0   4.2  22.5   15.05   WSW
16  14.1  19.7   16.45   8.2    6.35   4.4   0.1   0.0   2.4  16.1   14.20    NE
17  15.8  22.1   17.00   9.6    6.55   3.3   0.8   0.0   2.3  14.5   13.30     W
18  15.7  21.3   16.15  10.3    6.20   3.2   0.6   0.0   6.8  29.0   18.05     E
19  15.9  21.3   15.35   9.4    6.55   3.0   0.7   0.0   4.0  24.1   15.55    SE
20  16.9  23.2   16.15  10.2    6.55   2.7   1.3   0.0   3.5  25.7   15.30    SE
21  17.5  22.8   13.40  11.9    7.00   2.1   1.3   0.0   4.0  17.7   12.55    SE
22  15.6  20.1   15.45  12.5    6.55   2.9   0.1   0.0   9.2  41.8   14.20     E
23  12.1  14.6    0.05  11.6    4.00   2.6   0.0  24.9   9.8  30.6    0.05   ENE
24
25
26
27
28
29
30
-------------------------------------------------------------------------------------
    13.4  23.2    20     6.6     8   114.6   6.6  77.0   5.5  49.9     4       E

Max >=  32.0:  0
Max <=   0.0:  0
Min <=   0.0:  0
Min <= -18.0:  0
Max Rain: 25.65 ON 04/04/19
Days of Rain: 8 (> .2 mm) 5 (> 2 mm) 2 (> 20 mm)
Heat Base:  18.3  Cool Base:  18.3  Method: Integration