NOAA-Style Climate Reports


Report for 2019 February
                   MONTHLY CLIMATOLOGICAL SUMMARY for FEB. 2019

NAME: Lodi   CITY: Lodi   STATE: Italy 
ELEV:    78 m  LAT:  45° 17' 57" N  LONG:   9° 31' 14" E

                   TEMPERATURE (°C), RAIN  (mm), WIND SPEED (km/hr)

                                      HEAT  COOL        AVG
    MEAN                              DEG   DEG         WIND                 DOM
DAY TEMP  HIGH   TIME   LOW    TIME   DAYS  DAYS  RAIN  SPEED HIGH   TIME    DIR
------------------------------------------------------------------------------------
 1   0.9   1.7    2.35   0.3    8.10  17.4   0.0  19.8   2.7  16.1   21.00   NNW
 2   2.0   3.4   13.20   0.8    1.05  16.3   0.0  13.0   5.8  24.1   23.35   WSW
 3   4.2   6.8   16.25   1.7    0.05  14.2   0.0   1.8   4.8  25.7    1.35   WSW
 4   6.4  12.1   16.00   2.9    5.00  11.9   0.0   0.0   2.9  14.5   12.30     S
 5   4.6   9.9   16.00   0.5    7.55  13.7   0.0   0.0   3.2  16.1   14.25   WSW
 6   4.8  12.6   16.50  -0.4    7.25  13.5   0.0   0.0   5.1  20.9    4.25   WSW
 7   3.7   6.7   13.25   0.2    6.50  14.6   0.0   0.0   4.5  16.1    3.35     W
 8   5.4  12.1   16.30   0.2    7.45  12.9   0.0   0.0   3.4  16.1   11.15     W
 9   5.9  11.3   14.40   1.2    7.30  12.4   0.0   0.0   4.3  16.1    1.25   WSW
10   6.7   7.4   12.05   4.9   00.00  11.7   0.0   0.0   3.4  33.8   00.00   NNE
11   8.2  13.7   13.25   3.2    6.45  10.1   0.0   0.0  16.1  45.1   14.20    NW
12   9.1  14.6   15.55   3.9    8.40   9.2   0.0   0.0   9.3  35.4   14.25    NW
13   7.1  12.9   15.00   1.9    5.45  11.2   0.0   0.0   2.7  16.1   12.05    SE
14   6.8  15.0   16.45   0.6    7.35  11.5   0.0   0.0   5.0  19.3   14.55   WSW
15   7.7  16.0   15.50   1.4    7.40  10.6   0.0   0.0   4.2  16.1    6.35   WSW
16   8.1  15.1   15.25   3.2    5.25  10.2   0.0   0.0   4.3  17.7   10.15   WSW
17   8.6  16.6   16.00   2.0    8.20   9.7   0.0   0.0   4.5  16.1   14.15   WSW
18   9.5  16.6   15.50   3.3    7.20   8.8   0.0   0.0   3.9  19.3   13.20   WNW
19   5.7   7.6    0.45   2.9    7.20   3.9   0.0   0.0   3.2   9.7    1.00    NW
20
21
22
23
24
25
26
27
28
-------------------------------------------------------------------------------------
     6.1  16.6    17    -0.4     6   223.9   0.0  34.5   4.9  45.1    11     WSW

Max >=  32.0:  0
Max <=   0.0:  0
Min <=   0.0:  1
Min <= -18.0:  0
Max Rain: 19.81 ON 01/02/19
Days of Rain: 3 (> .2 mm) 2 (> 2 mm) 0 (> 20 mm)
Heat Base:  18.3  Cool Base:  18.3  Method: Integration