NOAA-Style Climate Reports


Report for 2008 Agosto
                   MONTHLY CLIMATOLOGICAL SUMMARY for AUG. 2008

NAME: Lodi   CITY: Lodi   STATE: Italy 
ELEV:    78 m  LAT:  45° 17' 57" N  LONG:   9° 31' 14" E

                   TEMPERATURE (°C), RAIN  (mm), WIND SPEED (km/hr)

                                      HEAT  COOL        AVG
    MEAN                              DEG   DEG         WIND                 DOM
DAY TEMP  HIGH   TIME   LOW    TIME   DAYS  DAYS  RAIN  SPEED HIGH   TIME    DIR
------------------------------------------------------------------------------------
 1
 2
 3
 4
 5
 6
 7
 8
 9
10
11
12
13
14
15
16  24.6  27.4   15.00  21.8   00.00   0.0   2.5   0.0   1.4  16.1   15.00    NE
17  22.4  27.2   17.30  16.9    7.00   0.1   4.2   0.0   2.1  16.1   15.00   NNE
18  22.8  28.2   16.00  17.7    6.30   0.1   4.6   0.0   1.4  16.1   14.00   ESE
19  23.9  29.4   17.30  18.2    7.00   0.0   5.6   0.0   1.0  14.5   15.30    NW
20  24.8  30.2   16.30  18.9    7.30   0.0   6.5   0.0   3.9  20.9    9.30     W
21  25.2  30.9   16.00  19.9    7.00   0.0   6.9   0.0   2.1  20.9   11.00    NW
22  25.0  30.9   16.00  19.8    7.00   0.0   6.7   0.0   3.2  27.4   23.00     E
23  23.7  29.6   15.00  19.1    6.30   0.0   5.4   0.0   6.1  32.2   15.30     W
24  22.4  28.1   17.30  17.8    4.00   0.0   4.2   0.0   3.2  19.3    0.30     E
25  22.6  28.2   18.00  16.8    7.30   0.1   4.4   0.0   1.8  17.7    1.30   ENE
26  23.5  29.7   17.00  17.3    7.00   0.0   5.3   0.0   1.4  14.5   14.30     E
27  24.5  29.8   16.30  19.1    7.00   0.0   6.2   0.0   1.6  16.1   12.00     E
28  25.1  30.4   15.00  20.0    6.30   0.0   6.8   0.0   2.1  16.1    5.00    SW
29  25.4  31.3   15.00  19.5    7.00   0.0   7.1   0.0   1.6  16.1   16.30     W
30  26.1  31.7   17.00  20.2    8.00   0.0   7.8   0.0   1.8  16.1   13.30     E
31  25.2  30.0   17.00  20.7    7.00   0.0   6.8   0.0   3.4  19.3   10.00     E
-------------------------------------------------------------------------------------
    24.2  31.7    30    16.8    25     0.3  90.9   0.4   2.4  32.2    23       E

Max >=  32.0:  0
Max <=   0.0:  0
Min <=   0.0:  0
Min <= -18.0:  0
Max Rain: 0.03 ON 16/08/08
Days of Rain: 0 (> .2 mm) 0 (> 2 mm) 0 (> 20 mm)
Heat Base:  18.3  Cool Base:  18.3  Method: Integration