NOAA-Style Climate Reports


Report for 2008 Settembre
                   MONTHLY CLIMATOLOGICAL SUMMARY for SEP. 2008

NAME: Lodi   CITY: Lodi   STATE: Italy 
ELEV:    78 m  LAT:  45° 17' 57" N  LONG:   9° 31' 14" E

                   TEMPERATURE (°C), RAIN  (mm), WIND SPEED (km/hr)

                                      HEAT  COOL        AVG
    MEAN                              DEG   DEG         WIND                 DOM
DAY TEMP  HIGH   TIME   LOW    TIME   DAYS  DAYS  RAIN  SPEED HIGH   TIME    DIR
------------------------------------------------------------------------------------
 1  24.1  29.3   17.00  20.3    7.00   0.0   5.8   0.0   4.2  24.1    6.30    NE
 2  23.7  29.1   16.30  19.2    6.00   0.0   5.4   0.0   3.4  17.7   13.30     E
 3  23.3  29.0   16.30  19.6    7.00   0.0   5.1   0.0   2.9  20.9   18.00    NE
 4  24.2  30.3   17.00  19.4    5.00   0.0   5.9   0.0   3.1  27.4   19.00    NE
 5  24.8  30.4   17.30  19.9    3.30   0.0   6.5   0.0   3.1  20.9   14.30     E
 6  26.3  32.6   15.30  21.6    7.00   0.0   8.0   0.0   6.3  32.2   16.00   ESE
 7  24.1  29.1   17.30  19.7   00.00   0.0   5.8   0.0   3.5  25.7   17.30   ENE
 8  21.7  28.0   15.00  15.0    6.30   0.6   3.9   0.0   3.2  20.9   12.00   WSW
 9  22.7  29.1   17.00  16.5    7.30   0.2   4.6   0.0   1.4  14.5   17.00    NW
10  23.8  29.8   17.00  17.7    8.00   0.0   5.5   0.0   1.8  11.3   11.30     W
11  24.3  29.6   17.00  19.4    8.00   0.0   6.0   0.0   2.3  20.9   14.00   NNE
12  22.3  25.8   17.00  19.1   12.00   0.0   4.0   5.8   2.7  35.4   11.30    NE
13  19.3  21.3   16.30  15.6   00.00   0.3   1.3  11.9   6.8  29.0   16.00     E
14  15.5  17.6   17.00  14.1   14.00   2.8   0.0   1.3   4.2  25.7    5.30     E
15  14.6  17.8   17.00  11.4   11.00   3.8   0.0  11.7   2.7  20.9   16.30   ESE
16  16.4  22.4   17.00  11.4    7.00   2.8   0.9   0.0   3.1  22.5   13.30   WSW
17  17.0  22.8   15.30  10.9    7.30   2.3   1.1   0.0   1.8  16.1   11.00    NE
18  17.9  23.1   15.30  13.8    7.00   1.6   1.2   0.0   2.4  19.3   23.30     E
19  17.3  20.7   16.00  15.0    6.30   1.4   0.5   0.0   2.9  19.3   10.00     E
20  17.3  21.4   16.00  14.4    8.30   1.6   0.6   0.0   3.1  17.7   15.30   ESE
21  15.2  19.2   16.00  10.7    7.30   3.2   0.1   0.0   4.3  22.5   18.00     E
22  15.3  20.3   16.00  11.1    8.00   3.3   0.3   0.0   2.6  22.5    1.30    NE
23  14.6  19.7   16.00  10.4    7.30   3.8   0.1   0.0   3.9  20.9    7.00     E
24  14.9  20.0   15.30   9.9    8.00   3.6   0.3   0.0   1.0  11.3   14.30    NE
25  16.1  20.9   16.30  12.6    0.30   2.6   0.4   0.8   2.6  20.9   23.00    NE
26  16.2  21.4   16.00  11.4    5.30   2.7   0.6   0.0   2.4  16.1    9.00   ESE
27  15.1  17.8   15.00  13.3    7.00   3.3   0.0   0.0   2.3  19.3   16.00   NNE
28  15.1  20.2   17.00  10.4    7.00   3.4   0.2   0.0   1.3  16.1   13.00     S
29  14.3  20.7   15.30   7.5    7.30   4.4   0.4   0.0   2.1  17.7   14.00    SW
30  13.9  17.7   16.00  10.9    4.00   4.3   0.0   0.0   1.4  11.3   15.30     E
-------------------------------------------------------------------------------------
    19.0  32.6     6     7.5    29    52.1  74.5  31.5   3.0  35.4    12       E

Max >=  32.0:  1
Max <=   0.0:  0
Min <=   0.0:  0
Min <= -18.0:  0
Max Rain: 11.94 ON 13/09/08
Days of Rain: 5 (> .2 mm) 3 (> 2 mm) 0 (> 20 mm)
Heat Base:  18.3  Cool Base:  18.3  Method: Integration