NOAA-Style Climate Reports


Report for 2008 Ottobre
                   MONTHLY CLIMATOLOGICAL SUMMARY for OCT. 2008

NAME: Lodi   CITY: Lodi   STATE: Italy 
ELEV:    78 m  LAT:  45° 17' 57" N  LONG:   9° 31' 14" E

                   TEMPERATURE (°C), RAIN  (mm), WIND SPEED (km/hr)

                                      HEAT  COOL        AVG
    MEAN                              DEG   DEG         WIND                 DOM
DAY TEMP  HIGH   TIME   LOW    TIME   DAYS  DAYS  RAIN  SPEED HIGH   TIME    DIR
------------------------------------------------------------------------------------
 1  16.6  20.7   15.30  12.4    8.00   2.1   0.5   0.0   1.4  14.5   14.00    SW
 2  16.2  19.4   16.30  13.7    4.30   2.2   0.1   0.0   2.3  16.1   17.30   NNE
 3  15.1  21.5   14.00  10.3   00.00   3.5   0.3   1.3   3.4  41.8   16.30    SW
 4  12.2  20.1   15.30   5.4    5.30   6.3   0.2   0.0   4.7  30.6   15.00    SW
 5  12.6  19.3   16.00   5.3    7.30   5.8   0.1   0.0   2.4  22.5   15.00     W
 6  14.3  21.3   16.00   8.2    7.00   4.3   0.4   0.0   2.4  20.9   14.00     W
 7  15.3  19.5   17.30  12.3    4.00   3.0   0.1   0.0   1.4  11.3    3.00     W
 8  17.0  21.7   16.00  14.0    6.30   1.9   0.6   0.5   1.3  17.7   14.30    SW
 9  16.6  22.9   17.00  11.3    9.00   2.7   1.0   0.0   1.6  14.5   15.00     W
10  16.4  22.9   15.30  11.2    8.30   2.8   1.0   0.0   0.8   9.7   14.30    NE
11  16.6  23.3   16.30  10.3    8.30   2.8   1.1   0.0   2.1  14.5   10.00    SW
12  16.3  24.0   16.00   9.6    8.30   3.2   1.1   0.0   2.6  17.7   11.30     W
13  16.6  22.6   15.30  11.2    8.30   2.7   0.9   0.0   2.1  16.1   15.30   WSW
14  17.2  23.9   16.00  12.3    8.00   2.3   1.2   0.0   0.8   8.0    9.00   NNW
15  16.9  23.4   16.00  10.8    8.30   2.5   1.1   0.0   1.9  16.1   15.00     W
16  17.7  20.9   14.00  15.0    5.00   1.3   0.6   0.0   1.1  14.5   14.00   NNE
17  17.3  23.7   16.00  12.8    8.30   2.1   1.2   0.0   5.0  30.6   20.30   WSW
18  13.1  15.0   17.00  11.2    8.30   5.3   0.0   0.3   4.2  29.0    0.30     E
19  13.9  19.4   16.00   9.6    6.30   4.5   0.1   0.0   1.8  14.5   12.00     W
20  14.2  18.6   15.00  10.4    5.30   4.1   0.0   0.0   1.3  11.3   13.00    SW
21  16.2  18.9   15.00  14.2    7.00   2.1   0.0   0.0   1.0   8.0   13.00    SW
22  15.7  17.5   16.30  14.1    7.00   2.6   0.0   0.0   1.0  14.5   11.00     E
23  16.5  19.3   15.30  14.8    7.00   1.9   0.1   0.0   0.6   9.7   15.00   NNW
24  15.9  18.0   16.00  13.2    9.00   2.4   0.0   0.0   1.4  11.3   11.00     E
25  16.6  20.9   15.30  13.2   00.00   2.2   0.5   0.0   0.5  14.5   16.00   ENE
26  13.1  17.9   15.30   9.4    6.00   5.4   0.0   0.3   0.5   6.4    6.00    SW
27  12.4  14.6   14.00   9.5    4.30   5.9   0.0   0.0   1.8  11.3   23.00     E
28  14.2  16.9   13.00  12.6    2.30   4.1   0.0   4.1   5.5  29.0   20.30   ESE
29  14.9  16.3   16.30  13.0    4.30   3.4   0.0  23.4   2.9  19.3    9.30   ESE
30  12.7  15.6   13.30   9.4   22.00   5.6   0.0   8.4   6.4  49.9   12.00   ESE
31   9.6  10.2   12.00   9.0    7.30   8.7   0.0   7.4   3.1  19.3    2.00     W
-------------------------------------------------------------------------------------
    15.2  24.0    12     5.3     5   109.7  12.2  45.5   2.2  49.9    30       W

Max >=  32.0:  0
Max <=   0.0:  0
Min <=   0.0:  0
Min <= -18.0:  0
Max Rain: 23.37 ON 29/10/08
Days of Rain: 8 (> .2 mm) 4 (> 2 mm) 1 (> 20 mm)
Heat Base:  18.3  Cool Base:  18.3  Method: Integration