NOAA-Style Climate Reports


Report for 2008 Novembre
                   MONTHLY CLIMATOLOGICAL SUMMARY for NOV. 2008

NAME: Lodi   CITY: Lodi   STATE: Italy 
ELEV:    78 m  LAT:  45° 17' 57" N  LONG:   9° 31' 14" E

                   TEMPERATURE (°C), RAIN  (mm), WIND SPEED (km/hr)

                                      HEAT  COOL        AVG
    MEAN                              DEG   DEG         WIND                 DOM
DAY TEMP  HIGH   TIME   LOW    TIME   DAYS  DAYS  RAIN  SPEED HIGH   TIME    DIR
------------------------------------------------------------------------------------
 1  11.4  14.7   15.30   9.8    0.30   6.9   0.0   0.5   4.5  22.5    9.00   WSW
 2  12.6  17.1   15.30   8.3    8.00   5.7   0.0   0.3   3.2  29.0   00.00     E
 3  13.7  14.4   16.00  11.6   00.00   4.7   0.0  22.6   4.2  37.0    0.30     E
 4  13.6  16.1   22.30  11.2    0.30   4.7   0.0  50.0   8.9  49.9   21.30     E
 5  14.9  17.7   14.30  13.0   23.00   3.4   0.0  15.7   6.0  29.0    0.30   ESE
 6  12.4  15.0   13.30  10.9    7.30   5.8   0.0   0.0   3.2  19.3   21.30   WSW
 7  11.7  15.2   15.30   9.9   00.00   6.6   0.0   3.0   3.1  17.7   16.00   WSW
 8  11.7  16.1   14.30   8.8    7.00   6.7   0.0   0.0   2.9  19.3   11.30     W
 9  12.0  16.0   14.30   9.6    8.00   6.3   0.0   0.0   1.3  11.3   14.00    SW
10  10.7  13.2   15.30   8.1    3.00   7.6   0.0   0.0   1.3   9.7   15.00    SW
11  11.7  12.8   15.00  11.2   00.00   6.6   0.0   1.3   1.0   9.7   23.00   ESE
12  10.7  11.2   20.00   9.9    6.00   7.6   0.0  23.1   4.7  24.1    6.30     E
13  10.6  11.4   15.00   9.8    8.30   7.7   0.0  24.4   2.6  16.1    0.30   NNE
14  10.8  14.3   15.30   8.7   23.30   7.5   0.0   0.8   1.3   9.7    0.30    SW
15   9.8  14.8   14.30   6.2    8.00   8.4   0.0   0.0   0.8  11.3   13.30    SW
16   8.7  14.1   15.30   3.5    8.30   9.6   0.0   0.3   3.1  19.3   11.00     W
17   9.4  14.9   14.30   4.2    8.00   8.9   0.0   0.0   2.1  16.1   16.00     E
18   8.0   9.3    1.30   6.4   00.00  10.3   0.0   0.0   2.7  19.3   11.30     E
19   6.6  10.6   14.30   3.1    7.30  11.8   0.0   0.0   3.7  19.3   14.00   WSW
20   5.8   9.9   14.00   1.3    6.00  12.5   0.0   0.0   4.0  16.1   11.00    SW
21   9.1  14.7   14.00   3.4    8.00   9.2   0.0   0.0   9.2  45.1   22.30     W
22   8.2  10.9    0.30   4.5   23.30  10.2   0.0   0.0  11.7  48.3   11.00     N
23   4.0   8.4   14.30  -0.2    8.00  14.3   0.0   0.0   5.5  29.0   14.00   WSW
24   1.5   3.4    2.00   0.1   00.00  16.8   0.0   3.6   4.3  25.7    3.00     W
25   1.8   4.4   13.00  -0.3    1.00  16.5   0.0   0.3   1.6  14.5   11.30   NNW
26   3.3   8.7   15.00  -1.2    8.30  15.0   0.0   0.3   0.6  11.3   13.30   SSW
27   2.4   6.9   15.30  -1.9    9.00  15.8   0.0   0.0   0.6   9.7   14.00   ENE
28   0.8   2.3    4.30   0.3   17.30  17.5   0.0   5.1   1.6  14.5   14.00     W
29   2.8   5.2   00.00   0.7    2.00  15.5   0.0  45.2   2.9  25.7   23.00   WSW
30   3.1   6.2   23.00   1.7   10.00  15.2   0.0   9.9   4.0  32.2   23.30     E
-------------------------------------------------------------------------------------
     8.5  17.7     5    -1.9    27   295.3   0.0 206.2   3.6  49.9     4     WSW

Max >=  32.0:  0
Max <=   0.0:  0
Min <=   0.0:  4
Min <= -18.0:  0
Max Rain: 50.04 ON 04/11/08
Days of Rain: 17 (> .2 mm) 10 (> 2 mm) 5 (> 20 mm)
Heat Base:  18.3  Cool Base:  18.3  Method: Integration