NOAA-Style Climate Reports


Report for 2008 Dicembre
                   MONTHLY CLIMATOLOGICAL SUMMARY for DEC. 2008

NAME: Lodi   CITY: Lodi   STATE: Italy 
ELEV:    78 m  LAT:  45° 17' 57" N  LONG:   9° 31' 14" E

                   TEMPERATURE (°C), RAIN  (mm), WIND SPEED (km/hr)

                                      HEAT  COOL        AVG
    MEAN                              DEG   DEG         WIND                 DOM
DAY TEMP  HIGH   TIME   LOW    TIME   DAYS  DAYS  RAIN  SPEED HIGH   TIME    DIR
------------------------------------------------------------------------------------
 1   4.1   5.9   16.30   1.3    7.30  14.2   0.0  29.2   5.8  38.6    8.00   WSW
 2   3.7   4.9   15.00   2.2    6.00  14.6   0.0   0.3   4.3  20.9    5.30     W
 3   2.2   3.9    0.30   0.4   21.30  16.1   0.0   0.0   3.5  20.9    4.30     W
 4   3.0   4.8   13.00   1.3    9.00  15.3   0.0   0.0   4.3  19.3   15.00     W
 5   3.1   4.1   17.00   1.7   00.00  15.2   0.0   1.0   3.7  19.3   18.00     W
 6   1.6   4.1   14.00  -0.1    8.00  16.7   0.0   0.3   3.1  17.7    2.30     W
 7   1.8   6.9   16.00  -2.2    8.30  16.5   0.0   0.0   2.7  16.1    3.00     W
 8   2.4   7.3   15.00  -1.0    8.00  15.9   0.0   0.0   2.1  11.3    0.30     W
 9   1.1   3.6   14.00  -1.8    7.00  17.2   0.0   0.5   1.9  14.5   15.30    SW
10   1.0   2.0    0.30   0.3    8.30  17.3   0.0  16.0   4.2  22.5   20.30     W
11   1.6   2.6   00.00   0.9    0.30  16.7   0.0  14.2   5.5  24.1   20.30   WSW
12   4.0   5.3   00.00   2.6    0.30  14.3   0.0   6.6   5.0  22.5    1.00     W
13   5.8   6.1    7.00   5.2    1.00  12.5   0.0   9.1   2.3  11.3   13.30   ESE
14   7.7   9.7   21.30   5.8    0.30  10.6   0.0   2.3   9.5  38.6   21.30   ESE
15   8.9   9.8    6.00   8.1   00.00   9.4   0.0  13.2   9.0  41.8    9.30     E
16   8.3   9.2   17.00   7.5   00.00  10.0   0.0  29.2   3.2  22.5   15.30     E
17   6.9   7.7    2.00   5.0   00.00  11.4   0.0   0.0   4.2  19.3   21.00     W
18   6.2  10.0   15.00   3.4    7.30  12.1   0.0   0.0   7.1  37.0    6.30     W
19   6.3  10.0   16.00   3.6    8.30  12.0   0.0   0.0   6.8  35.4   21.30     W
20   5.3   8.9   15.30   2.8    7.30  13.0   0.0   0.0   3.1  24.1    2.30    SW
21   4.5   9.4   15.30   0.4    8.00  13.8   0.0   0.0   3.2  25.7   12.30    SW
22   2.2   3.9    0.30  -1.3    7.00  16.2   0.0   0.5   4.8  20.9   14.30     W
23   1.3   3.1   14.30   0.2   00.00  17.0   0.0   0.0   2.6  19.3    1.00     W
24   0.3   1.3   14.30  -0.7    5.30  18.0   0.0   0.3   2.1  17.7    2.00     W
25   2.9   6.8   17.00   0.2    0.30  15.4   0.0   1.5   3.2  48.3   00.00     E
26   2.2   4.6   13.30  -0.4   00.00  16.1   0.0   0.3   9.2  67.6    3.00   ESE
27   0.5   3.5   15.00  -2.2    4.30  17.8   0.0   0.0   1.1  14.5   15.00   NNE
28  -0.4   2.0   15.00  -2.6    5.00  18.7   0.0   0.0   1.8  16.1   19.30   NNE
29   1.2   2.7   14.00   0.3   23.30  17.1   0.0   0.0   2.1  16.1   15.00     W
30   0.7   3.4   16.30  -2.3   00.00  17.6   0.0   0.3   0.5   8.0    0.30   SSW
31  -0.7   1.9   13.00  -3.3    5.30  18.7   0.0   0.0   0.6   9.7   15.00    NE
-------------------------------------------------------------------------------------
     3.2  10.0    18    -3.3    31   467.3   0.0 124.7   4.0  67.6    26       W

Max >=  32.0:  0
Max <=   0.0:  0
Min <=   0.0: 11
Min <= -18.0:  0
Max Rain: 29.21 ON 01/12/08
Days of Rain: 17 (> .2 mm) 8 (> 2 mm) 2 (> 20 mm)
Heat Base:  18.3  Cool Base:  18.3  Method: Integration