NOAA-Style Climate Reports


Report for 2009
                            ANNUAL CLIMATOLOGICAL SUMMARY

NAME: Lodi  CITY: Lodi   STATE: Italy  
ELEV:    78 m  LAT:  45° 17' 57" N  LONG:   9° 31' 14" E

               TEMPERATURE (°C), HEAT BASE 18.3, COOL BASE 18.3
                          DEP.  HEAT  COOL                                          
        MEAN  MEAN        FROM  DEG   DEG                        MAX  MAX  MIN  MIN 
 YR MO  MAX   MIN   MEAN  NORM  DAYS  DAYS  HI  DATE  LOW  DATE  >=32 <=0  <=0  <=-18 
------------------------------------------------------------------------------------
 09  1   2.7  -1.7   0.5   0.0   552     0   8.7  29  -9.8   13    0    6   22    0
 09  2   9.0   1.2   4.9   0.0   375     0  15.2  28  -2.8   19    0    0    8    0
 09  3  14.9   5.3  10.1   0.0   255     1  21.6  23   1.2   22    0    0    0    0
 09  4  18.9  10.7  14.5   0.0   125    10  24.5  13   8.7   25    0    0    0    0
 09  5  26.9  15.4  21.0   0.0    27   110  34.6  24   9.7    1    3    0    0    0
 09  6  28.4  17.8  22.9   0.0     6   143  32.1  14  14.0    1    2    0    0    0
 09  7  30.4  20.0  25.2   0.0     1   210  34.4  17  15.5   18    8    0    0    0
 09  8  31.1  20.8  25.9   0.0     0   236  35.4  20  16.2   31   10    0    0    0
 09  9  26.1  16.4  20.9   0.0    16    93  31.2   4  13.8   28    0    0    0    0
 09 10  18.3  10.3  14.0   0.0   148    20  25.9   1   3.3   20    0    0    0    0
 09 11  11.4   7.6   9.4   0.0   268     0  14.7   3   2.5   12    0    0    0    0
 09 12   4.5   0.1   2.3   0.0   495     0  10.8   9  -7.8   21    0    4   13    0
------------------------------------------------------------------------------------
        18.6  10.4  14.3   0.0  2268   823  35.4 AUG  -9.8  JAN   23   10   43    0

                                PRECIPITATION (mm)

               DEP.   MAX        DAYS OF RAIN 
               FROM   OBS.          OVER
 YR MO  TOTAL  NORM   DAY  DATE  .2   2   20
---------------------------------------------
 09  1  84.3    0.0  32.8    8   22   11    1
 09  2  80.3    0.0  20.8    2   10    5    1
 09  3  94.7    0.0  21.6    5    9    8    1
 09  4 110.0    0.0  34.3   28   16    8    2
 09  5  10.9    0.0  10.7   15    2    1    0
 09  6  42.9    0.0  22.4   26    9    5    1
 09  7  72.1    0.0  37.3    7    3    2    2
 09  8 124.0    0.0  57.9    9    5    5    2
 09  9 101.1    0.0  52.3   21    7    5    2
 09 10  92.7    0.0  38.1    9    7    3    2
 09 11 141.2    0.0  50.3    2   19    9    2
 09 12  58.2    0.0  21.3   23   16    6    1
---------------------------------------------
      1012.4   0.0  57.9  AUG  125   68   17

                                WIND SPEED (km/hr)
                          DOM
 YR MO   AVG.  HI   DATE  DIR
---------------------------------
 09  1   2.4  29.0    1     W
 09  2   3.9  45.1   11     W
 09  3   4.9  62.8   24     W
 09  4   4.5  51.5   23     E
 09  5   4.6  61.2   29     W
 09  6   5.1  53.1    6     W
 09  7   4.4  51.5    6     E
 09  8   3.6  41.8   27     E
 09  9   3.0  32.2    5     E
 09 10   2.5  61.2   12     W
 09 11   2.4  37.0    3     W
 09 12   2.8  41.8    8   WSW
---------------------------------
         3.7  62.8  MAR    W