NOAA-Style Climate Reports


Report for 2009 Gennaio
                   MONTHLY CLIMATOLOGICAL SUMMARY for JAN. 2009

NAME: Lodi   CITY: Lodi   STATE: Italy 
ELEV:    78 m  LAT:  45° 17' 57" N  LONG:   9° 31' 14" E

                   TEMPERATURE (°C), RAIN  (mm), WIND SPEED (km/hr)

                                      HEAT  COOL        AVG
    MEAN                              DEG   DEG         WIND                 DOM
DAY TEMP  HIGH   TIME   LOW    TIME   DAYS  DAYS  RAIN  SPEED HIGH   TIME    DIR
------------------------------------------------------------------------------------
 1   0.1   0.9   14.30  -0.3    8.30  18.2   0.0   1.8   3.4  29.0   12.00     W
 2  -0.4  -0.2   22.30  -0.7    2.00  18.8   0.0   0.5   3.5  19.3    3.30     W
 3   0.6   2.2   15.00  -1.7   00.00  17.8   0.0   1.0   1.0  11.3    3.30   ENE
 4  -3.1  -1.7    0.30  -4.7    5.30  21.4   0.0   0.0   3.1  19.3    7.00     W
 5  -3.1  -1.3   23.00  -4.8    3.00  21.4   0.0   0.0   1.1  11.3    0.30     W
 6  -0.8  -0.2   13.00  -1.7    1.00  19.1   0.0   0.0   0.2   8.0    4.30   NNE
 7  -0.4   0.6   00.00  -1.4    3.00  18.7   0.0   0.0   0.0   3.2   22.30    NW
 8   1.3   3.1   12.30   0.6    0.30  17.0   0.0  32.8   2.7  25.7   14.30     E
 9  -0.6   2.3   15.00  -4.7   00.00  18.8   0.0   8.1   1.0   9.7   23.00   ENE
10  -4.7  -1.7   23.30  -9.7    9.00  23.0   0.0   0.0   3.9  19.3   11.30     W
11  -3.6   0.6   16.30  -9.3    6.30  21.9   0.0   0.8   2.9  17.7   14.00     W
12  -2.2   2.3   16.00  -5.8    6.00  20.5   0.0   2.0   2.6  17.7    2.30     W
13  -4.1  -0.3   17.00  -9.8    7.00  22.4   0.0   0.3   2.6  14.5   23.00   WSW
14   1.3   3.3   16.00  -0.7    0.30  17.0   0.0   2.3   2.6  19.3   11.30     W
15   1.7   2.9   16.00   1.0    6.00  16.6   0.0   2.3   1.4  11.3   23.30     W
16   0.1   2.2   12.00  -2.2   00.00  18.2   0.0   0.0   4.2  19.3    7.00   WSW
17  -1.1   1.0   20.00  -3.3    5.00  19.4   0.0   0.3   1.3  11.3   12.30   WSW
18   1.3   2.2   12.30   0.7    6.00  17.0   0.0   4.8   1.8  17.7   00.00   WSW
19   1.6   2.2   12.00   0.9    0.30  16.7   0.0   9.7   2.3  16.1    0.30     E
20   1.4   2.4   23.00   0.6    7.30  16.9   0.0   4.6   3.7  16.1    8.30     W
21   3.4   5.7   14.30   1.8    9.00  14.9   0.0   0.0   4.0  20.9   15.30     W
22   1.8   6.8   15.30  -1.1    6.30  16.5   0.0   0.3   2.9  12.9    4.30     W
23   1.0   2.1   19.00  -0.1    7.30  17.3   0.0   3.0   3.1  22.5   21.00     W
24   1.3   3.2   23.30  -0.6    5.00  17.0   0.0   2.5   1.8  14.5   12.00     E
25   4.1   7.3   15.00   0.4    4.30  14.2   0.0   0.0   2.6  17.7    5.00     W
26   5.3   7.6   14.00   3.4    7.00  13.0   0.0   6.3   1.8  16.1   20.00     E
27   5.1   7.3   14.30   3.8   23.30  13.2   0.0   0.3   1.4  12.9   15.30   WSW
28   2.2   3.8    0.30  -0.6   23.00  16.1   0.0   0.0   3.2  19.3   12.30     W
29   2.6   8.7   16.00  -1.6    9.00  15.7   0.0   0.3   2.6  16.1   12.30    SW
30   1.3   2.7   15.30  -1.1    8.00  17.0   0.0   0.3   3.1  16.1   19.00     W
31   2.0   4.2   13.00  -0.6    6.30  16.0   0.0   0.3   3.1  19.3   19.00     E
-------------------------------------------------------------------------------------
     0.5   8.7    29    -9.8    13   551.6   0.0  84.3   2.4  29.0     1       W

Max >=  32.0:  0
Max <=   0.0:  6
Min <=   0.0: 22
Min <= -18.0:  0
Max Rain: 32.77 ON 08/01/09
Days of Rain: 22 (> .2 mm) 11 (> 2 mm) 1 (> 20 mm)
Heat Base:  18.3  Cool Base:  18.3  Method: Integration