NOAA-Style Climate Reports


Report for 2009 Febbraio
                   MONTHLY CLIMATOLOGICAL SUMMARY for FEB. 2009

NAME: Lodi   CITY: Lodi   STATE: Italy 
ELEV:    78 m  LAT:  45° 17' 57" N  LONG:   9° 31' 14" E

                   TEMPERATURE (°C), RAIN  (mm), WIND SPEED (km/hr)

                                      HEAT  COOL        AVG
    MEAN                              DEG   DEG         WIND                 DOM
DAY TEMP  HIGH   TIME   LOW    TIME   DAYS  DAYS  RAIN  SPEED HIGH   TIME    DIR
------------------------------------------------------------------------------------
 1   0.8   2.9    0.30   0.3   10.00  17.5   0.0   1.8   2.4  17.7    9.00   ESE
 2   0.8   1.8   15.30   0.3    3.00  17.5   0.0  20.8   2.1  19.3   23.00    NE
 3   2.0   3.3   13.00   0.6    0.30  16.3   0.0  15.5   5.6  19.3    1.00     W
 4   4.7   6.9   16.00   2.3    8.00  13.6   0.0   0.3   3.7  19.3    3.00     W
 5   6.8   9.3   13.30   3.9    7.30  11.5   0.0  13.2   2.1  14.5   17.30   ESE
 6   7.2   9.3   16.30   4.7   10.00  11.1   0.0  14.7   5.0  29.0   19.00   ESE
 7   7.2   8.8    0.30   5.4   00.00  11.1   0.0  10.9   5.1  22.5    2.00     W
 8   6.7  10.1   16.00   4.6    9.00  11.6   0.0   1.5   4.8  27.4   13.30     W
 9   6.4  11.8   16.00   2.2    8.00  11.9   0.0   0.0   2.7  14.5   17.00     W
10   5.4   7.2   15.30   4.5   23.30  12.9   0.0   1.3   4.3  27.4   00.00     W
11   7.6  11.4   14.00   4.4    2.00  10.7   0.0   0.0  13.7  45.1    5.30   NNW
12   4.7   9.7   14.00  -0.1    8.00  13.6   0.0   0.0   4.7  30.6   18.30    NW
13   4.4   8.9   14.30   1.2    7.30  13.9   0.0   0.0   3.1  24.1   15.30    NW
14   2.8   8.4   15.00  -2.4    7.30  15.5   0.0   0.0   3.9  16.1   10.00   WSW
15   2.7   7.5   15.00  -1.9    7.00  15.6   0.0   0.0   3.1  17.7   13.00    SW
16   3.9   9.4   16.00  -0.3    1.30  14.4   0.0   0.0   2.4  19.3   16.30    SW
17   6.1  12.7   15.00   0.0    7.30  12.2   0.0   0.0  11.3  43.5   16.30     W
18   4.1   8.0    3.30   1.0   00.00  14.2   0.0   0.0   7.7  43.5    9.00   ESE
19   2.1   6.8   15.30  -2.8    6.30  16.2   0.0   0.0   1.0  11.3   11.30     W
20   3.6   9.1   15.00  -2.3    5.30  14.7   0.0   0.0   2.3  17.7   14.30     W
21   6.3  12.1   16.00   1.7    7.30  12.0   0.0   0.0   1.9  14.5   13.30   SSW
22   5.5  10.2   14.30   0.8    8.30  12.8   0.0   0.0   2.1  17.7   14.30     E
23   3.8   7.8   14.30   0.3    8.00  14.5   0.0   0.0   1.9  16.1    9.30   ESE
24   2.4   6.6   17.00  -2.7    7.00  15.9   0.0   0.3   3.1  19.3   10.30     E
25   6.1  10.3   16.00   2.5    8.00  12.3   0.0   0.0   2.4  14.5   11.30    SW
26   6.3  12.2   16.30   0.6    8.00  11.9   0.0   0.0   3.1  22.5   14.30     W
27   7.4  14.5   16.30   1.1    7.00  10.9   0.0   0.0   1.9  14.5   14.30     E
28   9.1  15.2   16.00   2.8    6.30   9.0   0.0   0.0   1.9  17.7   16.30    NE
-------------------------------------------------------------------------------------
     4.9  15.2    28    -2.8    19   375.3   0.0  80.3   3.9  45.1    11       W

Max >=  32.0:  0
Max <=   0.0:  0
Min <=   0.0:  8
Min <= -18.0:  0
Max Rain: 20.83 ON 02/02/09
Days of Rain: 10 (> .2 mm) 5 (> 2 mm) 1 (> 20 mm)
Heat Base:  18.3  Cool Base:  18.3  Method: Integration