NOAA-Style Climate Reports


Report for 2009 Marzo
                   MONTHLY CLIMATOLOGICAL SUMMARY for MAR. 2009

NAME: Lodi   CITY: Lodi   STATE: Italy 
ELEV:    78 m  LAT:  45° 17' 57" N  LONG:   9° 31' 14" E

                   TEMPERATURE (°C), RAIN  (mm), WIND SPEED (km/hr)

                                      HEAT  COOL        AVG
    MEAN                              DEG   DEG         WIND                 DOM
DAY TEMP  HIGH   TIME   LOW    TIME   DAYS  DAYS  RAIN  SPEED HIGH   TIME    DIR
------------------------------------------------------------------------------------
 1   8.5  10.7   13.30   6.8    7.30   9.8   0.0   3.6   3.5  19.3   12.30     E
 2   8.4  11.5   15.30   7.0    6.00   9.8   0.0   1.0   1.1   9.7   14.30   SSW
 3   8.5  11.3   15.30   4.6    5.30   9.8   0.0   0.0   2.3  17.7   15.30     E
 4   7.8   9.0    0.30   7.2   00.00  10.5   0.0  16.0   7.2  33.8   16.30     E
 5   5.9   7.8    4.00   4.6   23.00  12.4   0.0  21.6   5.5  24.1   14.30     W
 6   6.7   9.2   16.30   4.6    0.30  11.6   0.0   3.3   2.6  14.5    2.00   WSW
 7   9.5  16.9   15.00   3.2    7.00   8.8   0.0   0.0   6.0  25.7   16.00   WSW
 8   9.3  15.8   16.30   3.1    7.00   8.9   0.0   0.0   3.7  20.9   13.00     W
 9   9.8  15.0   12.30   4.6    6.30   8.5   0.0   0.0   8.7  48.3   11.00    NW
10   8.2  13.6   14.00   3.3    7.00  10.1   0.0   0.0   2.9  19.3    1.30    NW
11   9.6  16.7   13.30   2.9    5.30   8.7   0.0   0.0   9.7  48.3   13.30   NNW
12   9.4  15.8   17.00   1.9    7.00   8.9   0.0   0.0   5.0  22.5   15.30     W
13  11.8  19.4   15.30   4.8    7.00   6.6   0.1   0.0   6.1  33.8   14.30     W
14  10.3  14.4   14.00   6.6    7.00   8.0   0.0   0.0   2.3  12.9   11.30   SSW
15  11.1  17.4   16.30   5.1    7.00   7.2   0.0   0.0   3.1  19.3   13.30    NE
16  12.3  17.7   15.00   6.7    7.00   6.0   0.0   0.0   1.6  20.9    0.30   SSE
17  12.4  17.9   16.00   6.7    4.30   5.9   0.0   0.0   1.4  12.9   14.00    NE
18  13.4  20.4   16.30   6.0    6.30   5.2   0.2   0.0   3.5  20.9   19.30   WSW
19  12.4  18.3   15.30   6.5    6.30   5.9   0.0   0.0   4.7  41.8   19.30   SSW
20   7.2  10.8   16.00   2.7    9.30  11.1   0.0   0.0   6.6  38.6    8.00   ESE
21   7.1  11.8   17.00   1.3    6.30  11.3   0.0   0.0   1.8  17.7   13.30   NNE
22   8.7  15.0   16.00   1.2    6.30   9.6   0.0   0.0   3.2  20.9   22.00     W
23  12.8  21.6   15.30   4.3    7.00   6.0   0.5   0.0   8.9  37.0   12.30     W
24  11.7  15.8   10.30   8.3   23.30   6.6   0.0   0.0  13.7  62.8   16.00   NNW
25  10.5  15.8   14.00   3.7    5.30   7.8   0.0   0.0   8.5  25.7    8.00     W
26  12.1  18.8   15.30   3.7    6.30   6.2   0.0   0.0   4.5  30.6   12.00   WSW
27  12.1  16.9   15.00   6.3    7.00   6.2   0.0   0.0   4.0  19.3    8.00     E
28  11.8  14.7   14.00   9.7    7.00   6.4   0.0   3.8   9.3  35.4   14.30     E
29   9.6  10.2    0.30   8.8    9.00   8.4   0.0  11.7   4.8  24.1    0.30     E
30  11.7  15.6   18.00   8.6    5.00   6.6   0.0  18.8   2.3  17.7   00.00     W
31  12.1  15.0   12.00   9.9   23.30   6.1   0.0  15.0   4.8  22.5   18.30   ESE
-------------------------------------------------------------------------------------
    10.1  21.6    23     1.2    22   254.7   0.8  94.7   4.9  62.8    24       W

Max >=  32.0:  0
Max <=   0.0:  0
Min <=   0.0:  0
Min <= -18.0:  0
Max Rain: 21.59 ON 05/03/09
Days of Rain: 9 (> .2 mm) 8 (> 2 mm) 1 (> 20 mm)
Heat Base:  18.3  Cool Base:  18.3  Method: Integration