NOAA-Style Climate Reports


Report for 2009 Aprile
                   MONTHLY CLIMATOLOGICAL SUMMARY for APR. 2009

NAME: Lodi   CITY: Lodi   STATE: Italy 
ELEV:    78 m  LAT:  45° 17' 57" N  LONG:   9° 31' 14" E

                   TEMPERATURE (°C), RAIN  (mm), WIND SPEED (km/hr)

                                      HEAT  COOL        AVG
    MEAN                              DEG   DEG         WIND                 DOM
DAY TEMP  HIGH   TIME   LOW    TIME   DAYS  DAYS  RAIN  SPEED HIGH   TIME    DIR
------------------------------------------------------------------------------------
 1  11.2  14.4   17.30   9.4    2.00   7.1   0.0   2.5   4.3  25.7    5.30     E
 2  11.8  12.6   14.00  11.1    1.00   6.5   0.0   1.8   5.8  41.8    7.30     E
 3  13.9  18.6   16.00  10.3    6.30   4.4   0.0   1.0   4.0  16.1    9.00     W
 4  13.4  17.4   17.00   9.3    8.00   4.9   0.0   0.5   3.5  16.1    6.00     W
 5  15.2  20.8   15.30  12.0    7.00   3.3   0.1   3.3   2.3  17.7   15.30   WNW
 6  16.1  22.5   16.00  10.2    7.00   3.2   0.9   0.0   2.9  16.1   14.00     W
 7  16.5  22.1   16.00  11.4    8.00   2.6   0.8   0.0   4.5  20.9   22.30     W
 8  15.9  20.9   17.30  11.2    7.30   2.7   0.3   0.0   4.0  19.3   11.00     W
 9  16.2  21.9   15.30  10.4    7.00   2.9   0.8   0.0   2.3  17.7   14.30   ESE
10  14.5  18.2   17.30  10.5    9.30   3.8   0.0   0.0   3.7  24.1   15.30   ESE
11  15.2  18.7   14.30  12.2    6.00   3.2   0.0   0.0   2.9  22.5   12.30   ESE
12  16.0  20.6   16.30  12.3    8.00   2.6   0.3   0.0   3.1  20.9   16.00     E
13  17.1  24.5   16.30   9.7    7.30   2.8   1.5   0.0   5.3  27.4   13.00     W
14  17.9  24.2   17.00  12.4    6.30   1.9   1.4   0.3   3.4  29.0    1.30    SW
15  17.7  24.3   15.30  11.5    7.30   2.1   1.5   0.0   2.3  29.0   17.30   NNE
16  13.6  15.8    1.00  11.4   00.00   4.7   0.0   7.6   5.8  35.4   15.00     E
17  13.4  18.2   16.30   9.4    7.00   4.9   0.0   0.0   3.4  25.7   11.30   NNE
18  13.6  19.1   15.00   9.6    6.00   4.8   0.0   0.5   2.9  29.0   16.30   NNE
19  12.3  14.3   13.30  10.9    5.30   6.0   0.0   7.6   2.6  14.5   12.00   NNE
20  13.0  15.4   16.00  11.6    7.00   5.3   0.0   5.3   3.1  25.7   16.00    NE
21  15.2  19.9   15.30  11.3    6.30   3.4   0.2   0.0   2.9  12.9    8.00    NW
22  18.3  23.7   17.00  12.8    6.30   1.6   1.6   0.0   4.7  19.3   16.00   SSW
23  15.2  21.2   14.30  10.3   00.00   3.6   0.4   1.0   8.2  51.5   16.00   ESE
24  13.2  17.1   17.00  10.1    5.30   5.1   0.0   0.3   6.6  32.2   13.30   ESE
25  14.5  19.8   16.00   8.7    7.00   3.9   0.1   0.0   2.3  12.9    9.00     W
26  12.4  15.0    0.30  11.6   21.30   5.9   0.0  12.7   8.7  48.3   18.30     E
27  12.9  14.6   15.30  10.8    5.00   5.4   0.0  30.7  15.4  51.5   19.00     E
28  12.2  13.8   15.00  10.6   11.00   6.1   0.0  34.3   6.1  32.2   13.00   ESE
29  11.8  16.6   15.30   8.9    7.00   6.5   0.0   0.5   4.7  41.8   16.00     W
30  14.7  19.9   17.30   9.9    6.30   3.8   0.3   0.0   3.7  22.5   15.00    SW
-------------------------------------------------------------------------------------
    14.5  24.5    13     8.7    25   124.9  10.4 110.0   4.5  51.5    23       E

Max >=  32.0:  0
Max <=   0.0:  0
Min <=   0.0:  0
Min <= -18.0:  0
Max Rain: 34.29 ON 28/04/09
Days of Rain: 16 (> .2 mm) 8 (> 2 mm) 2 (> 20 mm)
Heat Base:  18.3  Cool Base:  18.3  Method: Integration