NOAA-Style Climate Reports


Report for 2009 Maggio
                   MONTHLY CLIMATOLOGICAL SUMMARY for MAY. 2009

NAME: Lodi   CITY: Lodi   STATE: Italy 
ELEV:    78 m  LAT:  45° 17' 57" N  LONG:   9° 31' 14" E

                   TEMPERATURE (°C), RAIN  (mm), WIND SPEED (km/hr)

                                      HEAT  COOL        AVG
    MEAN                              DEG   DEG         WIND                 DOM
DAY TEMP  HIGH   TIME   LOW    TIME   DAYS  DAYS  RAIN  SPEED HIGH   TIME    DIR
------------------------------------------------------------------------------------
 1  16.8  23.8   17.00   9.7    6.30   3.0   1.4   0.0   5.3  20.9   14.30   WSW
 2  19.1  25.9   19.00  11.5    6.30   1.8   2.6   0.0   6.3  40.2   00.00    SW
 3  18.2  24.1   16.00  12.2    6.30   1.8   1.7   0.0   4.7  32.2    0.30   ESE
 4  17.4  24.1   16.00  12.8    7.30   1.9   1.0   0.0   4.2  29.0   16.30   ESE
 5  16.3  20.4   17.30  12.3    6.30   2.4   0.3   0.0   3.5  19.3   12.30     E
 6  17.7  23.6   15.00  11.9    6.00   2.0   1.4   0.0   3.1  20.9   13.30     W
 7  18.9  26.3   16.30  11.2    6.30   1.9   2.5   0.0   3.1  22.5   19.30    NE
 8  19.3  24.3   16.30  14.4    6.30   0.9   1.9   0.0   5.1  25.7   20.30     W
 9  19.9  25.0   16.30  14.8    6.00   0.9   2.5   0.0   4.0  17.7   22.30   WNW
10  20.1  25.1   17.00  14.4    6.30   0.7   2.5   0.0   3.7  19.3   16.30     W
11  20.8  26.5   15.30  14.7    6.30   0.7   3.3   0.0   6.1  20.9   14.30     W
12  21.3  26.4   17.00  15.6    7.00   0.4   3.4   0.0   5.0  22.5   14.30     W
13  21.9  26.8   17.00  17.7    6.00   0.0   3.6   0.0   3.9  17.7   11.00   WNW
14  20.7  25.8   17.00  15.7    6.30   0.4   2.8   0.3   3.1  17.7   12.00     W
15  16.6  20.4   13.00  15.0   16.30   1.9   0.2  10.7   3.2  35.4   16.00     N
16  18.8  23.4   17.30  15.0    6.30   1.0   1.6   0.0   1.8  11.3   13.30   SSW
17  21.6  26.8   17.30  16.9    5.00   0.3   3.6   0.0   1.8  14.5   13.00   NNE
18  23.1  28.4   18.30  17.5    6.30   0.0   4.9   0.0   4.8  27.4   23.30    SW
19  22.9  28.9   17.00  16.4    6.30   0.2   4.8   0.0   6.6  24.1    1.00     W
20  24.1  31.0   16.30  17.2    6.30   0.1   5.9   0.0   3.1  16.1   14.00    SW
21  24.3  30.8   16.30  17.7    6.30   0.0   6.1   0.0   3.9  20.9   18.00     W
22  24.3  30.0   16.00  18.8    6.30   0.0   6.0   0.0   7.1  33.8   14.00     W
23  25.2  31.3   17.30  18.9    7.00   0.0   6.9   0.0   5.0  27.4   14.30     W
24  27.0  34.6   17.30  19.5    7.00   0.0   8.7   0.0   4.0  19.3   23.30     W
25  27.9  34.4   16.30  21.9    6.30   0.0   9.6   0.0   6.1  24.1    0.30   WSW
26  26.3  34.0   16.00  20.8   00.00   0.0   8.0   0.0   5.5  41.8   19.30     W
27  22.4  31.1   15.30  17.3    6.30   0.1   4.2   0.0   8.2  40.2   16.30   WSW
28  21.4  26.8   17.30  15.7    5.00   0.4   3.6   0.0   3.2  17.7   15.00   ESE
29  21.3  29.7   18.00  15.0   23.30   0.5   3.5   0.0   6.0  61.2   19.30   NNE
30  17.8  23.2   14.30  12.3    6.00   1.8   1.3   0.0   5.5  24.1    0.30     W
31  17.7  21.7   15.30  14.1    5.30   1.3   0.7   0.0   7.4  38.6   19.30   ESE
-------------------------------------------------------------------------------------
    21.0  34.6    24     9.7     1    26.6 110.5  10.9   4.6  61.2    29       W

Max >=  32.0:  3
Max <=   0.0:  0
Min <=   0.0:  0
Min <= -18.0:  0
Max Rain: 10.67 ON 15/05/09
Days of Rain: 2 (> .2 mm) 1 (> 2 mm) 0 (> 20 mm)
Heat Base:  18.3  Cool Base:  18.3  Method: Integration