NOAA-Style Climate Reports


Report for 2009 Giugno
                   MONTHLY CLIMATOLOGICAL SUMMARY for JUN. 2009

NAME: Lodi   CITY: Lodi   STATE: Italy 
ELEV:    78 m  LAT:  45° 17' 57" N  LONG:   9° 31' 14" E

                   TEMPERATURE (°C), RAIN  (mm), WIND SPEED (km/hr)

                                      HEAT  COOL        AVG
    MEAN                              DEG   DEG         WIND                 DOM
DAY TEMP  HIGH   TIME   LOW    TIME   DAYS  DAYS  RAIN  SPEED HIGH   TIME    DIR
------------------------------------------------------------------------------------
 1  19.1  24.1   14.30  14.0    5.30   1.1   1.9   0.0   3.4  19.3    1.30   NNE
 2  22.3  28.3   17.00  16.2    6.00   0.2   4.3   0.0   4.8  22.5   13.00     W
 3  23.7  30.4   15.30  15.6    6.30   0.3   5.6   0.0   7.1  33.8   16.30     W
 4  23.0  28.8   16.00  17.6    6.00   0.0   4.8   0.0   6.4  24.1   17.30     W
 5  20.3  25.2   15.30  17.5    6.30   0.1   2.1   1.0   4.7  20.9   17.00     E
 6  22.2  28.4   14.00  17.6    3.00   0.1   4.0   0.0  14.3  53.1   16.00    SW
 7  22.0  27.7   17.00  16.6    6.00   0.2   3.9   0.0   5.0  25.7   17.30     W
 8  21.2  25.1   17.30  17.2    7.00   0.1   2.9   2.3   4.8  19.3    7.00     E
 9  20.3  26.2   17.00  16.8    5.00   0.3   2.3   0.0   4.3  25.7   11.30     E
10  21.3  26.6   18.00  16.3    5.30   0.4   3.4   0.0   4.7  25.7   13.30     W
11  22.9  29.3   18.00  17.2    6.30   0.1   4.6   0.0   6.1  27.4   22.30     W
12  23.6  29.5   17.30  17.3    7.00   0.1   5.3   0.0   4.7  24.1   10.30     W
13  24.8  30.4   18.00  17.8    6.30   0.0   6.5   0.0   4.0  22.5    9.00   ESE
14  26.1  32.1   16.30  19.6    5.30   0.0   7.8   0.0   3.2  20.9   15.30     E
15  26.1  30.8   17.00  21.6    6.30   0.0   7.8   0.0   4.2  17.7    5.30     E
16  26.2  32.1   17.00  21.2    7.00   0.0   7.9   0.0   7.9  25.7   11.30     W
17  23.4  26.3   16.30  21.3   00.00   0.0   5.1   0.0   6.0  33.8    9.30   ESE
18  24.6  30.2   17.30  17.9    6.30   0.0   6.3   0.0   2.4  17.7   16.30     E
19  25.7  31.9   17.30  21.3    5.30   0.0   7.4   0.0   4.3  32.2   21.00     E
20  21.2  25.1   14.30  17.9    7.00   0.0   2.9   4.8   8.2  40.2   15.00   ESE
21  19.4  24.9   16.00  14.6    4.30   1.0   2.1   6.1   4.0  22.5   17.30    SW
22  19.9  26.6   15.00  14.0    6.00   0.9   2.5   0.0   4.8  48.3   16.00    SW
23  20.8  28.2   17.30  15.5    6.30   0.8   3.3   0.0   7.4  40.2   20.00    SW
24  21.8  28.5   17.00  14.9    7.00   0.7   4.2   0.0   4.5  19.3    9.00    SW
25  23.7  29.8   17.00  18.3    6.30   0.0   5.3   4.3   4.8  29.0   23.00   WSW
26  21.9  27.8   17.30  17.8    3.30   0.0   3.7  22.4   3.2  38.6    3.00   ESE
27  22.7  27.5   16.30  19.7    4.30   0.0   4.4   0.8   3.7  19.3   18.30    SW
28  24.5  29.8   17.00  19.2    6.30   0.0   6.2   0.3   2.6  16.1   15.00    NE
29  25.3  30.2   16.30  19.8    6.00   0.0   7.0   1.0   4.5  29.0    2.30   ESE
30  25.6  30.8   17.00  20.8    7.00   0.0   7.1   0.0   3.5  19.3   16.30   ESE
-------------------------------------------------------------------------------------
    22.9  32.1    14    14.0     1     6.3 142.7  42.9   5.1  53.1     6       W

Max >=  32.0:  2
Max <=   0.0:  0
Min <=   0.0:  0
Min <= -18.0:  0
Max Rain: 22.35 ON 26/06/09
Days of Rain: 9 (> .2 mm) 5 (> 2 mm) 1 (> 20 mm)
Heat Base:  18.3  Cool Base:  18.3  Method: Integration