NOAA-Style Climate Reports


Report for 2009 Agosto
                   MONTHLY CLIMATOLOGICAL SUMMARY for AUG. 2009

NAME: Lodi   CITY: Lodi   STATE: Italy 
ELEV:    78 m  LAT:  45° 17' 57" N  LONG:   9° 31' 14" E

                   TEMPERATURE (°C), RAIN  (mm), WIND SPEED (km/hr)

                                      HEAT  COOL        AVG
    MEAN                              DEG   DEG         WIND                 DOM
DAY TEMP  HIGH   TIME   LOW    TIME   DAYS  DAYS  RAIN  SPEED HIGH   TIME    DIR
------------------------------------------------------------------------------------
 1  27.3  32.1   16.00  22.8    6.00   0.0   9.0   0.0   2.9  19.3    0.30    NE
 2  26.4  30.0   14.00  21.9    7.00   0.0   8.1   0.0   5.0  29.0   14.00     W
 3  21.8  25.6   12.30  19.0   00.00   0.0   3.5   3.6   4.5  32.2   13.00   WSW
 4  22.9  29.4   18.00  17.1    6.30   0.2   4.8   0.0   3.5  17.7    8.30     W
 5  25.5  31.4   16.30  18.9    7.00   0.0   7.2   0.0   2.6  14.5   14.00    NE
 6  26.3  31.6   15.00  20.7    5.30   0.0   8.0   0.0   2.9  17.7   15.00     E
 7  26.8  31.8   16.30  21.6    7.30   0.0   8.6   0.0   3.9  17.7    3.00     E
 8  24.6  26.8   16.00  21.8    7.00   0.0   6.3   0.0   5.5  20.9   13.30   WSW
 9  24.9  29.8   17.00  19.8    7.30   0.0   6.7  57.9   3.4  20.9   18.00   ESE
10  23.7  29.2   17.00  18.9    6.30   0.0   5.4  14.2   5.0  38.6    1.00     W
11  25.2  30.9   17.30  19.4    7.00   0.0   6.9   0.0   3.5  16.1   11.00   WNW
12  26.3  31.8   16.30  20.9    6.00   0.0   8.0   0.0   2.6  20.9    9.30     E
13  26.8  32.6   17.00  21.5    6.30   0.0   8.5   0.0   2.9  20.9   00.00     E
14  25.7  30.6   16.30  21.0    5.00   0.0   7.4   0.0   4.8  30.6   12.30     E
15  26.5  31.9   17.00  21.9    6.30   0.0   8.2   0.0   3.7  20.9   11.00     E
16  27.7  32.9   17.00  22.6    6.00   0.0   9.4   0.0   2.3  17.7    2.30     E
17  28.3  33.7   17.30  22.3    6.30   0.0  10.0   0.0   2.4  16.1   13.30    NE
18  28.8  35.1   16.00  22.9    7.00   0.0  10.5   0.0   2.1  12.9   14.30   NNW
19  29.0  34.9   16.30  23.3    7.00   0.0  10.7   0.0   1.9  17.7   12.00    NE
20  28.9  35.4   17.00  23.4    5.30   0.0  10.7   0.0   1.8  16.1   15.30   ENE
21  28.0  33.6   15.00  22.4    6.30   0.0   9.7   0.0   2.1  12.9    4.00   ENE
22  27.0  32.4   17.00  21.4    7.30   0.0   8.7   0.0   2.6  24.1   00.00    SW
23  26.1  30.4   15.30  22.3    7.30   0.0   7.7   0.0   6.3  30.6   11.30     E
24  25.3  30.3   16.30  20.5    6.30   0.0   7.0   0.0   4.5  22.5    8.30     E
25  25.5  30.6   16.00  20.2    6.00   0.0   7.2   0.0   3.9  19.3    9.30     E
26  25.6  31.0   15.30  20.3   00.00   0.0   7.3  39.6   3.2  30.6   23.00     E
27  25.1  31.1   17.00  19.6    6.00   0.0   6.8   8.6   2.9  41.8    0.30    NW
28  26.7  32.7   17.00  21.4    7.00   0.0   8.4   0.0   2.1  16.1   14.30     W
29  26.4  31.7   16.00  21.8    7.00   0.0   8.2   0.0   5.1  35.4   23.30     W
30  21.3  24.5   16.30  17.8    7.30   0.0   3.0   0.0   8.4  41.8    5.30   ESE
31  22.4  28.2   16.30  16.2    7.00   0.3   4.3   0.0   1.9  20.9   15.00   ESE
-------------------------------------------------------------------------------------
    25.9  35.4    20    16.2    31     0.5 235.9 124.0   3.6  41.8    27       E

Max >=  32.0: 10
Max <=   0.0:  0
Min <=   0.0:  0
Min <= -18.0:  0
Max Rain: 57.91 ON 09/08/09
Days of Rain: 5 (> .2 mm) 5 (> 2 mm) 2 (> 20 mm)
Heat Base:  18.3  Cool Base:  18.3  Method: Integration