NOAA-Style Climate Reports


Report for 2009 Settembre
                   MONTHLY CLIMATOLOGICAL SUMMARY for SEP. 2009

NAME: Lodi   CITY: Lodi   STATE: Italy 
ELEV:    78 m  LAT:  45° 17' 57" N  LONG:   9° 31' 14" E

                   TEMPERATURE (°C), RAIN  (mm), WIND SPEED (km/hr)

                                      HEAT  COOL        AVG
    MEAN                              DEG   DEG         WIND                 DOM
DAY TEMP  HIGH   TIME   LOW    TIME   DAYS  DAYS  RAIN  SPEED HIGH   TIME    DIR
------------------------------------------------------------------------------------
 1  24.2  30.6   15.30  18.1    6.30   0.0   5.9   0.0   2.1  17.7   16.30   ENE
 2  24.6  30.1   16.00  19.9    8.00   0.0   6.3   5.3   3.4  20.9   13.00    SW
 3  24.8  29.6   15.00  21.2    4.00   0.0   6.4   0.0   2.3  16.1   18.30    NW
 4  25.4  31.2   17.30  20.5    7.00   0.0   7.1   0.0   4.0  25.7   23.30    NE
 5  23.2  27.8   16.00  18.8    8.00   0.0   4.9   0.0   5.8  32.2    4.30   ESE
 6  20.4  25.2   15.30  14.7    7.30   0.6   2.6   0.0   3.7  29.0   11.00   ESE
 7  20.1  25.7   16.30  14.2    6.30   0.9   2.7   0.0   2.4  19.3   11.00   ESE
 8  20.5  25.7   16.00  15.1    6.30   0.7   2.9   0.0   2.7  20.9   12.00   ESE
 9  21.1  25.6   16.30  17.9    2.30   0.0   2.8   0.0   1.8  14.5   16.30     E
10  21.6  27.6   15.30  15.0    7.30   0.6   3.9   0.0   1.8  14.5   14.00   ESE
11  23.1  29.1   17.30  18.1    7.30   0.0   4.8   0.0   2.9  20.9   20.00    NE
12  21.5  27.8   16.00  17.6    6.00   0.1   3.3   0.0   3.9  20.9   16.30    NE
13  21.5  28.3   17.00  15.0    6.30   0.6   3.8   0.0   3.1  17.7   23.00     W
14  16.5  20.7    0.30  14.6    9.00   1.9   0.1  15.5   6.9  32.2    6.30   ESE
15  16.3  19.2   16.30  14.6    5.30   2.0   0.1   6.3   4.3  29.0    4.00     E
16  17.3  18.6   19.00  16.2    4.00   1.0   0.0  21.1   4.8  29.0   10.00     E
17  20.1  24.4   16.30  17.5    8.00   0.3   2.0   0.0   2.6  19.3   12.30     E
18  20.1  25.6   14.30  15.8    7.00   0.5   2.3   0.0   2.3  32.2   18.00   WSW
19  20.2  25.8   16.30  16.7    7.30   0.4   2.4   0.3   1.9  25.7   19.30   WSW
20  19.2  25.9   15.30  15.0    7.00   0.8   1.8   0.3   4.7  24.1   17.00   WSW
21  18.9  24.1   16.30  16.1    7.30   0.7   1.4  52.3   4.0  20.9    3.30     W
22  20.6  26.7   16.30  15.9    7.30   0.6   2.9   0.0   1.4  14.5   14.30   WSW
23  20.9  27.3   16.30  15.4    8.00   0.5   3.1   0.0   1.4  12.9   13.30    SE
24  21.1  26.6   16.00  15.9    8.00   0.4   3.3   0.0   1.0  12.9   15.30    SE
25  21.5  26.8   16.30  16.2    7.30   0.3   3.5   0.0   2.4  22.5   13.30    SW
26  20.9  23.9   15.30  18.1    7.30   0.0   2.6   0.0   3.9  19.3   11.00    NE
27  20.3  24.7   16.00  16.3    8.00   0.2   2.3   0.0   1.6  19.3   11.00     E
28  19.6  25.7   16.30  13.8    7.30   1.0   2.4   0.0   1.8  12.9   12.30   SSW
29  20.3  27.1   16.30  14.3    7.30   0.9   2.9   0.0   3.9  20.9   14.00     W
30  20.8  26.3   15.30  15.3    7.00   0.5   3.0   0.0   1.6  17.7   15.30    SW
-------------------------------------------------------------------------------------
    20.9  31.2     4    13.8    28    15.6  93.1 101.1   3.0  32.2     5       E

Max >=  32.0:  0
Max <=   0.0:  0
Min <=   0.0:  0
Min <= -18.0:  0
Max Rain: 52.32 ON 21/09/09
Days of Rain: 7 (> .2 mm) 5 (> 2 mm) 2 (> 20 mm)
Heat Base:  18.3  Cool Base:  18.3  Method: Integration