NOAA-Style Climate Reports


Report for 2009 Ottobre
                   MONTHLY CLIMATOLOGICAL SUMMARY for OCT. 2009

NAME: Lodi   CITY: Lodi   STATE: Italy 
ELEV:    78 m  LAT:  45° 17' 57" N  LONG:   9° 31' 14" E

                   TEMPERATURE (°C), RAIN  (mm), WIND SPEED (km/hr)

                                      HEAT  COOL        AVG
    MEAN                              DEG   DEG         WIND                 DOM
DAY TEMP  HIGH   TIME   LOW    TIME   DAYS  DAYS  RAIN  SPEED HIGH   TIME    DIR
------------------------------------------------------------------------------------
 1  21.1  25.9   16.00  16.7    7.30   0.3   3.0   0.0   4.0  24.1   14.00     W
 2  19.4  24.1   16.30  15.2    8.00   0.7   1.8   0.0   2.6  17.7   16.30     E
 3  18.4  23.1   16.00  13.9    7.30   1.2   1.3   0.0   3.1  24.1   12.30     E
 4  17.9  23.3   16.30  12.7    7.00   1.8   1.4   0.0   1.0  11.3   12.30   WNW
 5  18.8  22.6   15.30  15.7    7.00   0.7   1.2   0.0   0.5  11.3   15.30     N
 6  19.2  20.9   16.30  17.6    1.30   0.1   1.0   0.0   1.3   9.7   10.30   WNW
 7  20.8  25.3   16.00  17.6    8.00   0.1   2.6   0.0   3.2  19.3   14.00   WNW
 8  21.7  25.6   15.00  18.3    8.00   0.0   3.4   0.0   2.1  16.1   12.30     W
 9  19.4  21.8   17.00  17.3   00.00   0.1   1.2  38.1   2.6  22.5   22.30     E
10  18.6  22.2   16.00  16.4    6.30   0.7   0.9   0.0   2.9  16.1    1.30    SW
11  17.3  22.1   15.30  13.3    9.30   1.8   0.8   0.0   1.9  14.5   15.30     E
12  17.0  20.8   13.30  14.6    9.00   1.8   0.5   0.0  12.1  61.2   14.00   NNW
13  16.2  20.9   15.00  12.6    8.00   2.5   0.4   0.0   8.7  40.2    3.00    NW
14  11.8  15.4   15.30   5.6    8.30   6.4   0.0   0.0   4.2  29.0   12.00     E
15   9.4  13.7   16.00   5.2    8.00   8.8   0.0   0.0   1.6  17.7   11.30     E
16   9.1  14.3   15.30   3.8    8.30   9.2   0.0   0.0   1.1  12.9   12.30   ENE
17   9.1  14.6   15.30   3.3    8.00   9.2   0.0   0.0   1.4  12.9   17.30     N
18   9.6  15.0   15.00   4.4    7.00   8.7   0.0   0.0   1.0  16.1   13.30    SW
19   9.2  14.0   16.30   5.2    7.00   9.1   0.0   0.0   1.6  16.1   16.00   ESE
20   7.7  11.2   17.00   3.3    7.30  10.6   0.0   0.0   0.5   9.7   13.30   SSW
21   8.7  10.8   14.00   7.3   20.30   9.6   0.0  35.1   2.3  19.3   16.30   WSW
22   8.7  11.3   16.30   7.2    9.00   9.6   0.0  18.3   4.8  17.7   16.00     W
23  10.6  12.7   17.30   8.4    3.30   7.7   0.0   0.0   2.3  17.7   14.00   WSW
24  11.3  18.7   16.00   6.3    7.00   7.0   0.0   0.3   1.0   9.7   13.30     W
25  13.5  19.7   15.30   9.3    7.30   5.1   0.1   0.0   1.1   9.7    9.30    SW
26  13.1  19.2   15.30   8.0    7.30   5.3   0.1   0.0   1.4  12.9    9.30   WSW
27  12.4  18.1   16.00   7.6    7.30   5.9   0.0   0.0   0.5   9.7   13.30   WSW
28  11.5  16.6   15.00   7.9    8.30   6.8   0.0   0.5   1.8  11.3   11.30   WSW
29  11.4  15.5   15.00   8.1    8.00   6.9   0.0   0.3   1.3   9.7   13.30     W
30  11.3  16.3   14.30   6.2    8.00   7.0   0.0   0.3   1.6  17.7   12.00   NNE
31  10.9  12.5   11.00   9.2    4.30   3.6   0.0   0.0   2.3  14.5   11.00     E
-------------------------------------------------------------------------------------
    14.0  25.9     1     3.3    20   148.4  19.6  92.7   2.5  61.2    12       W

Max >=  32.0:  0
Max <=   0.0:  0
Min <=   0.0:  0
Min <= -18.0:  0
Max Rain: 38.10 ON 09/10/09
Days of Rain: 7 (> .2 mm) 3 (> 2 mm) 2 (> 20 mm)
Heat Base:  18.3  Cool Base:  18.3  Method: Integration