NOAA-Style Climate Reports


Report for 2009 Novembre
                   MONTHLY CLIMATOLOGICAL SUMMARY for NOV. 2009

NAME: Lodi   CITY: Lodi   STATE: Italy 
ELEV:    78 m  LAT:  45° 17' 57" N  LONG:   9° 31' 14" E

                   TEMPERATURE (°C), RAIN  (mm), WIND SPEED (km/hr)

                                      HEAT  COOL        AVG
    MEAN                              DEG   DEG         WIND                 DOM
DAY TEMP  HIGH   TIME   LOW    TIME   DAYS  DAYS  RAIN  SPEED HIGH   TIME    DIR
------------------------------------------------------------------------------------
 1  10.2  14.0   14.30   5.6    5.30   8.1   0.0   0.3   0.3   9.7   12.30    SE
 2   9.3  11.2    0.30   8.5   22.00   9.0   0.0  50.3   4.5  29.0   15.00   ESE
 3   9.1  14.7   15.00   5.7    8.00   9.2   0.0   0.3   4.7  37.0    2.00   WSW
 4   8.3  10.1   16.00   6.6    0.30  10.0   0.0   0.3   2.1  14.5   14.00    SW
 5   8.2  11.1   15.30   4.5    7.00  10.1   0.0   6.6   1.4  12.9   21.30     E
 6   8.6  10.6   15.00   6.7   00.00   9.8   0.0  15.2   2.1  19.3    1.00   NNE
 7   7.6  10.1   12.30   3.0    8.00  10.7   0.0   8.4   2.9  22.5   20.00     E
 8   8.5   9.2    0.30   7.8   22.00   9.8   0.0  34.5   3.7  22.5    6.30   NNE
 9   9.0  10.7   14.30   8.0    0.30   9.3   0.0   6.3   1.1  14.5    5.00   ENE
10   8.9  13.4   15.00   5.4    8.30   9.4   0.0   0.3   2.7  14.5    9.30   WSW
11   7.6  12.8   15.00   3.3    7.00  10.7   0.0   0.0   2.9  14.5    5.00     W
12   7.3  12.0   14.30   2.5    7.30  11.0   0.0   0.0   1.9  12.9    1.00    SW
13   8.7  10.1   15.30   7.4    5.00   9.6   0.0   0.0   0.8  12.9   21.00    SW
14   9.2  10.6   14.30   8.1    2.30   9.1   0.0   2.5   1.8  11.3   15.00   WNW
15   9.9  10.7   15.00   9.2    1.00   8.3   0.0   0.5   2.3  12.9    1.00   WSW
16  10.7  11.7   14.00   9.9    7.30   7.6   0.0   1.5   2.4  12.9   12.30   WSW
17  12.2  14.1   13.30  10.7    5.30   6.1   0.0   0.0   0.3   6.4   12.00   WSW
18  12.1  13.1   12.00  10.8   00.00   6.2   0.0   0.0   1.3  12.9   14.00   ESE
19  11.7  12.9   16.30  10.3    3.00   6.7   0.0   0.0   0.5   8.0    1.30     E
20  12.0  13.5   14.00  10.3   21.00   6.3   0.0   0.0   0.3   9.7   15.00   NNW
21  10.1  11.1   13.00   9.6    9.00   8.2   0.0   0.0   1.9  14.5   13.30     W
22   9.6  10.0    0.30   9.2    7.30   8.7   0.0   1.0   1.6  12.9   16.00     W
23   8.9  10.2   12.00   8.2   21.30   9.3   0.0   0.3   4.0  20.9   11.30     W
24   8.4   9.1   14.00   8.0    9.00   9.8   0.0   0.0   3.9  24.1    9.00     W
25   8.3   9.3   15.00   7.6    4.00  10.0   0.0   0.0   1.6  12.9   23.00     E
26   8.3   8.9   22.00   7.6    8.30   9.9   0.0   8.6   1.4  14.5    8.30   ESE
27   9.3  10.7   15.30   8.5    8.00   9.0   0.0   0.5   1.4  14.5   14.00     W
28   9.4  11.9   15.00   7.9   23.00   8.8   0.0   0.0   2.1  12.9   10.00     W
29   8.8  10.2   16.30   7.6    1.30   9.5   0.0   2.0   7.2  35.4   20.30     E
30  10.8  13.1   13.00   8.8   19.30   7.4   0.0   1.8   6.4  25.7    3.30     E
-------------------------------------------------------------------------------------
     9.4  14.7     3     2.5    12   267.7   0.0 141.2   2.4  37.0     3       W

Max >=  32.0:  0
Max <=   0.0:  0
Min <=   0.0:  0
Min <= -18.0:  0
Max Rain: 50.29 ON 02/11/09
Days of Rain: 19 (> .2 mm) 9 (> 2 mm) 2 (> 20 mm)
Heat Base:  18.3  Cool Base:  18.3  Method: Integration