NOAA-Style Climate Reports


Report for 2010
                            ANNUAL CLIMATOLOGICAL SUMMARY

NAME: Lodi  CITY: Lodi   STATE: Italy  
ELEV:    78 m  LAT:  45° 17' 57" N  LONG:   9° 31' 14" E

               TEMPERATURE (°C), HEAT BASE 18.3, COOL BASE 18.3
                          DEP.  HEAT  COOL                                          
        MEAN  MEAN        FROM  DEG   DEG                        MAX  MAX  MIN  MIN 
 YR MO  MAX   MIN   MEAN  NORM  DAYS  DAYS  HI  DATE  LOW  DATE  >=32 <=0  <=0  <=-18 
------------------------------------------------------------------------------------
 10  1   3.3  -0.5   1.2   0.0   531     0   9.6   2  -4.1   31    0    4   18    0
 10  2   6.9   1.5   4.0   0.0   400     0  14.1  27  -4.5    1    0    0    8    0
 10  3  12.7   4.8   8.6   0.0   301     0  20.7  28  -1.8    6    0    0    5    0
 10  4  19.4   9.3  14.1   0.0   145    18  25.9  29   2.4    2    0    0    0    0
 10  5  22.2  13.6  17.6   0.0    67    45  29.8  24   9.4    6    0    0    0    0
 10  6  27.5  18.1  22.7   0.0    11   143  32.3  30  12.8   20    1    0    0    0
 10  7  31.5  21.1  26.4   0.0     1   252  34.5  16  15.7   30   16    0    0    0
 10  8  28.4  18.5  23.1   0.0     7   157  32.7  28  11.8   31    1    0    0    0
 10  9  23.7  14.4  21.3   0.0    42   128  27.6   4   9.8   26    0    0    0    0
 10 10  16.1   9.2  14.8   0.0   176    78  23.3   6   2.2   28    0    0    0    0
 10 11  10.9   6.3   8.4   0.0   296     0  16.9   3  -1.7   27    0    0    2    0
 10 12   3.8  -0.7   1.2   0.0   527     0  13.5   9  -6.1   16    0    5   19    0
------------------------------------------------------------------------------------
        17.2   9.7  13.7   0.0  2505   822  34.5 JUL  -6.1  DEC   18    9   52    0

                                PRECIPITATION (mm)

               DEP.   MAX        DAYS OF RAIN 
               FROM   OBS.          OVER
 YR MO  TOTAL  NORM   DAY  DATE  .2   2   20
---------------------------------------------
 10  1  40.1    0.0  14.5    8   10    6    0
 10  2 129.3    0.0  38.4   19   17    8    2
 10  3  72.9    0.0  16.5   30   12    8    0
 10  4  62.5    0.0  22.6    4   10    6    1
 10  5 109.5    0.0  41.4    4   14   10    2
 10  6  89.2    0.0  38.4   16    8    5    1
 10  7   5.3    0.0   2.5   29    4    1    0
 10  8 156.0    0.0  83.1    5    8    7    2
 10  9  23.6    0.0  19.0   18    3    2    0
 10 10 128.8    0.0  33.8   31   11    7    2
 10 11 233.2    0.0  56.1   21   25   12    3
 10 12 133.4    0.0  31.2   23   20   12    1
---------------------------------------------
      1183.6   0.0  83.1  AUG  142   84   14

                                WIND SPEED (km/hr)
                          DOM
 YR MO   AVG.  HI   DATE  DIR
---------------------------------
 10  1   2.7  51.5    2   WSW
 10  2   3.3  43.5   19   WSW
 10  3   3.8  49.9    7     E
 10  4   3.9  41.8   11     E
 10  5   4.2  69.2    5     W
 10  6   3.9  45.1   17     W
 10  7   3.8  40.2   23     E
 10  8   3.4  46.7   30     W
 10  9   2.1 117.5   29   ESE
 10 10   1.5  35.4    4   ESE
 10 11   1.6  38.6    1     W
 10 12   1.8  51.5    9   WSW
---------------------------------
         3.0 117.5  SEP    W