NOAA-Style Climate Reports


Report for 2010 Gennaio
                   MONTHLY CLIMATOLOGICAL SUMMARY for JAN. 2010

NAME: Lodi   CITY: Lodi   STATE: Italy 
ELEV:    78 m  LAT:  45° 17' 57" N  LONG:   9° 31' 14" E

                   TEMPERATURE (°C), RAIN  (mm), WIND SPEED (km/hr)

                                      HEAT  COOL        AVG
    MEAN                              DEG   DEG         WIND                 DOM
DAY TEMP  HIGH   TIME   LOW    TIME   DAYS  DAYS  RAIN  SPEED HIGH   TIME    DIR
------------------------------------------------------------------------------------
 1   4.0   5.3   15.30   3.1   00.00  14.3   0.0   0.3   3.4  16.1   11.30     W
 2   4.6   9.6   12.30   1.9    6.30  13.7   0.0   0.0  10.1  51.5   14.30    NW
 3   0.3   2.6    1.00  -2.6    8.30  18.0   0.0   0.0   1.6  16.1    1.00    NE
 4  -0.3   0.6   14.30  -1.1    1.00  18.6   0.0   0.0   2.3  16.1    8.30   WSW
 5   0.2   1.3   14.30  -0.8    5.00  18.2   0.0   0.0   3.1  14.5   20.00   WSW
 6   2.3   5.3   14.00   0.4    0.30  16.0   0.0   0.0   1.8  16.1   15.00    SW
 7   2.6   5.7   15.00  -0.4    8.30  15.7   0.0   1.5   1.3  12.9   10.00   SSW
 8   1.5   3.7    2.00   0.4    6.30  16.8   0.0  14.5   4.0  20.9   15.30     W
 9   2.9   4.8   00.00   1.6    0.30  15.4   0.0   6.9   4.8  22.5   13.00   ESE
10   4.3   8.2   13.30   1.3   22.00  14.0   0.0   3.6   3.9  19.3   14.00   WSW
11   0.9   3.9   15.30  -1.8    9.00  17.4   0.0   0.0   3.4  17.7    1.00   WSW
12   2.0   3.8   14.00   0.6    8.00  16.3   0.0   0.0   2.1  14.5   13.00     W
13   2.1   3.6   15.30   1.3    4.00  16.2   0.0   4.1   3.2  12.9   19.00   WSW
14   2.6   3.7   16.00   2.0    7.30  15.7   0.0   0.0   2.4  12.9   12.00     W
15   4.1   8.3   14.30   1.7   00.00  14.2   0.0   0.0   2.1  12.9    1.30     W
16   1.3   3.6   15.30  -1.3    3.30  17.0   0.0   0.0   0.5   8.0    3.30   SSE
17   2.7   4.4   15.00   1.3    7.00  15.6   0.0   0.0   3.2  14.5   22.30   WSW
18  -0.2   1.3    0.30  -2.0   00.00  18.5   0.0   0.0   2.3  14.5   16.00     W
19  -2.0  -1.1   15.00  -2.8    8.30  20.3   0.0   0.0   2.1  14.5    2.30   SSW
20  -1.5  -0.4   16.30  -2.4    3.00  19.8   0.0   0.3   0.5   8.0   16.30   SSW
21  -1.3  -0.8    0.30  -1.8    6.00  19.6   0.0   0.0   1.3   9.7    8.30   WSW
22  -1.0  -0.2   14.30  -2.0    3.00  19.3   0.0   0.0   1.8  12.9   21.30   WSW
23  -0.3   1.2   14.30  -1.6   00.00  18.6   0.0   0.0   5.6  20.9    7.00   WSW
24  -0.1   1.3   21.30  -1.8    2.30  18.4   0.0   0.0   0.8   9.7   22.00   WSW
25   0.9   1.5   13.30   0.4    9.30  17.4   0.0   0.0   1.6  12.9    1.00     E
26   1.2   2.7   16.00   0.2    6.00  17.1   0.0   0.0   1.8  14.5   17.30    SW
27   1.2   4.4   15.30  -1.6    8.00  17.1   0.0   0.3   1.3  16.1   12.30     E
28   0.6   4.3   15.00  -1.9    8.00  17.7   0.0   0.0   3.9  19.3   12.30     E
29  -0.1   2.8   13.00  -2.2    5.30  18.3   0.0   0.0   1.0  11.3    0.30     E
30   0.7   3.1   15.00  -0.8   23.30  17.6   0.0   5.6   2.9  20.9   14.00     W
31   0.2   4.0   16.00  -4.1    4.30  17.8   0.0   3.3   3.1  33.8    5.30    SW
-------------------------------------------------------------------------------------
     1.2   9.6     2    -4.1    31   530.6   0.0  40.1   2.7  51.5     2     WSW

Max >=  32.0:  0
Max <=   0.0:  4
Min <=   0.0: 18
Min <= -18.0:  0
Max Rain: 14.48 ON 08/01/10
Days of Rain: 10 (> .2 mm) 6 (> 2 mm) 0 (> 20 mm)
Heat Base:  18.3  Cool Base:  18.3  Method: Integration