NOAA-Style Climate Reports


Report for 2010 Febbraio
                   MONTHLY CLIMATOLOGICAL SUMMARY for FEB. 2010

NAME: Lodi   CITY: Lodi   STATE: Italy 
ELEV:    78 m  LAT:  45° 17' 57" N  LONG:   9° 31' 14" E

                   TEMPERATURE (°C), RAIN  (mm), WIND SPEED (km/hr)

                                      HEAT  COOL        AVG
    MEAN                              DEG   DEG         WIND                 DOM
DAY TEMP  HIGH   TIME   LOW    TIME   DAYS  DAYS  RAIN  SPEED HIGH   TIME    DIR
------------------------------------------------------------------------------------
 1  -0.4   4.1   15.30  -4.5    8.00  18.8   0.0   0.3   3.4  20.9   23.00   WSW
 2   1.9   7.5   16.00  -2.8    6.00  16.4   0.0   0.0   5.0  22.5    7.30     W
 3   2.7   7.3   15.30  -0.4    8.00  15.6   0.0   0.0   4.3  22.5   13.00   WSW
 4   2.9   4.7   16.00   1.5    2.00  15.4   0.0   0.0   1.3  11.3    7.30     W
 5   0.7   2.0    0.30   0.3    5.00  17.6   0.0  13.0   1.9  20.9   00.00   WSW
 6   2.1   5.4   17.00   0.6    0.30  16.2   0.0  25.7   3.2  25.7    2.00   WSW
 7  -0.5   1.8    2.30  -2.1   23.30  18.8   0.0   1.5   1.6  11.3    7.00   WSW
 8  -0.8   0.3   16.30  -2.2    2.00  19.1   0.0   0.5   1.3  14.5   20.30    SW
 9   1.1   2.6   16.30  -0.4    6.00  17.3   0.0   0.0   1.3  11.3   12.00     E
10   2.3   3.8   15.00   0.4    6.00  16.0   0.0   0.0   3.2  19.3   13.30   WSW
11   2.3   3.8   16.30   1.0   22.30  16.0   0.0   3.0   4.8  24.1   15.00     E
12   3.1   7.6   15.00   0.8    7.30  15.2   0.0   0.0   3.2  19.3   11.00   WSW
13   3.2   8.8   15.30  -0.8    8.30  15.1   0.0   0.3   1.6   9.7   12.00   WSW
14   2.8   6.7   16.00   0.9    7.00  15.5   0.0   0.0   2.7  17.7   23.30     W
15   1.7   3.6   16.00   0.1    7.00  16.6   0.0   0.0   1.4  11.3    2.30   WNW
16   3.9   5.1   14.00   2.8    0.30  14.4   0.0   0.3   1.8   9.7    8.00   NNE
17   3.6   4.7   16.00   2.6    8.00  14.7   0.0   6.9   4.2  14.5    8.00   WSW
18   5.6   9.6   16.00   2.1    7.00  12.7   0.0   7.4   6.1  25.7   11.00     W
19   6.7   8.3   11.00   5.1   18.30  11.6   0.0  38.4   6.6  43.5   10.00     E
20   6.9  12.5   16.00   4.0   00.00  11.3   0.0   0.0   3.5  22.5    8.00   WSW
21   5.4   9.8   15.00  -0.5    8.00  12.9   0.0   0.5   4.7  30.6   23.00   ESE
22   5.2   6.1   17.00   4.2    7.30  13.1   0.0   1.8   2.6  22.5    5.30   ESE
23   5.9   8.4   14.30   4.2   10.30  12.4   0.0  10.4   3.9  17.7   10.00     W
24   7.0  11.4   16.00   2.5    8.00  11.3   0.0   0.0   2.3  12.9   11.00     W
25   8.6  13.1   14.00   3.8    8.00   9.8   0.0   1.5   2.1  16.1   23.30    SW
26   9.2  12.4   16.30   6.7   00.00   9.1   0.0  17.3   7.9  25.7    3.30     W
27   9.4  14.1   15.30   4.3    7.30   8.9   0.0   0.0   3.2  19.3    0.30   WSW
28   8.2   9.2    2.00   7.0   20.30   8.6   0.0   0.8   3.2  22.5   17.30   NNE
-------------------------------------------------------------------------------------
     4.0  14.1    27    -4.5     1   400.2   0.0 129.3   3.3  43.5    19     WSW

Max >=  32.0:  0
Max <=   0.0:  0
Min <=   0.0:  8
Min <= -18.0:  0
Max Rain: 38.35 ON 19/02/10
Days of Rain: 17 (> .2 mm) 8 (> 2 mm) 2 (> 20 mm)
Heat Base:  18.3  Cool Base:  18.3  Method: Integration