NOAA-Style Climate Reports


Report for 2010 Aprile
                   MONTHLY CLIMATOLOGICAL SUMMARY for APR. 2010

NAME: Lodi   CITY: Lodi   STATE: Italy 
ELEV:    78 m  LAT:  45° 17' 57" N  LONG:   9° 31' 14" E

                   TEMPERATURE (°C), RAIN  (mm), WIND SPEED (km/hr)

                                      HEAT  COOL        AVG
    MEAN                              DEG   DEG         WIND                 DOM
DAY TEMP  HIGH   TIME   LOW    TIME   DAYS  DAYS  RAIN  SPEED HIGH   TIME    DIR
------------------------------------------------------------------------------------
 1   8.9  12.0   16.30   5.7   00.00   9.4   0.0   3.3   7.6  37.0   17.30     E
 2   8.8  14.9   17.30   2.4    7.00   9.5   0.0   0.0   1.4  17.7   11.30     W
 3   8.5  11.0   12.00   6.0    4.00   9.8   0.0   1.0   3.9  22.5   12.00     E
 4   9.5  12.5   13.30   7.8   20.30   8.8   0.0  22.6   7.7  32.2   11.30   ESE
 5  12.6  19.3   16.30   5.9    7.30   5.9   0.1   1.3   6.4  29.0    4.30    NW
 6  12.6  19.3   17.30   5.7    6.00   5.7   0.0   0.0   1.6  12.9   14.30    SW
 7  13.3  18.5   16.30   7.6    6.30   5.0   0.0   0.0   2.7  17.7    2.00   ENE
 8  14.5  20.1   16.30   9.4    7.30   4.0   0.2   0.0   2.6  16.1   12.00     E
 9  15.2  21.8   16.30   8.7    7.00   3.8   0.7   0.0   2.1  16.1   12.30    NE
10  16.6  23.7   17.00   9.1    7.00   2.9   1.2   0.0   5.5  30.6   16.00     W
11  10.8  16.1    0.30   7.3   00.00   7.5   0.0   0.0  10.6  41.8    1.00   ESE
12  10.0  15.0   16.00   4.8    6.30   8.3   0.0   0.3   3.4  24.1   22.00   NNE
13  10.9  16.1   17.30   6.8    7.30   7.4   0.0   0.0   3.1  20.9    0.30     E
14  12.3  18.7   16.30   6.0    7.30   6.0   0.0   0.0   4.2  27.4   15.00     W
15  13.3  18.8   16.00   8.8    7.00   5.0   0.0   0.0   4.0  32.2   17.00    NE
16  12.7  18.8   16.00   7.9    7.00   5.6   0.0   0.0   3.5  30.6   17.00    NE
17  11.7  16.3   13.30   9.6    6.00   6.6   0.0   5.1   2.9  25.7   14.30   NNE
18  11.7  15.0   18.30   9.2    7.30   6.7   0.0   7.4   2.1  20.9   12.00   ESE
19  14.3  21.3   18.00   7.4    6.00   4.5   0.5   0.0   3.7  20.9   11.30    SE
20  16.6  23.5   17.30  10.2    5.30   3.0   1.2   0.0   5.8  22.5   12.00     W
21  16.9  23.7   15.00  11.2    6.30   2.6   1.3   0.0   7.9  27.4   17.00     W
22  16.3  21.4   17.30  10.7    6.30   2.6   0.6   0.0   2.1  17.7   10.30    NW
23  14.7  17.3   14.30  13.1    9.30   3.6   0.0   3.8   4.2  24.1   13.30     E
24  15.3  18.9   17.00  12.8    2.30   3.0   0.0   1.0   2.1  19.3   17.30     E
25  18.4  24.2   16.00  12.3    6.30   1.7   1.9   0.0   1.9  17.7   12.30    SE
26  19.7  25.8   15.30  14.7    7.00   0.8   2.2   0.0   3.1  33.8   20.00    NE
27  17.1  21.3   16.30  13.8    5.00   1.9   0.6  16.8   4.5  25.7    2.30    NE
28  18.6  24.6   16.00  12.6    7.00   1.8   2.1   0.0   2.6  16.1    1.00     W
29  20.2  25.9   17.30  14.2    7.00   1.0   2.9   0.0   1.8  16.1   14.00    NE
30  20.4  24.8   16.00  16.2    6.00   0.3   2.4   0.0   3.1  22.5   17.00    NE
-------------------------------------------------------------------------------------
    14.1  25.9    29     2.4     2   145.0  18.1  62.5   3.9  41.8    11       E

Max >=  32.0:  0
Max <=   0.0:  0
Min <=   0.0:  0
Min <= -18.0:  0
Max Rain: 22.61 ON 04/04/10
Days of Rain: 10 (> .2 mm) 6 (> 2 mm) 1 (> 20 mm)
Heat Base:  18.3  Cool Base:  18.3  Method: Integration