NOAA-Style Climate Reports


Report for 2010 Maggio
                   MONTHLY CLIMATOLOGICAL SUMMARY for MAY. 2010

NAME: Lodi   CITY: Lodi   STATE: Italy 
ELEV:    78 m  LAT:  45° 17' 57" N  LONG:   9° 31' 14" E

                   TEMPERATURE (°C), RAIN  (mm), WIND SPEED (km/hr)

                                      HEAT  COOL        AVG
    MEAN                              DEG   DEG         WIND                 DOM
DAY TEMP  HIGH   TIME   LOW    TIME   DAYS  DAYS  RAIN  SPEED HIGH   TIME    DIR
------------------------------------------------------------------------------------
 1  18.7  22.1   13.30  14.6    7.00   0.9   1.3   0.0   2.4  14.5    1.00    NW
 2  17.1  19.7   14.00  15.0   00.00   1.4   0.1   1.0   7.2  38.6   20.00   ESE
 3  16.4  21.2   16.30  13.1    7.00   2.4   0.5   1.5   4.0  30.6    1.00   ESE
 4  14.4  16.3   20.00  13.6    5.00   3.9   0.0  41.4   4.7  35.4   11.00     E
 5  14.1  17.2   12.30  11.9   00.00   4.2   0.0  20.3   6.6  69.2   12.30    NE
 6  12.3  16.4   14.30   9.4    5.30   6.0   0.0   8.9   2.4  27.4   15.30    SW
 7  12.7  15.9   13.30  10.3    7.00   5.6   0.0   7.4   2.6  24.1   19.30    NE
 8  13.9  18.3   18.00  11.2    5.00   4.4   0.0   0.3   3.4  22.5   16.00   NNE
 9  14.6  19.2   15.00  11.9    7.00   3.7   0.0   5.6   2.7  33.8   15.30     E
10  14.2  17.3   17.00  12.4    7.00   4.1   0.0   6.9   3.4  16.1    9.00     E
11  15.7  18.9   15.00  14.2    6.00   2.6   0.0   2.0   6.3  29.0   17.00   ESE
12  15.7  20.1   17.00  13.5   00.00   2.8   0.1   2.3   3.7  17.7    2.00   ESE
13  15.3  18.3   14.30  12.7    3.30   3.0   0.0   0.0   2.3  17.7   13.00   ENE
14  15.2  19.4   15.30  11.6   23.30   3.2   0.1   6.1   4.5  29.0   20.30    NE
15  13.9  17.7   18.30  10.6    4.30   4.3   0.0   0.3   5.1  22.5   11.30     W
16  17.5  23.9   16.00  11.9    6.30   2.2   1.4   0.0   3.9  25.7   18.00    SW
17  17.9  24.4   18.00  11.5    6.30   1.9   1.6   0.0   5.6  27.4   19.00   WSW
18  18.1  24.3   16.00  11.6    6.00   1.9   1.7   0.0   7.1  32.2   13.00    NW
19  16.6  20.3   17.00  13.3    6.30   1.9   0.2   0.0   3.5  22.5   18.00   SSW
20  18.4  23.7   16.30  12.9    5.30   1.6   1.6   0.0   2.4  17.7   16.00   ESE
21  20.3  26.6   17.00  12.8    6.00   1.3   3.2   0.0   2.1  17.7   15.30   SSW
22  21.6  27.8   17.00  14.7    5.00   0.7   4.0   0.0   1.9  16.1   14.00     W
23  22.9  28.4   17.30  17.0    6.00   0.1   4.7   0.0   3.1  19.3   15.00   SSW
24  23.4  29.8   17.30  16.6    7.00   0.2   5.3   0.0   4.2  22.5   16.00     W
25  22.5  29.3   16.30  17.4    6.00   0.1   4.3   0.0   5.6  30.6   18.30     W
26  21.6  27.3   16.00  16.4    6.30   0.3   3.5   0.0   3.7  24.1   16.00   WNW
27  18.7  21.6    9.30  15.0   12.30   0.5   0.9   5.6   3.2  37.0   12.00    SW
28  19.7  24.2   16.00  14.3    6.30   1.0   2.3   0.0   1.9  14.5   16.30   ENE
29  20.2  26.2   17.30  16.5    5.30   0.3   2.2   0.0   3.7  25.7   19.30     W
30  20.3  25.3   18.00  16.3    6.30   0.5   2.5   0.0   5.3  30.6   16.00     W
31  22.2  26.5   17.00  16.9    6.30   0.1   3.9   0.0  12.2  43.5   11.00     W
-------------------------------------------------------------------------------------
    17.6  29.8    24     9.4     6    66.9  45.5 109.5   4.2  69.2     5       W

Max >=  32.0:  0
Max <=   0.0:  0
Min <=   0.0:  0
Min <= -18.0:  0
Max Rain: 41.40 ON 04/05/10
Days of Rain: 14 (> .2 mm) 10 (> 2 mm) 2 (> 20 mm)
Heat Base:  18.3  Cool Base:  18.3  Method: Integration