NOAA-Style Climate Reports


Report for 2010 Giugno
                   MONTHLY CLIMATOLOGICAL SUMMARY for JUN. 2010

NAME: Lodi   CITY: Lodi   STATE: Italy 
ELEV:    78 m  LAT:  45° 17' 57" N  LONG:   9° 31' 14" E

                   TEMPERATURE (°C), RAIN  (mm), WIND SPEED (km/hr)

                                      HEAT  COOL        AVG
    MEAN                              DEG   DEG         WIND                 DOM
DAY TEMP  HIGH   TIME   LOW    TIME   DAYS  DAYS  RAIN  SPEED HIGH   TIME    DIR
------------------------------------------------------------------------------------
 1  21.0  26.3   15.30  14.6    6.00   0.6   3.4   0.0   6.9  33.8   16.30     W
 2  22.7  28.8   15.30  18.1    7.00   0.0   4.4   0.0   6.8  25.7   16.00     W
 3  21.2  25.8   15.00  16.6    6.30   0.3   3.1   0.0   5.6  29.0   12.00   ESE
 4  23.1  29.3   17.30  15.5    6.30   0.3   5.1   0.0   3.7  22.5   14.30    SW
 5  24.5  30.1   16.00  19.0    6.00   0.0   6.2   0.0   4.3  22.5    9.30   ESE
 6  25.0  30.4   15.00  19.0    6.30   0.0   6.7   0.0   3.5  17.7   16.00     E
 7  23.2  25.8   17.30  20.8    6.00   0.0   4.8   0.0   5.3  22.5   12.00     W
 8  23.6  27.8   17.00  20.3    6.30   0.0   5.2   0.0   3.4  19.3   20.00    NW
 9  24.7  30.1   17.00  18.6    6.00   0.0   6.4   0.0   2.3  19.3   16.00   WNW
10  25.1  30.3   16.00  20.5    6.30   0.0   6.8   7.6   4.2  24.1   15.00   ESE
11  25.2  30.3   17.00  20.5    6.00   0.0   6.9   0.0   1.6  12.9    9.30    NE
12  25.7  30.3   15.30  22.2    6.30   0.0   7.4   0.0   3.7  20.9   21.00     W
13  23.5  28.4   14.30  20.0   00.00   0.0   5.2   0.0   8.2  32.2   16.00     W
14  22.9  28.0   17.30  18.5    6.00   0.0   4.6   0.0   4.2  22.5   20.00     W
15  21.2  24.2   17.00  17.4    8.00   0.0   2.9   0.8   6.4  30.6   15.00   ESE
16  19.3  21.8   13.30  16.8    8.30   0.1   1.2  38.4   5.6  29.0    1.30     E
17  18.2  22.3   16.00  15.2    5.00   0.9   0.7  13.7   3.4  45.1   19.30     E
18  19.9  25.8   16.30  14.4    6.00   1.2   2.7   0.8   7.4  29.0   18.00     W
19  17.6  23.6   14.00  15.3   00.00   1.3   0.6   8.1   2.6  35.4   16.00    NE
20  14.1  15.3    0.30  12.8   10.00   4.3   0.0  18.8   3.2  17.7   22.30     N
21  18.9  25.2   17.30  13.3    3.30   1.8   2.4   1.0   4.3  19.3   13.30     W
22  20.7  25.2   17.30  15.2    6.00   0.5   2.8   0.0   1.4  17.7   15.30   ENE
23  22.3  27.2   17.00  17.8    6.30   0.0   4.0   0.0   1.9  17.7   12.30     E
24  23.2  28.7   17.00  17.3    6.30   0.1   5.0   0.0   1.9  17.7   15.00    SW
25  23.8  28.8   17.00  19.3    6.30   0.0   5.6   0.0   2.6  20.9    3.00     E
26  25.0  30.4   18.30  18.5    6.30   0.0   6.7   0.0   1.9  16.1    2.00     W
27  25.6  30.8   17.30  21.1    6.30   0.0   7.3   0.0   2.7  14.5   13.30   ESE
28  26.5  31.9   16.30  20.8    6.30   0.0   8.2   0.0   2.4  14.5    5.00   ESE
29  26.5  31.1   16.30  21.7    6.00   0.0   8.2   0.0   3.1  19.3   00.00     W
30  26.7  32.3   16.00  21.4    6.00   0.0   8.2   0.0   2.1  12.9    0.30     N
-------------------------------------------------------------------------------------
    22.7  32.3    30    12.8    20    11.3 142.9  89.2   3.9  45.1    17       W

Max >=  32.0:  1
Max <=   0.0:  0
Min <=   0.0:  0
Min <= -18.0:  0
Max Rain: 38.35 ON 16/06/10
Days of Rain: 8 (> .2 mm) 5 (> 2 mm) 1 (> 20 mm)
Heat Base:  18.3  Cool Base:  18.3  Method: Integration