NOAA-Style Climate Reports


Report for 2010 Luglio
                   MONTHLY CLIMATOLOGICAL SUMMARY for JUL. 2010

NAME: Lodi   CITY: Lodi   STATE: Italy 
ELEV:    78 m  LAT:  45° 17' 57" N  LONG:   9° 31' 14" E

                   TEMPERATURE (°C), RAIN  (mm), WIND SPEED (km/hr)

                                      HEAT  COOL        AVG
    MEAN                              DEG   DEG         WIND                 DOM
DAY TEMP  HIGH   TIME   LOW    TIME   DAYS  DAYS  RAIN  SPEED HIGH   TIME    DIR
------------------------------------------------------------------------------------
 1  27.8  33.4   16.00  21.7    6.00   0.0   9.5   0.0   2.3  19.3   16.00    NW
 2  28.2  33.3   17.30  22.8    7.00   0.0   9.9   0.0   2.1  17.7   18.00   WNW
 3  28.5  34.1   16.00  23.5    5.30   0.0  10.2   0.0   2.9  27.4   22.00   NNE
 4  27.8  33.8   16.00  21.1    6.30   0.0   9.5   0.0   3.4  17.7   17.30     W
 5  27.7  32.7   17.30  21.8    6.00   0.0   9.4   0.0   3.9  24.1    2.30     E
 6  26.6  31.4   17.00  21.4    9.00   0.0   8.2   1.8   4.2  33.8   22.00     E
 7  25.4  30.6   16.30  21.1    5.00   0.0   7.1   0.0   4.5  27.4   23.00     E
 8  25.6  29.8   16.30  21.4    5.00   0.0   7.3   0.0   4.7  20.9    9.30     E
 9  26.7  31.8   16.30  21.3    6.30   0.0   8.4   0.0   2.3  24.1   15.00   ESE
10  28.1  32.7   17.00  23.2    6.00   0.0   9.8   0.0   2.6  16.1   14.00   ESE
11  28.7  32.8   18.00  25.1    6.30   0.0  10.4   0.0   3.7  27.4   23.00     E
12  27.5  33.0   16.00  21.4    6.30   0.0   9.2   0.0   4.0  22.5    3.00     W
13  28.1  32.4   16.30  23.5    7.00   0.0   9.8   0.3   6.4  24.1    4.00     W
14  28.4  33.6   16.30  23.4    7.30   0.0  10.1   0.0   2.1  17.7   13.30    NW
15  29.0  33.4   17.00  24.2    6.30   0.0  10.7   0.0   4.7  20.9   13.30     W
16  29.2  34.5   17.30  23.6    7.00   0.0  10.9   0.0   2.4  16.1    0.30   NNW
17  28.9  34.3   17.30  24.7    8.00   0.0  10.6   0.0   4.8  24.1   23.30     W
18  26.5  31.4   15.30  21.2    6.30   0.0   8.2   0.0   4.2  27.4   16.30   ESE
19  26.3  30.7   17.00  21.2    6.00   0.0   8.0   0.0   3.1  19.3   13.00   ESE
20  26.7  31.0   18.00  21.8    6.30   0.0   8.4   0.0   3.2  17.7   16.00     E
21  27.8  33.3   17.00  22.2    7.00   0.0   9.5   0.0   3.2  17.7   12.30   SSW
22  28.3  33.6   17.00  22.3    6.30   0.0  10.0   0.0   3.1  19.3   23.30   WSW
23  26.4  32.7   16.30  20.8   00.00   0.0   8.1   0.0   4.8  40.2   20.00    SW
24  24.9  30.6   15.30  18.3    5.30   0.0   6.6   0.0   9.0  38.6   11.00   NNW
25  23.7  29.3   16.00  17.7    6.00   0.0   5.4   0.0   3.1  19.3   19.00    SW
26  23.1  27.7   16.00  17.8    6.30   0.0   4.8   0.0   4.0  24.1    2.00     E
27  23.1  28.2   16.00  18.4    8.00   0.0   4.8   0.8   3.9  22.5   15.00   ESE
28  24.2  30.6   17.00  17.8    6.00   0.0   5.9   0.0   3.7  22.5   21.30     W
29  22.1  24.3   10.30  18.3   13.00   0.0   3.8   2.5   4.7  29.0   13.00     E
30  21.1  27.1   17.30  15.7    6.00   0.5   3.3   0.0   3.7  24.1   21.30     E
31  22.7  28.6   16.30  16.4    7.00   0.2   4.5   0.0   2.6  17.7   13.30    NE
-------------------------------------------------------------------------------------
    26.4  34.5    16    15.7    30     0.8 252.2   5.3   3.8  40.2    23       E

Max >=  32.0: 16
Max <=   0.0:  0
Min <=   0.0:  0
Min <= -18.0:  0
Max Rain: 2.54 ON 29/07/10
Days of Rain: 4 (> .2 mm) 1 (> 2 mm) 0 (> 20 mm)
Heat Base:  18.3  Cool Base:  18.3  Method: Integration