NOAA-Style Climate Reports


Report for 2010 Agosto
                   MONTHLY CLIMATOLOGICAL SUMMARY for AUG. 2010

NAME: Lodi   CITY: Lodi   STATE: Italy 
ELEV:    78 m  LAT:  45° 17' 57" N  LONG:   9° 31' 14" E

                   TEMPERATURE (°C), RAIN  (mm), WIND SPEED (km/hr)

                                      HEAT  COOL        AVG
    MEAN                              DEG   DEG         WIND                 DOM
DAY TEMP  HIGH   TIME   LOW    TIME   DAYS  DAYS  RAIN  SPEED HIGH   TIME    DIR
------------------------------------------------------------------------------------
 1  24.7  30.8   16.30  18.5    6.30   0.0   6.4   0.0   2.3  14.5   16.00    NE
 2  25.4  30.8   17.30  20.3    6.30   0.0   7.2   0.0   2.9  25.7   21.30   WNW
 3  25.2  30.7   17.00  19.9    7.00   0.0   6.9   0.0   5.3  22.5   12.00     W
 4  23.8  28.1   18.00  19.1    5.00   0.0   5.5  13.5   4.8  35.4    5.00     E
 5  18.2  24.0    0.30  16.1   14.00   0.7   0.7  83.1   3.9  24.1    7.30     E
 6  21.1  28.3   18.00  15.5    7.00   0.8   3.6   0.0   2.4  17.7   15.00     W
 7  22.3  28.3   17.30  16.7    6.00   0.2   4.3   0.0   2.4  20.9    1.00     E
 8  23.6  29.0   17.00  17.3    6.00   0.0   5.3   0.0   1.8  14.5   12.30    NE
 9  24.2  29.1   18.00  19.1    7.00   0.0   5.9   0.0   1.9  14.5   13.30    SW
10  25.3  30.4   16.00  20.1    7.00   0.0   7.0   0.0   1.6  14.5   12.00   ESE
11  24.9  29.5   16.00  21.8    7.00   0.0   6.6   0.3   2.3  19.3   17.00   ENE
12  22.1  25.0   17.30  18.8    9.00   0.0   3.8   5.3   4.8  29.0    5.30   NNE
13  20.5  24.8   17.00  18.3    8.00   0.0   2.2   2.0   3.7  30.6    5.30     E
14  18.3  19.4   16.00  17.1    6.00   0.2   0.3  39.6   5.1  38.6   19.00     E
15  19.9  26.2   16.30  15.3   23.30   0.8   2.4   9.7   5.8  41.8   18.00     E
16  18.6  23.6   18.30  13.8    6.00   1.4   1.6   0.0   2.3  16.1   10.00     W
17  20.9  27.0   15.30  14.9    7.00   0.7   3.4   0.0   2.6  19.3   22.00     W
18  22.5  27.5   17.30  18.1    6.30   0.0   4.2   0.0   2.3  16.1   17.00    SW
19  23.6  28.7   15.00  18.5    7.00   0.0   5.3   0.0   3.5  20.9   19.30     W
20  24.1  28.4   17.00  21.3    7.00   0.0   5.8   0.0   1.4  12.9   11.00    NW
21  25.4  31.6   16.00  20.1    7.00   0.0   7.1   0.0   1.4  12.9   12.30     W
22  26.7  31.9   16.00  21.2    7.30   0.0   8.4   0.0   1.3  14.5   15.30   NNE
23  26.3  31.6   16.00  21.8    7.00   0.0   8.0   0.0   3.1  27.4   22.00    NE
24  25.1  30.6   15.00  20.9    7.00   0.0   6.8   0.0   4.7  25.7   19.00     W
25  25.5  30.7   16.00  20.9    6.30   0.0   7.2   0.0   2.6  16.1   13.30    SW
26  26.2  31.7   15.30  21.1    8.00   0.0   7.9   0.0   1.8  16.1   23.00   WNW
27  25.2  29.9   17.00  22.2    7.00   0.0   6.9   0.0   3.4  24.1   15.30    NW
28  25.9  32.7   16.00  20.4   00.00   0.0   7.7   0.0   8.5  35.4   15.30     W
29  21.7  25.8   17.00  18.0    6.30   0.0   3.4   2.5   4.3  22.5   11.00   ESE
30  20.4  26.1   13.30  14.7    7.00   0.7   2.7   0.0   7.7  46.7   16.00    NW
31  19.3  27.4   16.00  11.8    6.00   1.8   2.7   0.0   3.5  24.1   18.00    SW
-------------------------------------------------------------------------------------
    23.1  32.7    28    11.8    31     7.4 157.1 156.0   3.4  46.7    30       W

Max >=  32.0:  1
Max <=   0.0:  0
Min <=   0.0:  0
Min <= -18.0:  0
Max Rain: 83.06 ON 05/08/10
Days of Rain: 8 (> .2 mm) 7 (> 2 mm) 2 (> 20 mm)
Heat Base:  18.3  Cool Base:  18.3  Method: Integration