NOAA-Style Climate Reports


Report for 2010 Settembre
                   MONTHLY CLIMATOLOGICAL SUMMARY for SEP. 2010

NAME: Lodi   CITY: Lodi   STATE: Italy 
ELEV:    78 m  LAT:  45° 17' 57" N  LONG:   9° 31' 14" E

                   TEMPERATURE (°C), RAIN  (mm), WIND SPEED (km/hr)

                                      HEAT  COOL        AVG
    MEAN                              DEG   DEG         WIND                 DOM
DAY TEMP  HIGH   TIME   LOW    TIME   DAYS  DAYS  RAIN  SPEED HIGH   TIME    DIR
------------------------------------------------------------------------------------
 1  19.4  25.8   16.30  12.3    7.00   1.4   2.5   0.0   1.3  17.7   13.00     W
 2  19.9  25.5   17.30  14.1    5.30   1.0   2.6   0.0   1.8  17.7   15.00     E
 3  21.2  26.8   15.30  15.8    7.30   0.4   3.3   0.0   2.3  14.5   12.00    NE
 4  21.8  27.6   17.00  16.9    7.00   0.1   3.6   0.0   2.1  16.1   16.30     W
 5  21.7  26.3   16.00  18.4    7.30   0.0   3.4   0.0   4.8  22.5   12.30   ESE
 6  19.9  23.7   15.30  17.8    7.00   0.0   1.7   0.0   6.3  27.4   22.00   ESE
 7  17.7  19.7   15.30  15.3    7.30   0.8   0.2   0.0   6.6  25.7    8.00   ESE
 8  18.6  21.8   18.00  16.4   00.00   0.6   0.9   3.6   4.3  29.0   14.00   ESE
 9  18.1  24.2   16.00  14.3    7.00   1.4   1.3   0.0   1.9  22.5   18.00   NNE
10  19.8  26.2   16.30  14.3    6.30   1.1   2.6   0.0   2.4  17.7   12.30     N
11  20.2  26.7   16.00  14.1    7.30   1.1   3.0   0.0   1.6  14.5   15.30   ESE
12  20.3  26.5   16.00  14.0    7.00   0.8   2.9   0.0   1.4  16.1   12.00    NE
13  20.1  23.4   15.30  17.8    4.30   0.0   1.9   0.0   3.4  25.7   14.00   ESE
14  19.9  25.9   17.00  13.5    7.00   1.0   2.6   0.0   1.4  12.9   13.00   WSW
15  20.7  27.4   16.30  14.8    7.30   0.8   3.2   0.0   1.9  17.7   20.00   ENE
16  21.8  26.1   16.00  18.2    1.30   0.0   3.5   0.0   1.3  16.1   14.00     E
17  21.4  24.6   16.00  19.2    9.30   0.0   3.2   0.0   1.8  14.5   22.30    NE
18  18.2  20.4    0.30  14.6   22.00   0.9   0.8  19.0   5.0  30.6   16.00     E
19  17.7  22.4   16.30  14.3    3.00   1.6   1.0   1.0   1.4  19.3   16.30   ESE
20  18.4  23.5   16.00  13.4    7.30   1.4   1.5   0.0   1.8  16.1   11.00     E
21  18.6  23.9   14.30  13.9    6.30   1.4   1.6   0.0   1.1   9.7   13.30    NE
22  96.6  25.9   16.00  13.1    7.00   1.4  76.5   0.0   1.1  12.9   16.00     E
23  19.1  25.0   15.00  13.8    7.30   1.3   2.1   0.0   1.3  14.5   16.00   ENE
24  17.0  22.3   15.30  14.1    7.30   1.9   0.6   0.0   3.1  30.6   18.00     E
25  14.4  18.9   17.00  11.9    5.00   3.9   0.0   0.0   0.0   0.0     ---   ---
26  15.4  21.7   16.30   9.8    7.30   3.5   0.7   0.0   0.0   0.0     ---   ---
27  14.2  17.3   17.00  12.1    8.30   4.1   0.0   0.0   0.0   0.0     ---   ---
28  14.8  19.1   16.00  11.5    8.00   3.6   0.0   0.0   0.0   0.0     ---   ---
29  15.4  21.7   16.30  10.1    8.30   3.4   0.6   0.0   0.6 117.5   19.00   WSW
30  15.8  20.8   15.00  10.8    7.30   2.9   0.4   0.0   1.0  16.1    0.30   WNW
-------------------------------------------------------------------------------------
    21.3  27.6     4     9.8    26    42.0 128.0  23.6   2.1 117.5    29     ESE

Max >=  32.0:  0
Max <=   0.0:  0
Min <=   0.0:  0
Min <= -18.0:  0
Max Rain: 19.05 ON 18/09/10
Days of Rain: 3 (> .2 mm) 2 (> 2 mm) 0 (> 20 mm)
Heat Base:  18.3  Cool Base:  18.3  Method: Integration