NOAA-Style Climate Reports


Report for 2010 Ottobre
                   MONTHLY CLIMATOLOGICAL SUMMARY for OCT. 2010

NAME: Lodi   CITY: Lodi   STATE: Italy 
ELEV:    78 m  LAT:  45° 17' 57" N  LONG:   9° 31' 14" E

                   TEMPERATURE (°C), RAIN  (mm), WIND SPEED (km/hr)

                                      HEAT  COOL        AVG
    MEAN                              DEG   DEG         WIND                 DOM
DAY TEMP  HIGH   TIME   LOW    TIME   DAYS  DAYS  RAIN  SPEED HIGH   TIME    DIR
------------------------------------------------------------------------------------
 1  16.3  19.3   16.30  14.7    9.00   2.0   0.1   0.3   2.3  19.3   12.30     E
 2  16.3  20.1   15.30  13.6    5.30   2.3   0.2   0.0   1.3  12.9    3.30   ESE
 3  17.2  21.3   16.00  14.8    7.30   1.6   0.5   0.0   2.1  14.5   11.30     E
 4  16.7  17.5   15.30  16.2    6.30   1.6   0.0  29.7   7.2  35.4   22.30     E
 5  18.3  21.7   15.30  15.8   00.00   0.7   0.8   6.6   1.4  33.8    0.30    SW
 6  17.7  23.3   17.00  13.4    7.30   1.8   1.2   0.0   0.3  11.3   13.30     W
 7  17.2  21.2   16.30  13.9    8.00   1.5   0.5   0.0   0.8   9.7   12.30   ESE
 8  16.0  17.8   15.30  14.2    7.30   2.3   0.0   0.0   1.8  20.9   15.30     E
 9  14.2  17.1   16.30  12.3    8.30   4.1   0.0   0.0   1.4  16.1   11.00   ESE
10  13.4  17.7   16.00   9.3    7.00   4.9   0.0   0.0   1.4  14.5   11.30     E
11  13.4  17.7   16.30   9.3    8.00   4.9   0.0   0.0   2.4  25.7   12.00   NNE
12  13.0  18.8   15.30   7.8    6.30   5.3   0.0   0.0   1.1  14.5   14.30   NNE
13  12.6  15.7   16.00   9.0    5.30   5.7   0.0   0.0   0.3   9.7   14.30    NE
14  14.2  19.0   16.00   9.7    8.30   4.2   0.0   0.0   0.3  11.3   15.00   SSE
15  12.6  17.7   15.00   7.4    8.30   5.7   0.0   0.0   1.0  12.9   13.00   ESE
16  11.3  13.8   16.00   9.2    7.30   7.0   0.0  10.9   3.4  22.5   13.00   ESE
17   9.4  10.2   15.30   8.2    8.00   8.9   0.0  19.6   0.0   4.8    2.30   SSW
18  11.1  15.6   15.00   7.3    8.30   7.2   0.0   0.3   0.0   1.6    1.30    SW
19  10.6  16.9   16.30   4.7    8.30   7.8   0.0   0.0   0.0   1.6    0.30   WSW
20  11.3  18.6   17.00   5.4    7.00   7.0   0.0   0.0   0.0   1.6    4.00   WSW
21  10.0  16.3   16.00   4.3    7.30   8.3   0.0   0.0   0.0   1.6    2.00     W
22   6.7   8.0    0.30   5.8    7.00   4.8   0.0   0.0   0.0   0.0     ---   ---
23  11.2  12.2   16.30  10.2   00.00   2.9   0.0   0.0   1.8   6.4   14.30     W
24  10.3  11.3   12.30   9.3    5.30   8.0   0.0  19.0   1.3  11.3   20.30     W
25   9.1  10.6    6.30   8.3   13.00   9.2   0.0   8.1   0.0   1.6    1.00   NNW
26   8.7  11.9   15.30   6.1   00.00   9.6   0.0   0.0   0.0   6.4   23.30   WNW
27   7.7  13.0   17.00   4.1    4.30  10.6   0.0   0.3   0.8  14.5   13.00   NNE
28   6.8  13.8   17.30   2.2    8.00  11.4   0.0   0.0   1.0   8.0    5.00     W
29  83.6  15.3   16.30   3.4    8.00   9.1  74.3   0.3   1.9  14.5   12.00     W
30   9.4  13.6   15.00   5.5    7.30   8.9   0.0   0.0   3.2  30.6   23.00     E
31  11.8  13.7   23.30   9.3   18.30   6.7   0.0  33.8   8.2  33.8    1.00   ESE
-------------------------------------------------------------------------------------
    14.8  23.3     6     2.2    28   176.1  77.7 128.8   1.5  35.4     4     ESE

Max >=  32.0:  0
Max <=   0.0:  0
Min <=   0.0:  0
Min <= -18.0:  0
Max Rain: 33.78 ON 31/10/10
Days of Rain: 11 (> .2 mm) 7 (> 2 mm) 2 (> 20 mm)
Heat Base:  18.3  Cool Base:  18.3  Method: Integration