NOAA-Style Climate Reports


Report for 2010 Novembre
                   MONTHLY CLIMATOLOGICAL SUMMARY for NOV. 2010

NAME: Lodi   CITY: Lodi   STATE: Italy 
ELEV:    78 m  LAT:  45° 17' 57" N  LONG:   9° 31' 14" E

                   TEMPERATURE (°C), RAIN  (mm), WIND SPEED (km/hr)

                                      HEAT  COOL        AVG
    MEAN                              DEG   DEG         WIND                 DOM
DAY TEMP  HIGH   TIME   LOW    TIME   DAYS  DAYS  RAIN  SPEED HIGH   TIME    DIR
------------------------------------------------------------------------------------
 1  13.4  14.6    3.30  10.8    5.00   4.8   0.0  47.5   2.1  38.6    1.30     E
 2  12.9  13.8    0.30  11.8   00.00   5.4   0.0  18.0   1.9  12.9    1.30   NNW
 3  12.0  16.9   14.00   8.1    8.00   6.3   0.0   1.3   2.3  16.1   12.30   WSW
 4  12.6  15.8   15.00  10.3    0.30   5.6   0.0   0.5   1.3  11.3   14.00    NW
 5  12.4  15.3   14.00   9.6   00.00   5.8   0.0   0.0   1.6  14.5   11.00   WSW
 6  12.1  14.4   14.30   9.6    0.30   6.2   0.0   0.3   0.6   9.7   13.30   WSW
 7  11.7  12.5   15.30  11.2    4.00   6.6   0.0   1.8   1.6  20.9   12.30     E
 8  10.8  14.6   12.00   8.2   19.30   7.4   0.0   0.5   2.6  20.9   10.00     S
 9   8.1   9.3   16.30   6.9    6.30  10.1   0.0   8.4   1.3  22.5    1.30     E
10   8.9  10.6   14.30   7.1   23.30   9.3   0.0   1.3   0.2   9.7    2.00   SSW
11   6.6   9.6   16.00   5.3    5.00  11.7   0.0   0.3   0.6   8.0   12.30   WSW
12   8.4  12.1   15.30   5.3    1.30   9.8   0.0   0.0   2.4  14.5    9.00     W
13  10.4  11.9   13.30   8.7    0.30   7.8   0.0   0.0   0.2   6.4    3.00   ENE
14  10.4  10.9   16.00   9.8    4.30   7.9   0.0   1.0   0.0   8.0   12.00   NNE
15  11.1  12.3   00.00  10.4    0.30   7.1   0.0   6.9   1.8  17.7   10.30   SSE
16  11.3  12.9   13.30  10.2   00.00   7.0   0.0  25.7   1.8  22.5   14.30     E
17  10.9  14.4   15.00   7.5   00.00   7.4   0.0   2.3   1.4  14.5   12.30     W
18   8.1  10.2   16.00   5.3    5.30  10.2   0.0  10.2   0.5  11.3   21.30   WSW
19   9.4  13.5   15.30   7.4    8.30   8.9   0.0   0.5   1.8  17.7    6.30     W
20   8.2   8.9   17.00   7.1    4.30  10.1   0.0   8.1   1.0  14.5   12.00     E
21   7.7   8.7    9.00   6.6   10.30  10.5   0.0  56.1   1.3  14.5   10.00     W
22   7.9   9.9   15.00   6.1   00.00  10.3   0.0   0.8   1.8  16.1    1.30     W
23   4.9   6.1    0.30   3.4    9.30  13.4   0.0   0.5   2.3  14.5   10.00     W
24   5.1  11.5   16.30   0.9    8.30  13.1   0.0   0.0   0.8   9.7    3.30     W
25   3.8   9.1   15.00  -0.1    4.00  14.4   0.0   0.5   1.1  16.1   00.00    SW
26   2.2   3.9    3.30   0.2   12.00  16.0   0.0  19.8   2.7  25.7   18.00     W
27   1.7   4.1   15.00  -1.7    8.00  16.6   0.0   1.5   1.6  12.9   17.00     W
28   1.7   2.9   13.30   1.1    7.00  16.5   0.0  16.0   3.4  20.9   23.30     W
29   3.9   9.5   15.30   0.8    2.00  14.4   0.0   0.0   4.3  27.4   11.00     W
30   3.2   5.7   14.00   1.3    6.30  14.7   0.0   3.6   1.4  16.1   21.30   NNE
-------------------------------------------------------------------------------------
     8.4  16.9     3    -1.7    27   295.7   0.0 233.2   1.6  38.6     1       W

Max >=  32.0:  0
Max <=   0.0:  0
Min <=   0.0:  2
Min <= -18.0:  0
Max Rain: 56.13 ON 21/11/10
Days of Rain: 25 (> .2 mm) 12 (> 2 mm) 3 (> 20 mm)
Heat Base:  18.3  Cool Base:  18.3  Method: Integration