NOAA-Style Climate Reports


Report for 2010 Dicembre
                   MONTHLY CLIMATOLOGICAL SUMMARY for DEC. 2010

NAME: Lodi   CITY: Lodi   STATE: Italy 
ELEV:    78 m  LAT:  45° 17' 57" N  LONG:   9° 31' 14" E

                   TEMPERATURE (°C), RAIN  (mm), WIND SPEED (km/hr)

                                      HEAT  COOL        AVG
    MEAN                              DEG   DEG         WIND                 DOM
DAY TEMP  HIGH   TIME   LOW    TIME   DAYS  DAYS  RAIN  SPEED HIGH   TIME    DIR
------------------------------------------------------------------------------------
 1   0.9   2.2    2.00   0.3    7.00  17.3   0.0  18.0   1.1  11.3    4.00     W
 2   0.6   1.8   17.00  -0.8    2.30  17.7   0.0   3.6   1.9  14.5    6.00   WSW
 3   2.3   4.8   15.00   0.8    2.00  15.9   0.0   2.3   4.0  19.3   23.00     W
 4   2.1   6.4   13.00  -0.2   00.00  16.2   0.0   8.4   1.0  12.9   15.30   SSE
 5   0.1   1.4   16.30  -0.9    5.30  18.2   0.0   0.5   0.5   9.7   15.00    SE
 6   0.2   0.7   22.30  -0.2    5.00  18.0   0.0   6.1   2.7  14.5   20.00     W
 7   2.2   3.4   00.00   0.6    0.30  16.1   0.0   6.3   4.0  16.1    0.30     W
 8   4.5   5.5   00.00   3.3    0.30  13.8   0.0   0.0   2.3  11.3   23.30     W
 9   7.4  13.5   13.00   3.8   23.30  10.9   0.0   0.3   7.7  51.5   13.30     W
10   3.8   8.9   15.00  -0.2    7.30  14.5   0.0   0.0   5.3  29.0   12.30     W
11   2.8   8.4   15.00  -0.8    8.00  15.5   0.0   0.0   0.8  11.3   14.00     E
12   2.1   6.3   15.30  -0.9    8.00  16.2   0.0   0.0   1.0  14.5   14.00     E
13   3.3  11.3   14.30  -0.6    8.00  15.0   0.0   0.3   3.2  17.7    1.30     W
14  -0.5   3.1   16.00  -3.3   23.30  18.8   0.0   0.3   0.6   8.0   11.00     W
15  -3.3  -2.1   14.00  -4.7    5.00  21.5   0.0   0.0   1.1  11.3    5.00     W
16  -4.8  -2.1   15.30  -6.1    8.30  22.6   0.0   0.0   1.1  11.3   18.30     W
17  -4.1  -2.8   14.30  -5.9    2.30  22.4   0.0   0.0   0.2  11.3   21.00   WSW
18  -3.1   1.7   15.30  -5.8    8.30  21.3   0.0   1.3   2.3  22.5    6.30   WSW
19  -2.1  -0.8   18.00  -5.4    1.00  20.4   0.0   0.0   0.3   9.7   15.00   WSW
20   0.6   2.3   21.30  -1.3    2.00  17.7   0.0   0.3   2.1  14.5   11.30   WSW
21   1.2   1.9    3.30   0.7   12.30  17.1   0.0   5.3   0.2   9.7   10.30    SW
22   1.6   2.6   00.00   0.7    5.00  16.7   0.0  16.8   3.2  17.7   10.30   WSW
23   3.2   4.0   22.00   2.3    5.00  15.1   0.0  31.2   2.1  17.7   21.00   WSW
24   5.7   7.2   19.00   3.8    0.30  12.6   0.0  14.5   1.8  19.3    0.30   WSW
25   6.3   6.9   14.00   6.0    0.30  12.0   0.0   4.8   1.0  14.5    1.00   WSW
26   2.7   6.1    1.00   0.5   14.00  15.5   0.0  12.7   0.3  16.1   18.30   NNW
27  -0.1   3.5   13.30  -1.4   00.00  18.4   0.0   0.3   1.1  16.1   14.30   WSW
28  -1.6  -0.2   23.30  -3.4    8.00  19.9   0.0   0.0   1.1  12.9    5.00   WSW
29   0.0   1.5   15.30  -2.3    9.30  18.3   0.0   0.0   0.8  11.3   16.00   WSW
30   2.3   3.7   16.00   0.9    0.30  15.9   0.0   0.0   0.0   6.4    2.30    SW
31   2.3   5.3   15.00  -0.7    9.00  15.7   0.0   0.3   0.3  12.9   13.00    SW
-------------------------------------------------------------------------------------
     1.2  13.5     9    -6.1    16   527.2   0.0 133.4   1.8  51.5     9     WSW

Max >=  32.0:  0
Max <=   0.0:  5
Min <=   0.0: 19
Min <= -18.0:  0
Max Rain: 31.24 ON 23/12/10
Days of Rain: 20 (> .2 mm) 12 (> 2 mm) 1 (> 20 mm)
Heat Base:  18.3  Cool Base:  18.3  Method: Integration