NOAA-Style Climate Reports


Report for 2011 Gennaio
                   MONTHLY CLIMATOLOGICAL SUMMARY for JAN. 2011

NAME: Lodi   CITY: Lodi   STATE: Italy 
ELEV:    78 m  LAT:  45° 17' 57" N  LONG:   9° 31' 14" E

                   TEMPERATURE (°C), RAIN  (mm), WIND SPEED (km/hr)

                                      HEAT  COOL        AVG
    MEAN                              DEG   DEG         WIND                 DOM
DAY TEMP  HIGH   TIME   LOW    TIME   DAYS  DAYS  RAIN  SPEED HIGH   TIME    DIR
------------------------------------------------------------------------------------
 1   2.2   4.8   16.00  -1.4   00.00  16.1   0.0   0.0   0.3  11.3   13.30   WSW
 2   0.6   3.8   15.00  -3.2    4.30  17.7   0.0   0.0   0.2  11.3   00.00    SW
 3   1.7   5.3   15.00  -1.3    9.00  16.6   0.0   0.0   1.0  14.5    1.00   WSW
 4  -0.1   2.3   14.30  -2.4    9.30  18.4   0.0   0.0   0.0   6.4   14.30     E
 5   0.1   2.1   15.30  -1.8    4.00  18.1   0.0   0.0   0.0   4.8   13.30     N
 6   0.7   1.5   14.00   0.3   19.30  17.6   0.0   1.3   1.3  17.7   12.00   WSW
 7   1.3   2.3   18.30   0.5    0.30  17.0   0.0   2.0   0.2   9.7   20.30   WSW
 8   2.6   3.5   13.00   1.7    2.30  15.7   0.0   0.0   1.1  12.9   11.00   WSW
 9   3.9   5.1   14.00   3.0    5.00  14.3   0.0   0.0   0.0   8.0   14.00   ENE
10   4.4   5.2   16.00   3.9    1.30  13.8   0.0  10.7   0.5  11.3   19.00   WSW
11   6.0   9.0   14.00   4.4    1.30  12.3   0.0   1.5   3.4  17.7    4.00   WSW
12   4.1   5.8   16.30   2.3    8.00  14.2   0.0   0.0   0.2   9.7    6.00     W
13   2.5   4.2   16.00   1.1   10.00  15.8   0.0   0.0   1.4  12.9    9.00   WSW
14   3.1   4.2   18.00   2.0    5.30  15.2   0.0   0.3   0.0   6.4    0.30    SE
15   3.9   4.7   18.00   3.2   10.00  14.4   0.0   0.0   1.8  24.1    7.30   WSW
16   2.9   3.9    0.30   1.3   23.30  15.3   0.0   0.0   1.8  14.5   10.00   WSW
17   0.9   2.0   16.00  -0.2   10.00  17.4   0.0   0.0   1.6  14.5    1.00   WSW
18   0.4   2.3   15.30  -1.1    7.00  17.9   0.0   0.3   0.2   8.0   10.30   WSW
19   0.6   1.7   16.00  -0.6    3.00  17.7   0.0   0.0   0.3  11.3   19.00     E
20   2.8   4.9   15.00   1.5    1.00  15.5   0.0   4.3   0.3   9.7    2.30    NW
21   1.8   5.4   14.30  -2.2    9.00  16.5   0.0   0.3   0.3  14.5   15.30    SE
22   1.3   4.5   14.30  -1.5    9.00  17.0   0.0   0.0   0.6  14.5   12.00   NNW
23   0.7   5.3   16.00  -2.5    8.00  17.6   0.0   0.0   0.8  14.5   23.00   WSW
24   1.2   6.0   16.00  -1.8    7.30  17.1   0.0   0.0   3.1  16.1    3.30   WSW
25   0.2   2.7   15.30  -1.9    7.30  18.1   0.0   0.0   1.6  16.1   12.30   WSW
26   1.4   5.3   15.30  -1.4    9.00  16.8   0.0   0.0   1.3  11.3    1.00   WSW
27   3.3   6.1   14.30   1.7    3.00  15.0   0.0   0.0   0.3  11.3    0.30     N
28   4.0   7.4   15.30   1.9    2.30  14.3   0.0   0.0   0.8  16.1   12.00    SE
29   2.4   3.7   16.00   1.3   00.00  15.9   0.0   0.0   0.8  14.5   12.30    SE
30   0.9   1.9   12.30   0.3    6.30  17.3   0.0   3.8   0.6  12.9    4.00   WSW
31   2.7   5.9   15.00   1.1    5.00  15.2   0.0   0.5   1.8  12.9    2.30   WSW
-------------------------------------------------------------------------------------
     2.1   9.0    11    -3.2     2   501.7   0.0  24.9   0.9  24.1    15     WSW

Max >=  32.0:  0
Max <=   0.0:  0
Min <=   0.0: 14
Min <= -18.0:  0
Max Rain: 10.67 ON 10/01/11
Days of Rain: 10 (> .2 mm) 4 (> 2 mm) 0 (> 20 mm)
Heat Base:  18.3  Cool Base:  18.3  Method: Integration