NOAA-Style Climate Reports


Report for 2011 Febbraio
                   MONTHLY CLIMATOLOGICAL SUMMARY for FEB. 2011

NAME: Lodi   CITY: Lodi   STATE: Italy 
ELEV:    78 m  LAT:  45° 17' 57" N  LONG:   9° 31' 14" E

                   TEMPERATURE (°C), RAIN  (mm), WIND SPEED (km/hr)

                                      HEAT  COOL        AVG
    MEAN                              DEG   DEG         WIND                 DOM
DAY TEMP  HIGH   TIME   LOW    TIME   DAYS  DAYS  RAIN  SPEED HIGH   TIME    DIR
------------------------------------------------------------------------------------
 1   0.5   2.3   15.30  -1.7    2.30  17.8   0.0   0.3   1.8  17.7   14.30   WSW
 2  -0.2   1.3   17.00  -1.3   23.30  18.5   0.0   0.0   2.7  16.1   14.00   WSW
 3  -0.8   4.4   16.30  -2.8    7.00  19.1   0.0   0.0   1.9  14.5   21.00   WSW
 4   2.3   9.6   16.30  -4.0    7.00  16.0   0.0   0.3   0.8  11.3   12.30   WSW
 5   5.8  13.7   16.30   0.6    6.30  12.5   0.0   0.0   1.8  14.5    2.30   WSW
 6   5.9  14.3   16.00  -0.6    8.30  12.3   0.0   0.0   0.3  11.3   14.00   WSW
 7   6.2  13.8   16.00  -0.4    6.30  12.1   0.0   0.0   0.6  11.3    7.30   WSW
 8   6.4  13.8   15.00  -0.7    9.00  11.9   0.0   0.0   1.6  19.3   12.00   WSW
 9   5.6  11.7   16.00   0.3    9.00  12.7   0.0   0.3   1.3  16.1   12.30   WSW
10   5.3  12.2   16.00  -0.6    7.00  12.9   0.0   0.0   1.1  16.1   14.30   WSW
11   6.8  12.9   15.30   0.4    6.30  11.4   0.0   0.0   2.1  19.3   15.00     W
12   7.8  13.7   15.30   2.3    9.00  10.5   0.0   0.0   2.3  17.7   14.30    SW
13   7.2   8.0   18.30   6.4    9.00  11.0   0.0   0.8   0.0   8.0    8.30   ENE
14   7.2   8.4   15.30   6.2    7.00  11.1   0.0   0.5   0.0   6.4   12.30   SSW
15   6.9   7.3   19.30   6.5    9.00  11.3   0.0  17.0   3.1  29.0   22.00     E
16   6.3   7.1   14.30   5.3   22.00  12.0   0.0  34.8   5.8  33.8   15.30   ENE
17   6.7   9.2   15.00   5.0    5.00  11.6   0.0   3.3   1.1  12.9   10.00   WSW
18   8.8  12.7   15.30   6.7    6.30   9.5   0.0   0.5   2.7  19.3   10.30   WSW
19   8.1  13.6   16.00   3.7    5.00  10.2   0.0   0.0   2.4  19.3    2.00   WSW
20   6.8   7.8   16.30   5.9   00.00  11.4   0.0   0.5   1.3  14.5    3.00     E
21   6.4   8.8   15.30   5.2   22.30  11.8   0.0   0.0   0.3  14.5   23.30    SE
22   4.3   6.5   15.30   2.4    8.00  14.0   0.0   0.0   1.8  19.3    1.30   ESE
23   3.6   8.0   15.30  -0.1    7.30  14.7   0.0   0.0   0.8  14.5   11.30    SE
24   3.6   8.6   16.00  -0.9    8.00  14.7   0.0   0.0   0.6  12.9   11.00   ENE
25   3.5   8.2   15.30   0.0    6.30  14.8   0.0   0.0   1.8  25.7   11.30   ESE
26   4.1   8.4   15.00  -0.6    8.00  14.2   0.0   0.0   0.3   8.0   11.30     N
27   2.7   5.0    2.30   1.2   23.30  15.6   0.0   7.6   1.3  11.3   14.30   NNE
28   4.3   7.6   17.30   1.3    0.30  13.7   0.0   7.6   1.3   9.7    3.30     N
-------------------------------------------------------------------------------------
     5.1  14.3     6    -4.0     4   369.1   0.0  73.4   1.5  33.8    16     WSW

Max >=  32.0:  0
Max <=   0.0:  0
Min <=   0.0: 12
Min <= -18.0:  0
Max Rain: 34.80 ON 16/02/11
Days of Rain: 12 (> .2 mm) 5 (> 2 mm) 1 (> 20 mm)
Heat Base:  18.3  Cool Base:  18.3  Method: Integration