NOAA-Style Climate Reports


Report for 2011 Marzo
                   MONTHLY CLIMATOLOGICAL SUMMARY for MAR. 2011

NAME: Lodi   CITY: Lodi   STATE: Italy 
ELEV:    78 m  LAT:  45° 17' 57" N  LONG:   9° 31' 14" E

                   TEMPERATURE (°C), RAIN  (mm), WIND SPEED (km/hr)

                                      HEAT  COOL        AVG
    MEAN                              DEG   DEG         WIND                 DOM
DAY TEMP  HIGH   TIME   LOW    TIME   DAYS  DAYS  RAIN  SPEED HIGH   TIME    DIR
------------------------------------------------------------------------------------
 1   6.2   9.4   13.30   4.0    7.30  12.0   0.0   3.3   3.7  29.0   23.30    SE
 2   3.9   6.9   14.30   1.4   00.00  14.3   0.0   0.0   5.0  25.7   11.00   ESE
 3   2.2   3.2   10.00   1.1    2.00  16.1   0.0   3.0   0.8  11.3   11.00   NNW
 4   4.8   8.0   16.30   2.2    1.00  13.4   0.0   0.0   2.3  17.7   12.30   WSW
 5   6.5  10.7   15.00   3.3    7.00  11.8   0.0   0.0   2.4  17.7   15.00    SW
 6   8.8  15.5   17.00   2.3    7.30   9.5   0.0   0.0   2.4  35.4   23.30   WSW
 7   5.8   8.8   15.00   1.9   00.00  12.5   0.0   0.0   7.6  37.0    1.00     E
 8   3.4   7.9   15.30  -0.8    7.00  14.8   0.0   0.0   1.0  17.7   12.30   ENE
 9   4.9  10.6   16.30  -0.7    7.30  13.4   0.0   0.0   1.6  17.7   12.30   WSW
10   7.6  13.8   15.30   1.2    6.00  10.7   0.0   0.0   3.4  20.9   11.00   WSW
11   9.2  13.9   17.00   3.9    5.00   9.1   0.0   0.0   2.3  19.3   15.00   WSW
12  10.2  12.9   13.30   7.8    6.30   8.0   0.0   0.0   3.9  24.1   12.00     E
13   8.1   8.9   15.00   7.2    4.30  10.2   0.0  19.8   4.5  22.5   20.00   ENE
14   9.8  13.3   16.30   6.9    7.00   8.4   0.0   1.3   2.3  19.3    7.00   WSW
15  10.8  11.8   15.00   9.8    4.00   7.5   0.0  10.7   5.0  30.6   00.00     E
16  10.9  11.7    8.00  10.1   22.30   7.4   0.0  35.1  10.3  43.5    5.30     E
17   9.8  11.4   16.30   8.6    7.00   8.5   0.0   3.0   0.5  11.3    1.30   SSW
18  11.5  18.7   15.30   7.6    3.00   6.8   0.0   0.0   2.4  16.1    8.30     W
19  12.2  17.4   16.00   8.9    7.00   6.0   0.0   1.0   3.2  27.4   17.00    SE
20  10.8  14.6   16.30   8.3    4.30   7.5   0.0   0.3   2.6  27.4    1.30   ENE
21   8.8  12.2   16.30   5.1    6.30   9.5   0.0   0.0   4.0  35.4   10.30    SE
22   9.8  15.3   17.00   4.3    7.00   8.4   0.0   0.0   1.0  12.9   13.30     N
23  11.7  18.4   16.00   4.8    6.00   6.6   0.0   0.0   1.0  11.3   11.00    SW
24  13.4  20.7   16.00   6.0    6.30   5.3   0.4   0.0   1.8  14.5    9.30   WSW
25  13.7  20.9   14.30   7.4    6.30   4.9   0.3   0.0   5.0  32.2   15.30   WSW
26  12.8  18.8   15.30   7.3    6.00   5.5   0.0   0.0   6.1  27.4   13.00    NW
27  11.6  14.7   16.30   8.4    6.30   6.4   0.0   2.8   1.1  14.5    0.30    NW
28  11.3  14.7   16.30   9.7    7.30   7.0   0.0   2.3   1.0  12.9   17.30     S
29  13.1  18.3   17.00   9.5    6.00   5.2   0.0   0.0   1.6  19.3   15.30    SE
30  13.4  19.1   17.00   7.6    7.00   5.0   0.0   0.0   2.6  19.3   17.30    SW
31  14.8  20.9   17.00   8.5    7.30   3.9   0.5   0.0   1.9  16.1   14.00    SW
-------------------------------------------------------------------------------------
     9.4  20.9    25    -0.8     8   275.7   1.2  82.5   3.0  43.5    16     WSW

Max >=  32.0:  0
Max <=   0.0:  0
Min <=   0.0:  2
Min <= -18.0:  0
Max Rain: 35.05 ON 16/03/11
Days of Rain: 11 (> .2 mm) 8 (> 2 mm) 1 (> 20 mm)
Heat Base:  18.3  Cool Base:  18.3  Method: Integration