NOAA-Style Climate Reports


Report for 2011 Aprile
                   MONTHLY CLIMATOLOGICAL SUMMARY for APR. 2011

NAME: Lodi   CITY: Lodi   STATE: Italy 
ELEV:    78 m  LAT:  45° 17' 57" N  LONG:   9° 31' 14" E

                   TEMPERATURE (°C), RAIN  (mm), WIND SPEED (km/hr)

                                      HEAT  COOL        AVG
    MEAN                              DEG   DEG         WIND                 DOM
DAY TEMP  HIGH   TIME   LOW    TIME   DAYS  DAYS  RAIN  SPEED HIGH   TIME    DIR
------------------------------------------------------------------------------------
 1  16.5  23.1   18.00  10.0    8.30   2.9   1.1   0.0   2.3  16.1    6.00    SW
 2  16.9  23.4   16.30  10.5    6.30   2.7   1.4   0.0   1.0  12.9   15.00    SE
 3  17.7  24.3   17.00  10.8    8.00   2.2   1.6   0.0   1.4  16.1   12.00    SW
 4  17.2  22.8   17.00  12.4    8.00   2.0   0.9   0.0   5.3  29.0   17.00    NW
 5  16.1  20.7   17.00  11.2    7.30   2.6   0.4   0.0   2.7  17.7    5.30    SE
 6  16.4  22.8   17.30  10.8    4.00   2.9   1.1   0.0   1.1  14.5   15.30    SW
 7  20.0  28.2   17.30  12.4    6.30   1.8   3.5   0.0   4.7  29.0   17.30     W
 8  22.0  28.8   16.30  15.6    7.30   0.4   4.1   0.0   6.8  33.8    6.00   WSW
 9  22.8  32.1   17.00  14.1    7.30   0.7   5.2   0.0   8.9  32.2   17.00   WSW
10  20.5  25.3   17.00  13.6    5.30   0.5   2.7   0.0   3.7  24.1    9.30   ESE
11  18.4  24.7   16.00  11.6    7.30   1.9   2.0   0.0   1.8  16.1   13.00    SE
12  18.8  26.6   14.30  12.7    6.00   1.6   2.1   0.5   6.9  48.3   19.00     W
13  14.0  18.6   15.30   8.7    7.00   4.3   0.0   0.8   7.1  38.6    1.30   NNW
14  11.4  14.2   13.30   9.7    2.00   6.8   0.0   0.0   4.2  27.4   17.00    SE
15  10.6  15.4   13.30   7.5    6.30   7.7   0.0   0.5   2.6  29.0   14.00   ENE
16  13.0  17.6   16.30   7.4    7.30   5.3   0.0   0.0   3.1  22.5   19.00    SE
17  14.2  18.3   17.00  10.4    7.30   4.0   0.0   0.0   2.9  25.7   15.00    SE
18  14.1  20.0   18.00   7.8    7.00   4.5   0.3   0.0   1.9  17.7   15.00    SE
19  15.1  21.5   16.30   7.9    7.00   3.8   0.6   0.0   1.6  14.5   15.00   NNE
20  16.5  22.8   15.30  10.2    6.00   2.9   1.2   0.0   2.1  17.7   15.30   NNE
21  17.2  23.3   17.30  10.3    7.00   2.6   1.5   0.0   1.8  17.7   23.30     N
22  17.4  23.1   16.30  10.7    7.30   2.1   1.3   0.0   2.7  22.5   23.00   ESE
23  15.8  18.1   18.30  13.6   00.00   2.5   0.0   0.0   4.2  17.7   12.00   WSW
24  17.1  22.8   17.00  12.1    6.30   2.3   1.1   0.0   4.5  17.7    9.00   WSW
25  17.6  22.1   16.30  13.6    8.00   1.6   1.0   0.0   2.9  19.3   13.30    SE
26  17.3  23.3   17.00  12.7    5.30   2.2   1.2   0.0   3.9  38.6   18.00   ENE
27  16.9  21.5   15.30  12.1    7.30   2.0   0.6   0.0   3.9  24.1    5.00   ENE
28  16.1  19.2   15.30  12.6    7.00   2.3   0.1   0.0   4.3  29.0   10.30   ESE
29  14.9  20.0   15.30  11.4    6.30   3.4   0.1   0.0   4.5  33.8   16.30   ENE
30  14.2  18.7   13.00  12.1    4.00   4.0   0.0   3.3   2.4  30.6   18.30    NE
-------------------------------------------------------------------------------------
    16.6  32.1     9     7.4    16    86.7  35.2   5.1   3.6  48.3    12      SE

Max >=  32.0:  1
Max <=   0.0:  0
Min <=   0.0:  0
Min <= -18.0:  0
Max Rain: 3.30 ON 30/04/11
Days of Rain: 4 (> .2 mm) 1 (> 2 mm) 0 (> 20 mm)
Heat Base:  18.3  Cool Base:  18.3  Method: Integration