NOAA-Style Climate Reports


Report for 2011 Maggio
                   MONTHLY CLIMATOLOGICAL SUMMARY for MAY. 2011

NAME: Lodi   CITY: Lodi   STATE: Italy 
ELEV:    78 m  LAT:  45° 17' 57" N  LONG:   9° 31' 14" E

                   TEMPERATURE (°C), RAIN  (mm), WIND SPEED (km/hr)

                                      HEAT  COOL        AVG
    MEAN                              DEG   DEG         WIND                 DOM
DAY TEMP  HIGH   TIME   LOW    TIME   DAYS  DAYS  RAIN  SPEED HIGH   TIME    DIR
------------------------------------------------------------------------------------
 1  16.7  22.9   18.30  10.7    7.00   2.8   1.2   0.0   3.1  22.5   16.00   WSW
 2  16.7  23.1   15.00  11.3    6.30   2.4   0.8   0.0   4.0  30.6   17.30   ESE
 3  18.9  23.9   18.00  14.5    4.30   1.2   1.8   0.0   3.4  17.7   15.00    SE
 4  16.6  20.1   18.00  13.3    7.00   1.9   0.3   0.0   6.9  35.4    6.30   ESE
 5  16.1  21.1   17.00  11.1    7.00   2.7   0.5   0.0   5.1  24.1   11.30   ESE
 6  16.3  22.0   17.00   9.9    7.00   2.8   0.8   0.0   2.4  19.3   12.00    NE
 7  17.9  24.6   16.30  10.9    6.00   2.3   2.0   0.0   3.4  20.9   15.00   WSW
 8  20.5  28.2   18.00  12.8    5.00   1.3   3.5   0.0   6.9  56.3   23.30   WSW
 9  17.1  21.1   17.30  13.2    7.00   1.8   0.5   0.0   6.1  54.7    1.00   ESE
10  18.5  24.4   15.30  11.4    6.00   2.0   2.2   0.0   1.8  16.1   13.00    SW
11  21.1  28.2   17.30  13.6    6.00   1.1   3.9   0.0   3.5  24.1   16.00   WSW
12  22.3  28.8   17.30  15.8    6.30   0.3   4.4   0.0   4.5  25.7   22.00   WSW
13  22.2  27.9   17.30  16.8    6.30   0.2   4.1   0.0   5.6  22.5    0.30    SE
14  20.8  25.2   17.00  17.3    5.30   0.1   2.6   0.0   6.3  30.6   19.00    NW
15  15.9  19.1    0.30  12.0   00.00   2.4   0.1   8.9   6.4  32.2   12.30    SE
16  16.4  23.8   18.00   9.2    5.30   3.3   1.5   0.0   2.9  20.9   16.00    SW
17  18.7  24.4   17.00  12.2    6.00   1.7   2.1   0.0   2.4  20.9   10.30     E
18  20.7  25.2   16.00  16.6    5.00   0.3   2.7   0.0   2.3  16.1   11.30   ENE
19  21.3  27.0   18.00  15.0    6.30   0.6   3.7   0.0   2.3  22.5   14.00    SE
20  22.7  28.7   17.00  17.0    6.00   0.2   4.6   0.0   3.1  19.3   17.00   WSW
21  22.5  28.5   18.00  16.9    6.30   0.2   4.4   0.0   2.4  19.3   19.00     N
22  22.7  29.3   17.30  15.7    6.30   0.3   4.8   0.0   2.1  22.5   14.00     N
23  24.2  30.3   16.30  17.6    5.30   0.0   6.0   0.0   3.2  24.1   16.00    SE
24  25.3  30.8   17.00  19.1    6.00   0.0   7.1   0.0   1.9  17.7   13.00    SE
25  25.1  30.8   16.00  19.4    5.30   0.0   6.8   0.0   3.4  25.7   14.30   ENE
26  24.7  30.2   17.00  18.9    5.30   0.0   6.4   0.0   2.7  19.3   10.30   ENE
27  20.5  24.4    0.30  14.4   00.00   0.5   2.7  12.2   4.8  37.0   21.00     N
28  18.4  24.5   17.30  12.9    5.00   1.8   1.9   0.0   3.2  20.9   16.30    SE
29  20.1  25.3   17.00  14.3    6.00   0.9   2.7   0.0   2.7  22.5    9.00    NE
30  21.9  27.7   17.30  15.1    5.30   0.6   4.3   0.0   2.4  16.1   12.30   ESE
31  19.9  24.7   13.30  16.2    6.30   0.2   1.9   0.5   3.4  25.7   16.30   ENE
-------------------------------------------------------------------------------------
    20.1  30.8    24     9.2    16    35.8  92.1  21.6   3.7  56.3     8      SE

Max >=  32.0:  0
Max <=   0.0:  0
Min <=   0.0:  0
Min <= -18.0:  0
Max Rain: 12.19 ON 27/05/11
Days of Rain: 3 (> .2 mm) 2 (> 2 mm) 0 (> 20 mm)
Heat Base:  18.3  Cool Base:  18.3  Method: Integration