NOAA-Style Climate Reports


Report for 2011 Giugno
                   MONTHLY CLIMATOLOGICAL SUMMARY for JUN. 2011

NAME: Lodi   CITY: Lodi   STATE: Italy 
ELEV:    78 m  LAT:  45° 17' 57" N  LONG:   9° 31' 14" E

                   TEMPERATURE (°C), RAIN  (mm), WIND SPEED (km/hr)

                                      HEAT  COOL        AVG
    MEAN                              DEG   DEG         WIND                 DOM
DAY TEMP  HIGH   TIME   LOW    TIME   DAYS  DAYS  RAIN  SPEED HIGH   TIME    DIR
------------------------------------------------------------------------------------
 1  16.9  20.0   16.00  15.2    6.00   1.5   0.2   7.4   5.1  25.7   12.00   WSW
 2  19.0  24.2   18.00  14.6    7.00   1.2   2.0   0.0   2.7  17.7    1.30   WSW
 3  21.1  26.1   14.30  16.7    6.00   0.3   3.1   3.6   3.5  37.0    3.00   NNW
 4  19.5  24.2   12.30  17.3   15.30   0.0   1.3  25.1   2.6  20.9   15.00     N
 5  18.0  21.9   12.30  16.2   00.00   0.8   0.5  10.4   3.9  24.1   13.00   SSW
 6  18.7  23.6   17.00  15.7    5.30   1.0   1.5   2.3   1.6  12.9   15.00    SW
 7  16.3  17.8    0.30  15.6    6.30   2.0   0.0  15.7   1.1  14.5   14.00   ENE
 8  17.7  22.5   16.00  14.2    6.30   1.5   0.8   3.3   2.9  22.5   14.00    SE
 9  19.1  24.8   18.00  16.5    4.00   0.7   1.5   3.6   1.9  29.0   19.30   SSW
10  19.3  24.1   15.30  16.0    3.30   0.6   1.7   0.3   1.9  27.4   19.30   ENE
11  19.9  25.3   17.30  16.1    6.00   0.3   2.0   0.0   2.4  25.7   20.00   ENE
12  20.8  25.9   16.00  16.8    6.30   0.3   2.8   0.0   2.1  16.1   16.30    SW
13  20.0  23.4   16.30  17.2   10.00   0.1   1.8   3.8   2.1  14.5   13.30     N
14  21.8  27.2   17.00  16.3    6.00   0.4   3.8   0.0   1.8  16.1   13.30   ESE
15  23.6  29.3   16.00  17.6    6.00   0.1   5.3   0.0   1.6  14.5   13.00   NNE
16  23.8  29.3   17.30  18.3    6.00   0.0   5.6   0.0   2.7  25.7   22.30   NNE
17  22.6  26.9   17.30  19.5    4.00   0.0   4.3   0.0   2.9  19.3   18.30     N
18  22.2  29.1   15.30  17.2    6.00   0.1   4.0   0.0   3.4  22.5   16.30     N
19  22.9  28.2   18.00  16.7    7.00   0.1   4.7   0.0   6.0  24.1   14.30   WSW
20  21.6  26.8   18.00  15.8    5.30   0.4   3.7   0.0   2.6  19.3   12.00   ENE
21  24.2  29.6   17.00  17.6    5.00   0.0   5.9   0.0   1.4  12.9   14.00   ESE
22  24.7  28.9   16.00  19.8    6.00   0.0   6.5   0.0   2.4  17.7   16.00   WSW
23  23.4  25.8   11.00  21.6   00.00   0.0   5.1   0.5   4.7  22.5   14.30   WSW
24  23.5  28.7   19.30  18.7    6.00   0.0   5.2   0.0   3.4  22.5   21.00   ESE
25  22.9  28.0   18.00  16.9    6.30   0.1   4.7   0.0   2.4  17.7   13.30   ENE
26  24.2  29.6   16.00  17.8    5.30   0.0   5.9   0.0   2.3  14.5    9.00   ENE
27  24.8  30.1   19.00  18.9    6.30   0.0   6.5   0.0   2.7  17.7   11.30   ENE
28  26.7  32.4   18.30  20.7    6.30   0.0   8.4   0.0   1.8  14.5   13.00   ENE
29  25.9  32.3   17.00  20.7   22.00   0.0   7.6   2.3   3.9  32.2   20.30    SE
30  24.6  29.8   16.30  19.6    6.00   0.0   6.2   0.0   3.1  19.3   18.00   WSW
-------------------------------------------------------------------------------------
    21.7  32.4    28    14.2     8    11.5 112.7  78.2   2.8  37.0     3     ENE

Max >=  32.0:  2
Max <=   0.0:  0
Min <=   0.0:  0
Min <= -18.0:  0
Max Rain: 25.15 ON 04/06/11
Days of Rain: 12 (> .2 mm) 10 (> 2 mm) 1 (> 20 mm)
Heat Base:  18.3  Cool Base:  18.3  Method: Integration