NOAA-Style Climate Reports


Report for 2011 Luglio
                   MONTHLY CLIMATOLOGICAL SUMMARY for JUL. 2011

NAME: Lodi   CITY: Lodi   STATE: Italy 
ELEV:    78 m  LAT:  45° 17' 57" N  LONG:   9° 31' 14" E

                   TEMPERATURE (°C), RAIN  (mm), WIND SPEED (km/hr)

                                      HEAT  COOL        AVG
    MEAN                              DEG   DEG         WIND                 DOM
DAY TEMP  HIGH   TIME   LOW    TIME   DAYS  DAYS  RAIN  SPEED HIGH   TIME    DIR
------------------------------------------------------------------------------------
 1  23.4  27.3   16.30  20.5   00.00   0.0   5.2   1.3   4.8  22.5    8.30    SE
 2  21.4  25.7   18.00  17.6    6.30   0.1   3.2   0.3   5.5  27.4    3.00   ESE
 3  21.9  27.6   18.00  15.3    6.00   0.6   4.2   0.0   3.5  20.9   15.00   ENE
 4  23.6  28.5   16.00  18.4    5.00   0.0   5.3   2.0   4.3  20.9   17.30   SSW
 5  23.9  28.8   16.30  19.3    6.30   0.0   5.6   0.3   3.2  17.7   18.00   SSW
 6  25.0  31.0   17.00  19.3    6.00   0.0   6.7   0.0   3.4  16.1    8.00   ESE
 7  24.7  29.6   17.00  20.1   00.00   0.0   6.4   0.0   5.3  35.4   19.00     N
 8  24.4  30.4   17.00  18.5    5.00   0.0   6.2   0.0   3.1  16.1    9.00     N
 9  25.9  31.1   17.30  19.7    6.30   0.0   7.7   0.0   2.6  16.1   11.00   ESE
10  26.4  31.7   16.00  19.6   00.00   0.0   8.1  16.0   4.3  51.5   23.00   WSW
11  25.3  31.1   18.30  19.4    1.00   0.0   7.0   0.0   1.9  12.9    2.00   ENE
12  26.9  31.8   16.30  21.8    6.00   0.0   8.7   0.0   2.1  19.3   11.30   ENE
13  25.2  28.1   17.30  21.8   23.30   0.0   6.9   1.3   4.0  29.0   21.30    SE
14  23.2  29.4   18.00  18.8    7.30   0.0   5.0   3.0   5.0  37.0   18.30   WSW
15  24.3  29.3   16.30  19.7    4.30   0.0   6.0   0.0   7.2  25.7   11.00   WSW
16  22.9  26.8   19.30  18.7    6.30   0.0   4.7   0.0   2.3  14.5   23.00   ENE
17  22.8  29.2   16.30  18.4    6.00   0.0   4.6   5.1   4.3  29.0   17.00    NW
18  22.1  27.3   15.00  17.2    5.30   0.1   3.9   0.0   3.1  24.1   19.00   ENE
19  19.5  24.5   12.30  16.6   23.30   0.5   1.7   2.3   3.7  33.8   16.00   ESE
20  21.1  27.9   17.00  14.6    8.00   1.0   3.7   0.3   9.8  35.4   12.00   WSW
21  22.3  27.8   17.30  16.4    5.30   0.2   4.3   0.0   7.6  24.1   11.00   WSW
22  22.8  28.8   17.00  16.6    6.30   0.1   4.7   0.0   4.5  19.3   14.30     W
23  20.4  24.5   17.30  17.2    9.30   0.1   2.3  15.0   4.5  27.4   18.30    SE
24  19.8  25.9   17.00  14.8    7.00   0.9   2.4   3.6   5.0  25.7   22.00   ESE
25  19.6  24.7   17.00  14.8    5.30   1.0   2.4   0.0   2.7  17.7   19.30    SE
26  20.6  25.9   16.00  15.0    5.30   0.8   3.0   0.0   2.3  14.5   12.30   ENE
27  20.3  24.9   17.00  16.3    6.30   0.2   2.2   0.0   3.9  32.2   19.00   ESE
28  21.3  27.1   19.00  16.7    6.30   0.3   3.3   0.0   4.0  19.3   11.00   NNW
29  22.8  28.5   17.30  16.9    6.00   0.2   4.7   0.0   5.3  20.9   10.00   WSW
30  23.7  29.5   16.30  17.7    6.30   0.0   5.4   0.0   5.3  24.1   20.30   WSW
31  23.3  28.4   18.30  17.7    7.00   0.0   4.9   0.0   2.6  16.1   16.00   ESE
-------------------------------------------------------------------------------------
    22.9  31.8    12    14.6    20     6.1 150.5  50.3   4.2  51.5    10     WSW

Max >=  32.0:  0
Max <=   0.0:  0
Min <=   0.0:  0
Min <= -18.0:  0
Max Rain: 16.00 ON 10/07/11
Days of Rain: 12 (> .2 mm) 7 (> 2 mm) 0 (> 20 mm)
Heat Base:  18.3  Cool Base:  18.3  Method: Integration