NOAA-Style Climate Reports


Report for 2011 Agosto
                   MONTHLY CLIMATOLOGICAL SUMMARY for AUG. 2011

NAME: Lodi   CITY: Lodi   STATE: Italy 
ELEV:    78 m  LAT:  45° 17' 57" N  LONG:   9° 31' 14" E

                   TEMPERATURE (°C), RAIN  (mm), WIND SPEED (km/hr)

                                      HEAT  COOL        AVG
    MEAN                              DEG   DEG         WIND                 DOM
DAY TEMP  HIGH   TIME   LOW    TIME   DAYS  DAYS  RAIN  SPEED HIGH   TIME    DIR
------------------------------------------------------------------------------------
 1  24.4  30.0   17.00  19.0    6.30   0.0   6.1   0.0   1.9  17.7   15.00    SE
 2  25.1  30.7   17.30  19.3    7.30   0.0   6.8   0.0   2.4  16.1   11.30     E
 3  25.2  30.3   18.00  20.1    7.00   0.0   6.9   0.0   3.1  24.1   19.30    SE
 4  25.1  30.6   17.30  19.3    7.00   0.0   6.8   0.0   3.5  17.7   11.30     W
 5  25.2  30.4   15.30  20.6    7.30   0.0   6.9   0.0   4.2  27.4   23.30   ESE
 6  24.2  28.6   16.00  20.2    4.00   0.0   5.9   0.0   2.7  29.0    1.00     N
 7  23.0  27.9   13.30  19.8   21.30   0.0   4.8   8.4   2.4  16.1   21.00   NNW
 8  23.7  30.0   17.30  19.4    4.00   0.0   5.4   6.9   3.5  41.8   20.30     W
 9  21.9  26.7   18.30  16.1    6.30   0.4   4.0   0.3   5.1  29.0   11.30   ESE
10  21.8  27.4   18.30  15.8    7.00   0.2   3.7   0.0   2.1  16.1   15.00     N
11  21.9  27.8   17.30  15.4    6.00   0.5   4.1   0.0   1.8  16.1   11.30   ENE
12  22.6  28.1   15.30  16.3    7.00   0.2   4.5   0.0   2.7  16.1   11.00   WSW
13  24.2  29.6   17.30  18.7    6.00   0.0   5.9   0.0   2.4  16.1    1.30   WSW
14  25.4  31.5   17.30  19.2    5.00   0.0   7.1   0.0   1.9  14.5    1.00   WSW
15  25.7  30.3   16.30  21.7    5.30   0.0   7.4   0.0   2.7  16.1   16.00   ESE
16  25.6  31.0   17.00  20.4    6.30   0.0   7.3   0.0   1.6  17.7   13.30   ENE
17  26.3  32.0   18.00  21.0    6.00   0.0   8.1   0.0   2.1  19.3   11.30   ENE
18  27.1  33.1   18.30  21.1    6.00   0.0   8.8   0.0   1.3  11.3   13.00   NNE
19  28.3  33.8   18.00  22.6    7.00   0.0  10.0   0.8   4.8  25.7   15.00   WSW
20  27.9  33.8   17.30  21.8    6.30   0.0   9.6   0.0   1.8  16.1    0.30   ENE
21  28.5  34.7   15.30  22.9    4.30   0.0  10.2   0.0   1.4  14.5   17.00   NNW
22  28.9  35.4   17.00  23.2    6.00   0.0  10.6   0.0   1.4  12.9   18.30     N
23  29.1  35.9   18.00  23.2    7.30   0.0  10.8   0.0   1.3  14.5   14.00     N
24  28.6  34.9   17.00  22.9    6.30   0.0  10.3   0.0   1.4  12.9   16.00   ENE
25  28.0  34.4   16.00  21.8    7.00   0.0   9.7   0.0   1.9  11.3    7.00   NNW
26  27.7  33.5   16.30  20.9    7.30   0.0   9.5   0.0   3.4  25.7   20.30   ENE
27  26.0  29.8   15.30  22.1   00.00   0.0   7.8   0.0   7.9  37.0   11.00    NW
28  22.6  29.3   17.00  15.7    7.30   0.4   4.8   0.0   3.4  16.1    6.00   WSW
29  23.2  29.7   17.30  17.1    8.00   0.2   5.1   0.0   2.4  17.7   18.00   NNW
30  23.6  29.7   17.30  16.8    6.30   0.1   5.4   0.0   2.7  14.5   11.30   WSW
31  24.2  29.3   17.00  19.1    7.00   0.0   5.8   0.0   3.1  17.7   22.30    NW
-------------------------------------------------------------------------------------
    25.3  35.9    23    15.4    11     1.9 220.1  16.3   2.7  41.8     8     ENE

Max >=  32.0: 10
Max <=   0.0:  0
Min <=   0.0:  0
Min <= -18.0:  0
Max Rain: 8.38 ON 07/08/11
Days of Rain: 4 (> .2 mm) 2 (> 2 mm) 0 (> 20 mm)
Heat Base:  18.3  Cool Base:  18.3  Method: Integration