NOAA-Style Climate Reports


Report for 2011 Settembre
                   MONTHLY CLIMATOLOGICAL SUMMARY for SEP. 2011

NAME: Lodi   CITY: Lodi   STATE: Italy 
ELEV:    78 m  LAT:  45° 17' 57" N  LONG:   9° 31' 14" E

                   TEMPERATURE (°C), RAIN  (mm), WIND SPEED (km/hr)

                                      HEAT  COOL        AVG
    MEAN                              DEG   DEG         WIND                 DOM
DAY TEMP  HIGH   TIME   LOW    TIME   DAYS  DAYS  RAIN  SPEED HIGH   TIME    DIR
------------------------------------------------------------------------------------
 1  23.2  28.8   17.30  18.0    9.30   0.0   4.9  12.2   2.9  29.0    8.30     W
 2  24.8  29.8   17.00  19.7    7.30   0.0   6.5   0.0   1.8  16.1    0.30   SSW
 3  24.7  30.9   16.30  21.1    4.00   0.0   6.4   1.3   2.6  35.4   19.00   NNE
 4  22.0  24.2   18.00  19.6   00.00   0.0   3.7  11.9   2.3  17.7    2.30    SW
 5  22.7  27.9   17.00  19.5    0.30   0.0   4.5   2.5   2.6  22.5   23.30     S
 6  21.8  26.4   16.30  18.9    2.30   0.0   3.5   0.5   1.6  16.1   15.00   SSE
 7  21.9  26.8   15.00  17.5    7.30   0.1   3.7   0.0   3.7  24.1   14.00     W
 8  22.6  29.2   17.30  16.8    7.00   0.1   4.5   0.0   2.1  17.7   23.30    SW
 9  23.6  29.6   17.00  18.2    7.30   0.0   5.3   0.0   2.4  14.5    0.30   ENE
10  24.3  30.2   18.00  19.5    7.00   0.0   6.0   0.0   1.0  14.5   23.30    NE
11  25.0  30.3   16.30  20.3    7.00   0.0   6.7   0.0   1.8  19.3   00.00    NW
12  24.6  29.0   17.30  20.7    7.30   0.0   6.3   0.0   3.4  22.5    0.30   NNW
13  24.7  30.7   17.00  19.4    7.30   0.0   6.4   0.0   1.0  11.3   14.00     W
14  25.2  31.3   16.00  19.4    8.00   0.0   6.9   0.0   2.1  14.5   13.30   WSW
15  24.6  30.3   17.30  19.3    8.00   0.0   6.3   0.0   1.1  12.9   14.00    NW
16  24.2  30.0   16.30  19.3    7.00   0.0   5.9   0.0   1.6  12.9   11.00   NNW
17  23.2  29.2   17.00  18.8    7.00   0.0   4.9   0.3   3.5  35.4   19.00    NW
18  19.7  22.1   18.30  17.9    7.30   0.0   1.5   6.6   3.4  25.7   15.30   ESE
19  16.1  22.6   18.00  13.2    8.30   2.7   0.5   3.3   4.8  25.7   14.30    SW
20  17.7  25.2   17.30  10.6    7.30   2.7   2.1   0.0   2.4  20.9   15.00    SW
21  19.3  26.4   16.30  12.9    7.00   1.6   2.6   0.0   2.4  16.1   14.00   WSW
22  20.5  28.1   16.30  15.0    7.00   0.9   3.1   0.0   1.6  12.9    6.30   WSW
23  20.2  26.2   17.00  14.7    8.00   0.8   2.7   0.0   2.1  17.7   11.00   ENE
24  20.3  26.6   17.00  15.4    7.00   0.7   2.7   0.5   0.8  11.3   13.00     N
25  20.9  26.5   17.00  16.6    6.30   0.3   2.9   0.0   1.0  12.9   12.30    NE
26  20.8  27.1   15.00  15.8    8.00   0.5   3.1   0.0   1.3  11.3    8.30   WSW
27  20.7  27.3   17.00  15.0    7.30   0.7   3.1   0.0   1.1   9.7    7.00     N
28  20.8  26.7   16.00  16.2    9.00   0.5   3.0   0.0   2.1  22.5   12.30     N
29  20.2  26.2   16.00  14.9    8.00   0.8   2.7   0.0   1.3  12.9   13.00     N
30  20.3  26.4   17.00  14.9    8.30   0.8   2.7   0.0   1.1  12.9   12.30    NE
-------------------------------------------------------------------------------------
    22.0  31.3    14    10.6    20    13.2 125.0  39.1   2.1  35.4     3     WSW

Max >=  32.0:  0
Max <=   0.0:  0
Min <=   0.0:  0
Min <= -18.0:  0
Max Rain: 12.19 ON 01/09/11
Days of Rain: 9 (> .2 mm) 5 (> 2 mm) 0 (> 20 mm)
Heat Base:  18.3  Cool Base:  18.3  Method: Integration