NOAA-Style Climate Reports


Report for 2011 Ottobre
                   MONTHLY CLIMATOLOGICAL SUMMARY for OCT. 2011

NAME: Lodi   CITY: Lodi   STATE: Italy 
ELEV:    78 m  LAT:  45° 17' 57" N  LONG:   9° 31' 14" E

                   TEMPERATURE (°C), RAIN  (mm), WIND SPEED (km/hr)

                                      HEAT  COOL        AVG
    MEAN                              DEG   DEG         WIND                 DOM
DAY TEMP  HIGH   TIME   LOW    TIME   DAYS  DAYS  RAIN  SPEED HIGH   TIME    DIR
------------------------------------------------------------------------------------
 1  20.4  27.6   17.30  14.4    7.30   1.0   3.0   0.0   1.8  12.9   10.30    SW
 2  20.6  27.5   16.30  14.7    8.00   0.8   3.1   0.0   1.8  11.3    6.00   WSW
 3  21.0  27.9   16.00  15.5    8.30   0.6   3.4   0.0   1.3  12.9    9.30   ENE
 4  21.0  27.8   17.00  15.9    6.00   0.5   3.2   0.0   1.6  11.3    9.00    SW
 5  20.4  27.1   16.00  15.4    7.00   0.7   2.9   0.0   1.1  12.9    9.00   NNW
 6  19.8  25.2   16.00  15.3    8.00   0.7   2.3   0.0   2.9  17.7   14.30     W
 7  17.9  22.7   14.00  11.2   00.00   1.3   1.0   0.0   8.2  53.1   14.00    NW
 8  14.9  20.9   16.00   8.1    8.30   3.8   0.4   0.0  10.8  41.8   16.00   WSW
 9  13.6  20.7   17.00   6.8    8.00   5.0   0.3   0.0   3.7  19.3    7.30    NW
10  14.9  21.0   16.30   9.7    7.30   3.6   0.3   0.0   2.4  20.9   16.00   WSW
11  17.2  25.6   16.00  10.2    8.00   2.8   1.7   0.0   1.4  12.9    4.30    NE
12  18.6  26.8   16.00  11.6    5.30   2.2   2.5   0.0   1.9  12.9    9.30    SW
13  17.3  23.4   16.30  11.8    7.30   2.2   1.3   0.0   1.8  20.9   00.00   ESE
14  14.9  17.3   15.30  11.7   22.30   3.3   0.0   0.0   6.8  37.0   12.00     E
15  11.4  14.8   17.00   7.5   00.00   6.8   0.0   0.0   3.2  25.7    6.30   ESE
16  10.1  16.4   16.30   4.7    8.00   8.2   0.0   0.0   1.8  17.7   15.00     E
17  10.4  15.4   16.00   7.2    1.30   7.9   0.0   0.0   1.0  16.1   15.00   ENE
18  10.5  16.4   15.30   5.7    6.30   7.8   0.0   0.0   1.0  11.3    9.30   NNE
19  11.6  12.2    4.00  10.2    7.00   6.7   0.0   3.8   1.0  11.3    5.30     N
20  11.6  16.0   14.00   9.6   00.00   6.7   0.0   1.3   5.0  40.2   16.30    SE
21   9.7  13.9   14.00   6.8    6.30   8.5   0.0   0.0   1.1  16.1   13.30    SE
22   9.7  13.4   15.00   5.8   00.00   8.6   0.0   0.0   1.0  17.7   13.00     E
23   7.9  13.8   15.30   3.2    7.00  10.4   0.0   0.0   0.5  11.3   13.30     E
24   8.0  11.6   14.30   4.2    4.30  10.3   0.0   1.3   0.6  16.1   12.30   NNW
25   8.3   9.2   15.00   7.3   23.00  10.0   0.0  22.4   3.4  22.5   23.00   NNW
26  10.3  13.1   17.00   7.4    0.30   8.0   0.0   0.0   4.0  20.9    4.00   WSW
27  12.3  16.4   16.30   9.8   00.00   6.0   0.0   0.0   1.3  14.5   16.00    SW
28  11.3  17.1   16.30   6.6    6.30   7.0   0.0   0.3   1.1  12.9   10.00    SW
29  10.1  13.1   17.30   7.7    6.30   8.2   0.0   0.0   1.0  11.3   12.00    SW
30   9.3  12.6   16.00   7.1    7.30   9.3   0.0   0.3   0.8   9.7    8.30   WNW
31  10.8  16.1   14.00   7.2    3.30   7.3   0.0   0.3   0.3   8.0   12.00    SW
-------------------------------------------------------------------------------------
    13.7  27.9     3     3.2    23   166.0  25.3  29.5   2.4  53.1     7      SW

Max >=  32.0:  0
Max <=   0.0:  0
Min <=   0.0:  0
Min <= -18.0:  0
Max Rain: 22.35 ON 25/10/11
Days of Rain: 7 (> .2 mm) 2 (> 2 mm) 1 (> 20 mm)
Heat Base:  18.3  Cool Base:  18.3  Method: Integration