NOAA-Style Climate Reports


Report for 2011 Novembre
                   MONTHLY CLIMATOLOGICAL SUMMARY for NOV. 2011

NAME: Lodi   CITY: Lodi   STATE: Italy 
ELEV:    78 m  LAT:  45° 17' 57" N  LONG:   9° 31' 14" E

                   TEMPERATURE (°C), RAIN  (mm), WIND SPEED (km/hr)

                                      HEAT  COOL        AVG
    MEAN                              DEG   DEG         WIND                 DOM
DAY TEMP  HIGH   TIME   LOW    TIME   DAYS  DAYS  RAIN  SPEED HIGH   TIME    DIR
------------------------------------------------------------------------------------
 1  10.7  15.0   14.00   8.3    7.30   7.5   0.0   0.0   0.6  11.3   11.30   NNE
 2  10.6  14.5   15.00   7.4    8.30   7.7   0.0   0.0   1.0   9.7    8.00    SW
 3  12.3  13.7   13.30  11.2    7.00   6.0   0.0   0.0   0.3  11.3   12.30     E
 4  12.4  14.7   23.30  11.1    8.00   5.8   0.0  16.3   4.5  29.0   21.00   ESE
 5  14.9  15.5   23.30  13.7   20.30   3.3   0.0  23.4  11.1  37.0    1.30     E
 6  14.6  15.8   11.00  13.2   00.00   3.7   0.0  19.6   9.2  43.5    8.00   ENE
 7  12.9  15.0   11.30  11.7   19.00   5.4   0.0   9.7   4.2  24.1   16.00     E
 8  13.4  15.6   15.00  11.5    3.00   4.9   0.0  15.0   4.5  27.4    8.00   ENE
 9  13.2  16.9   15.00  11.1    6.00   5.1   0.0   0.0   1.6  11.3   15.00   NNE
10   9.6  11.4    0.30   8.4   00.00   8.7   0.0   0.3   1.4  12.9   12.00     W
11   9.4  12.3   15.00   6.9    9.00   8.9   0.0   0.3   1.0  16.1   15.00   ENE
12   9.0  12.2   14.00   5.3   00.00   9.2   0.0   0.0   1.3  16.1   12.30   ESE
13   7.4  12.5   15.00   3.3    8.00  10.9   0.0   0.0   1.8  11.3    9.30    SW
14   4.9   7.3   14.30   2.6    5.30  13.3   0.0   0.0   3.1  12.9    0.30   WSW
15   3.2   4.7   15.30   1.8    7.30  15.0   0.0   0.0   2.6  16.1    7.00   WSW
16   2.6   4.4   16.00   1.6    3.30  15.7   0.0   0.3   2.6  12.9   00.00   WSW
17   1.7   3.9   15.00   0.3    7.30  16.6   0.0   0.0   2.6  12.9    3.00   WSW
18   1.8   4.5   16.00  -0.3    6.30  16.5   0.0   0.0   2.1  12.9   11.30    SW
19   2.6   5.3   15.30   0.2    8.00  15.7   0.0   0.3   0.6   9.7    3.00    SW
20   2.8   4.1   15.00   2.0    6.30  15.4   0.0   0.0   1.3   9.7   11.30    SE
21   3.4   5.2   14.30   1.8    4.00  14.8   0.0   0.0   0.2   6.4    1.00     E
22   6.4   8.5   15.00   4.7    0.30  11.9   0.0   0.0   1.4  11.3   22.00    SW
23   7.8  12.9   15.30   4.7    8.30  10.5   0.0   0.0   2.3  14.5    8.00   WSW
24   6.3  12.3   15.30   1.3    8.00  12.0   0.0   0.3   0.2   9.7    5.30    SW
25   3.6   9.4   16.00  -0.1    5.30  14.7   0.0   0.0   2.6  14.5    6.30    SW
26   2.4   6.9   15.00  -0.1    6.30  15.9   0.0   0.3   1.0  11.3    7.30    SW
27   2.6   5.6   15.00   0.3    2.00  15.7   0.0   0.3   2.6  12.9   13.00   WSW
28   2.1   4.9   11.30   0.9    2.30   7.7   0.0   0.0   0.2   6.4   10.30   NNE
29
30
-------------------------------------------------------------------------------------
     7.3  16.9     9    -0.3    18   298.8   0.0  85.6   2.4  43.5     6      SW

Max >=  32.0:  0
Max <=   0.0:  0
Min <=   0.0:  3
Min <= -18.0:  0
Max Rain: 23.37 ON 05/11/11
Days of Rain: 12 (> .2 mm) 5 (> 2 mm) 1 (> 20 mm)
Heat Base:  18.3  Cool Base:  18.3  Method: Integration