NOAA-Style Climate Reports


Report for 2011 Dicembre
                   MONTHLY CLIMATOLOGICAL SUMMARY for DEC. 2011

NAME: Lodi   CITY: Lodi   STATE: Italy 
ELEV:    78 m  LAT:  45° 17' 57" N  LONG:   9° 31' 14" E

                   TEMPERATURE (°C), RAIN  (mm), WIND SPEED (km/hr)

                                      HEAT  COOL        AVG
    MEAN                              DEG   DEG         WIND                 DOM
DAY TEMP  HIGH   TIME   LOW    TIME   DAYS  DAYS  RAIN  SPEED HIGH   TIME    DIR
------------------------------------------------------------------------------------
 1
 2
 3
 4
 5
 6
 7
 8
 9
10
11
12
13   3.4   4.6   14.30   2.2   21.00  10.3   0.0   0.0   1.8  16.1   22.00    SW
14   5.1   6.1   16.00   3.0    0.30  13.2   0.0   2.8   2.4  16.1   00.00     N
15   3.7   5.5    0.30   2.7    6.30  14.6   0.0   0.0   6.6  25.7   17.30   WSW
16   2.4   5.1   15.00  -0.4    4.00  15.9   0.0   0.5   4.3  38.6   23.30   WSW
17   5.9  10.0   14.30   2.8    8.30  12.3   0.0   0.0  11.3  41.8    1.00   WSW
18   2.2   5.8   15.30  -0.3    6.00  16.1   0.0   0.0   2.3  14.5    2.00    SW
19   1.7   6.2   15.30  -1.8    6.00  16.6   0.0   0.0   6.6  20.9    5.30   WSW
20  -0.1   2.7   15.30  -2.3    7.30  18.4   0.0   0.0   3.4  17.7   18.30   WSW
21   0.3   4.7   13.30  -3.0    8.30  18.0   0.0   0.0   1.3  14.5    0.30   ENE
22   1.3   5.9   14.30  -2.1    7.30  17.0   0.0   0.0   1.9  12.9   20.30    SW
23   1.6   6.6   14.30  -2.2    6.00  16.8   0.0   0.0   0.3  11.3   12.30    SE
24   2.6   5.5   16.30   0.4   00.00  15.7   0.0   0.0   1.9  17.7   13.00    SW
25   3.1   9.7   14.30  -1.4    5.30  15.2   0.0   0.0   1.1  12.9    9.30    SW
26   2.8   7.4   15.00  -1.4    8.30  15.5   0.0   0.0   2.6  11.3   11.30    SW
27   3.1   7.7   15.30   0.0    9.00  15.2   0.0   0.0   2.6  16.1   11.30   WSW
28   3.2   8.3   15.00  -0.3    7.30  15.1   0.0   0.0   2.6  12.9    2.30    SW
29   1.4   4.4   15.30  -1.2    7.00  16.9   0.0   0.0   1.0  11.3   00.00    NW
30   2.9   9.9   16.30  -3.0    8.00  15.4   0.0   0.0   6.4  32.2   16.30   NNW
31   3.2   8.0   15.00  -0.2    6.30  15.1   0.0   0.0   4.0  20.9    3.00   WSW
-------------------------------------------------------------------------------------
     2.6  10.0    17    -3.0    21   293.3   0.0   3.3   3.4  41.8    17     WSW

Max >=  32.0:  0
Max <=   0.0:  0
Min <=   0.0: 14
Min <= -18.0:  0
Max Rain: 2.79 ON 14/12/11
Days of Rain: 2 (> .2 mm) 1 (> 2 mm) 0 (> 20 mm)
Heat Base:  18.3  Cool Base:  18.3  Method: Integration