NOAA-Style Climate Reports


Report for 2012
                            ANNUAL CLIMATOLOGICAL SUMMARY

NAME: Lodi  CITY: Lodi   STATE: Italy  
ELEV:    78 m  LAT:  45° 17' 57" N  LONG:   9° 31' 14" E

               TEMPERATURE (°C), HEAT BASE 18.3, COOL BASE 18.3
                          DEP.  HEAT  COOL                                          
        MEAN  MEAN        FROM  DEG   DEG                        MAX  MAX  MIN  MIN 
 YR MO  MAX   MIN   MEAN  NORM  DAYS  DAYS  HI  DATE  LOW  DATE  >=32 <=0  <=0  <=-18 
------------------------------------------------------------------------------------
 12  1   6.1  -0.6   2.3   0.0   495     0  13.4   8  -3.9   17    0    3   19    0
 12  2   5.7  -2.4   1.4   0.0   488     0  18.3  25 -13.5    6    0    9   17    0
 12  3  18.6   6.9  12.6   0.0   190    12  26.7  30   1.6   10    0    0    0    0
 12  4  16.9   9.1  12.7   0.0   173     6  27.2  28   3.3   12    0    0    0    0
 12  5  24.1  14.0  18.8   0.0    53    68  32.3  12  10.1   17    1    0    0    0
 12  6  29.3  19.3  24.3   0.0     4   184  34.3  22  14.3   12   10    0    0    0
 12  7  31.2  20.5  25.6   0.0     1   229  34.7  27  14.9   23    9    0    0    0
 12  8  32.2  21.0  26.6   0.0     1   258  36.7  21  15.8   31   22    0    0    0
 12  9  25.2  16.1  20.2   0.0    20    77  30.4  10  11.7   14    0    0    0    0
 12 10  19.0  11.9  14.8   0.0   118   351  24.7   7   2.9   30    0    0    0    0
 12 11  13.2   8.0  10.3   0.0   238     0  18.6   5   2.9   16    0    0    0    0
 12 12   5.1  -0.1   2.3   0.0   494     0  15.8  28  -6.7    9    0    0   17    0
------------------------------------------------------------------------------------
        18.9  10.3  14.4   0.0  2274  1186  36.7 AUG -13.5  FEB   42   12   53    0

                                PRECIPITATION (mm)

               DEP.   MAX        DAYS OF RAIN 
               FROM   OBS.          OVER
 YR MO  TOTAL  NORM   DAY  DATE  .2   2   20
---------------------------------------------
 12  1  15.2    0.0  13.0    2    6    1    0
 12  2  15.7    0.0   7.4   20   11    3    0
 12  3   7.1    0.0   5.3    5    3    1    0
 12  4  80.3    0.0  20.6   11   14   11    1
 12  5  59.4    0.0  22.9   21    9    4    1
 12  6  40.1    0.0  14.0    9    6    5    0
 12  7  11.4    0.0   4.6   21    6    2    0
 12  8  30.5    0.0  28.2   31    2    2    1
 12  9  61.7    0.0  15.2    4   13    8    0
 12 10  90.4    0.0  20.1   15   17    6    1
 12 11 127.5    0.0  24.1   10   12   11    4
 12 12  51.3    0.0  14.5   15   17    7    0
---------------------------------------------
       590.8   0.0  28.2  AUG  116   61    8

                                WIND SPEED (km/hr)
                          DOM
 YR MO   AVG.  HI   DATE  DIR
---------------------------------
 12  1   3.7  56.3    6   WSW
 12  2   3.3  43.5   16   WSW
 12  3   3.2  40.2   30   WSW
 12  4   3.8  49.9    8   ESE
 12  5   4.3  53.1   16   WSW
 12  6   3.4  40.2    9   WSW
 12  7   3.1  48.3    4     W
 12  8   2.1  40.2   26   ENE
 12  9   1.6  56.3    4     N
 12 10   0.9  33.8   15    SW
 12 11   1.8  37.0   28   WSW
 12 12   2.3  37.0   28   WSW
---------------------------------
         2.8  56.3  JAN  WSW