NOAA-Style Climate Reports


Report for 2012 Gennaio
                   MONTHLY CLIMATOLOGICAL SUMMARY for JAN. 2012

NAME: Lodi   CITY: Lodi   STATE: Italy 
ELEV:    78 m  LAT:  45° 17' 57" N  LONG:   9° 31' 14" E

                   TEMPERATURE (°C), RAIN  (mm), WIND SPEED (km/hr)

                                      HEAT  COOL        AVG
    MEAN                              DEG   DEG         WIND                 DOM
DAY TEMP  HIGH   TIME   LOW    TIME   DAYS  DAYS  RAIN  SPEED HIGH   TIME    DIR
------------------------------------------------------------------------------------
 1   2.7   7.1   16.00  -0.8    8.30  15.6   0.0   0.0   0.8   9.7   11.30    SW
 2   3.5   4.4   10.30   1.4   00.00  14.8   0.0  13.0   1.8  16.1   21.00   NNE
 3   0.7   2.2    1.30  -0.9   00.00  17.6   0.0   0.0   4.7  19.3    0.30   WSW
 4  -0.1   3.3   15.30  -1.9    7.30  18.3   0.0   0.0   4.2  25.7   16.00   WSW
 5   3.1   8.7   23.00  -1.9    4.30  15.3   0.0   0.8   4.8  33.8   23.00    NE
 6   8.7  11.4   14.30   4.2    3.00   9.6   0.0   0.0  17.7  56.3    6.00    NW
 7   6.2   9.4   15.00   2.1    9.00  12.1   0.0   0.0   9.5  27.4   10.00   WSW
 8   7.0  13.4   16.00   3.3    9.00  11.3   0.0   0.0   6.9  30.6    1.00   WSW
 9   6.5  11.0   15.00   1.1    9.00  11.8   0.0   0.0   4.7  19.3    8.00    SW
10   5.0  11.9   16.00   0.4    8.30  13.3   0.0   0.0   3.2  27.4   13.00   WSW
11   4.2   9.3   15.30   0.1    7.30  14.1   0.0   0.0   1.6  12.9   11.00   WSW
12   3.1   8.2   15.00  -1.6    6.00  15.3   0.0   0.0   4.0  16.1   18.00    SW
13   3.1   7.9   15.30   0.4    6.00  15.2   0.0   0.0   3.9  17.7    4.00    SW
14  -0.2   1.4   14.30  -3.0    7.30  18.5   0.0   0.0   2.6  19.3    9.00   WSW
15  -2.2  -0.4   15.30  -3.1    8.30  20.5   0.0   0.3   2.7  12.9    1.30   WSW
16  -1.6   1.3   16.00  -2.7    0.30  19.8   0.0   0.0   3.1  16.1   19.00   WSW
17  -1.7   1.2   16.30  -3.9   23.00  20.0   0.0   0.0   4.2  17.7    6.30   WSW
18  -2.5  -1.8   19.00  -3.1    8.00  20.8   0.0   0.0   1.3  12.9   14.00   WSW
19  -1.9   0.0   16.00  -3.5    8.30  20.2   0.0   0.0   3.7  17.7    6.30   WSW
20   1.4  13.1   16.30  -3.4    4.00  16.9   0.0   0.0   4.0  27.4   14.30    SW
21   2.4   5.7   14.30  -0.7   10.30  15.8   0.0   0.0   3.4  22.5    3.30   SSW
22   2.8   7.8   14.30  -0.2    9.00  15.5   0.0   0.0   3.5  17.7    4.00    SW
23   2.2   7.0   16.00  -1.0    7.30  16.2   0.0   0.0   1.0  14.5   00.00    NE
24   4.7  13.3   15.30  -0.9    0.30  13.7   0.0   0.3   8.0  38.6   17.30   WSW
25   4.4  10.0   15.00   0.6    5.00  13.9   0.0   0.0   0.5   9.7   14.30     S
26   1.1   3.7   15.30  -1.2    6.30  17.3   0.0   0.0   0.5  11.3   11.30   WNW
27   3.8   5.8   14.30   1.7    0.30  14.5   0.0   0.0   0.8  12.9   11.30   ENE
28   3.2   4.1    2.00   2.5   19.30  15.1   0.0   0.8   0.5   9.7   21.00     E
29   2.9   5.1   15.30   0.3   00.00  15.3   0.0   0.3   4.5  35.4   12.30   ENE
30   0.6   3.6   15.30  -1.6    4.30  17.7   0.0   0.0   1.1  14.5   13.30   NNE
31  -0.8   0.5   14.00  -2.6   20.30  19.1   0.0   0.0   2.6  27.4   18.00     E
-------------------------------------------------------------------------------------
     2.3  13.4     8    -3.9    17   495.0   0.0  15.2   3.7  56.3     6     WSW

Max >=  32.0:  0
Max <=   0.0:  3
Min <=   0.0: 19
Min <= -18.0:  0
Max Rain: 12.95 ON 02/01/12
Days of Rain: 6 (> .2 mm) 1 (> 2 mm) 0 (> 20 mm)
Heat Base:  18.3  Cool Base:  18.3  Method: Integration