NOAA-Style Climate Reports


Report for 2012 Febbraio
                   MONTHLY CLIMATOLOGICAL SUMMARY for FEB. 2012

NAME: Lodi   CITY: Lodi   STATE: Italy 
ELEV:    78 m  LAT:  45° 17' 57" N  LONG:   9° 31' 14" E

                   TEMPERATURE (°C), RAIN  (mm), WIND SPEED (km/hr)

                                      HEAT  COOL        AVG
    MEAN                              DEG   DEG         WIND                 DOM
DAY TEMP  HIGH   TIME   LOW    TIME   DAYS  DAYS  RAIN  SPEED HIGH   TIME    DIR
------------------------------------------------------------------------------------
 1  -2.7  -1.2   16.30  -3.7    7.30  20.9   0.0   0.0   1.0  11.3    1.00   SSW
 2  -2.1   0.8   13.30  -3.7   21.30  20.3   0.0   3.6   0.6   9.7   15.30     N
 3  -5.0  -2.5   14.00  -8.1    6.00  23.3   0.0   0.5   1.6  17.7   14.00   ESE
 4  -5.1  -1.8   15.00  -8.8    9.00  23.3   0.0   0.3   1.1  14.5   20.00    SE
 5  -4.6  -2.0   11.00  -7.3   00.00  22.8   0.0   0.5   1.0  14.5   12.00    SE
 6  -8.9  -3.7   16.00 -13.5    8.30  27.1   0.0   0.3   2.3  12.9    8.00    SW
 7  -5.8  -1.7   00.00 -10.5    2.00  24.1   0.0   0.0   2.7  12.9   14.00    SW
 8  -0.4   3.1   14.30  -3.3   00.00  18.6   0.0   2.0   1.0  11.3   13.00   NNW
 9  -3.0   1.1   15.30  -7.1    8.30  21.3   0.0   0.3   3.7  19.3   11.00   WSW
10  -2.4  -0.6    2.00  -4.4   00.00  20.7   0.0   0.0   6.1  40.2    2.30   ESE
11  -4.0  -1.8   15.30  -5.7    7.30  22.2   0.0   0.0   2.3  14.5   11.00    SE
12  -4.8  -2.0   14.30  -7.9    7.00  23.1   0.0   0.0   1.4  11.3    9.00     N
13  -4.1   0.3   16.00  -8.8    7.30  22.4   0.0   0.0   5.1  22.5   10.00   WSW
14  -2.6   2.8   15.00  -6.5    7.00  20.9   0.0   0.3   4.8  17.7    9.00   WSW
15   1.8   7.7   00.00  -5.7    3.30  16.5   0.0   0.3  11.4  35.4   14.30   WSW
16   4.1  10.7    1.30  -0.3    8.00  14.2   0.0   0.0   4.2  43.5    1.30     E
17   3.0   8.7   15.30  -0.7    6.00  15.3   0.0   0.0   5.5  20.9   13.00   WSW
18   3.1   7.1   14.00   0.1    6.00  15.2   0.0   0.0   1.8  11.3   14.30    SW
19   4.3   7.1   14.00   2.6    3.30  13.9   0.0   0.5   1.1  14.5    3.30     S
20   3.0   4.3    1.30   1.4   00.00  15.3   0.0   7.4   2.9  24.1   12.30    SE
21   4.8   9.3   15.30   1.3    0.30  13.5   0.0   0.0   1.8  14.5   13.30    SW
22   5.4  11.7   16.00   0.1    7.30  12.9   0.0   0.0   2.6  16.1   13.00    SW
23   7.2  13.6   16.30   0.4    7.30  11.1   0.0   0.0   6.1  20.9   11.00   WSW
24  10.7  17.8   16.30   4.2    8.00   7.6   0.0   0.0   3.7  20.9   15.00    SW
25  12.0  18.3   16.30   7.6    8.00   6.3   0.0   0.0   4.5  22.5    4.00   SSE
26  10.7  17.4   14.30   4.9    7.30   7.5   0.0   0.0   4.3  33.8   17.30   WSW
27   8.9  15.0   16.00   4.0    7.00   9.4   0.0   0.0   3.5  17.7    6.30   WSW
28   7.3  11.9   14.30   2.9    7.30  11.0   0.0   0.0   1.6  16.1   10.30     E
29  10.7  15.2   16.00   7.7    2.30   7.4   0.0   0.0   4.7  24.1   11.00   WNW
-------------------------------------------------------------------------------------
     1.4  18.3    25   -13.5     6   488.1   0.0  15.7   3.3  43.5    16     WSW

Max >=  32.0:  0
Max <=   0.0:  9
Min <=   0.0: 17
Min <= -18.0:  0
Max Rain: 7.37 ON 20/02/12
Days of Rain: 11 (> .2 mm) 3 (> 2 mm) 0 (> 20 mm)
Heat Base:  18.3  Cool Base:  18.3  Method: Integration