NOAA-Style Climate Reports


Report for 2012 Marzo
                   MONTHLY CLIMATOLOGICAL SUMMARY for MAR. 2012

NAME: Lodi   CITY: Lodi   STATE: Italy 
ELEV:    78 m  LAT:  45° 17' 57" N  LONG:   9° 31' 14" E

                   TEMPERATURE (°C), RAIN  (mm), WIND SPEED (km/hr)

                                      HEAT  COOL        AVG
    MEAN                              DEG   DEG         WIND                 DOM
DAY TEMP  HIGH   TIME   LOW    TIME   DAYS  DAYS  RAIN  SPEED HIGH   TIME    DIR
------------------------------------------------------------------------------------
 1  11.6  19.0   16.00   5.6    8.00   6.7   0.0   0.0   0.6   8.0    9.30   NNE
 2  13.3  22.1   16.00   6.8    8.00   5.7   0.7   0.0   4.7  24.1   21.00   WSW
 3  12.2  18.7   15.30   6.3    7.30   6.1   0.0   0.0   3.7  17.7   11.30   NNW
 4  12.0  16.2   16.00   9.1    5.30   6.3   0.0   0.0   1.6  14.5   10.30    SW
 5   8.7  11.9   13.00   5.3   22.30   9.6   0.0   5.3   3.7  20.9   13.00     W
 6   7.3  10.6   14.30   4.9   00.00  11.0   0.0   1.0   4.2  19.3    5.00    SW
 7   7.0  12.3   15.30   2.2    7.30  11.2   0.0   0.0   2.4  16.1    2.30   WSW
 8   8.2  12.4   15.30   3.5    6.30  10.1   0.0   0.0   1.4  14.5    9.30     E
 9  10.6  14.5   14.30   6.4   00.00   7.7   0.0   0.0   4.7  24.1    6.30     N
10   8.0  12.9   17.00   1.6    7.30  10.3   0.0   0.0   2.4  24.1   12.30     E
11   9.4  15.8   16.30   2.4    6.30   8.9   0.0   0.0   3.7  22.5   15.00   WSW
12  11.2  17.6   16.00   5.2    6.00   7.0   0.0   0.0   1.8  17.7    0.30   NNW
13  11.2  17.4   16.00   5.9    5.30   7.1   0.0   0.0   2.7  17.7    0.30   ENE
14  12.2  18.7   16.30   5.7    7.00   6.1   0.0   0.0   0.8  11.3   14.30    SW
15  12.9  20.2   15.30   5.4    8.00   5.5   0.2   0.0   0.8  11.3   14.00   ESE
16  13.1  19.1   15.30   7.1    7.00   5.3   0.0   0.0   1.3  17.7   23.00   ENE
17  11.9  16.2   16.00   6.8    7.30   6.3   0.0   0.0   2.6  16.1   12.00    NW
18  11.6  16.1   16.30   7.7    7.30   6.7   0.0   0.0   4.7  25.7   13.30     E
19  11.3  16.4   16.30   8.1   00.00   6.9   0.0   0.8   3.4  24.1   14.00   ENE
20  11.0  17.0   15.30   4.7    6.30   7.3   0.0   0.0   1.1  12.9   14.00     S
21  14.1  20.1   16.30   9.3    7.30   4.4   0.2   0.0   3.9  24.1    8.30   WSW
22  14.6  21.2   16.00   7.2    6.30   4.3   0.5   0.0   1.3  14.5   13.00   NNW
23  14.4  20.3   16.30   9.2    5.00   4.2   0.3   0.0   1.1  11.3   14.00    SW
24  14.4  21.1   17.00   7.2    7.00   4.3   0.4   0.0   1.0  19.3   19.30   WSW
25  14.6  21.2   17.00   8.7    7.00   3.9   0.3   0.0   1.6  32.2   17.00    NW
26  15.7  22.8   17.00   9.2    8.00   3.6   1.0   0.0   3.5  17.7   10.30   WSW
27  15.3  22.4   16.30   9.2    7.00   3.8   0.8   0.0   1.3  17.7   10.00     N
28  16.5  24.2   17.30   9.1    8.00   3.3   1.6   0.0   2.4  19.3   15.00    SW
29  18.2  25.9   17.00  11.1    7.00   2.3   2.2   0.0  10.1  38.6   20.00   WSW
30  19.4  26.7   15.00  11.9    7.30   1.8   3.0   0.0  13.0  40.2   13.00   WSW
31  17.1  24.9   15.30  10.4    8.00   2.4   1.2   0.0   8.2  33.8   16.30   WSW
-------------------------------------------------------------------------------------
    12.6  26.7    30     1.6    10   189.7  12.5   7.1   3.2  40.2    30     WSW

Max >=  32.0:  0
Max <=   0.0:  0
Min <=   0.0:  0
Min <= -18.0:  0
Max Rain: 5.33 ON 05/03/12
Days of Rain: 3 (> .2 mm) 1 (> 2 mm) 0 (> 20 mm)
Heat Base:  18.3  Cool Base:  18.3  Method: Integration