NOAA-Style Climate Reports


Report for 2012 Aprile
                   MONTHLY CLIMATOLOGICAL SUMMARY for APR. 2012

NAME: Lodi   CITY: Lodi   STATE: Italy 
ELEV:    78 m  LAT:  45° 17' 57" N  LONG:   9° 31' 14" E

                   TEMPERATURE (°C), RAIN  (mm), WIND SPEED (km/hr)

                                      HEAT  COOL        AVG
    MEAN                              DEG   DEG         WIND                 DOM
DAY TEMP  HIGH   TIME   LOW    TIME   DAYS  DAYS  RAIN  SPEED HIGH   TIME    DIR
------------------------------------------------------------------------------------
 1  13.3  16.7   14.00   9.0   00.00   4.9   0.0   0.0  11.3  43.5   14.30   ESE
 2  11.8  16.2   17.30   8.1    5.30   6.5   0.0   0.0   1.1  11.3    1.00   SSE
 3  13.0  17.3   16.30   9.4    8.00   5.3   0.0   0.0   1.9  16.1   18.30   ESE
 4  13.1  15.3   15.30  11.9    6.30   5.2   0.0   2.8   3.7  20.9   13.30   ESE
 5  13.1  16.1   18.30  11.3    9.00   5.2   0.0   7.1   2.1  14.5    5.30   ENE
 6  15.1  20.3   16.00  10.7    8.00   3.5   0.3   0.0   4.5  25.7   13.30   WSW
 7  14.9  19.9   15.30  11.8    6.30   3.5   0.1   0.0   3.2  30.6   17.00     N
 8  11.5  17.0   15.00   6.6   00.00   6.8   0.0   0.0   7.7  49.9   15.00   ESE
 9   8.4  13.0   16.30   3.6    8.00   9.9   0.0   0.0   2.6  16.1   15.30   ENE
10   8.4  10.9   15.30   5.7    7.30   9.9   0.0   3.6   3.7  22.5   13.00   ENE
11   7.4   8.5   20.30   5.4   13.00  10.8   0.0  20.6   6.1  33.8   12.00     E
12  10.5  17.0   16.30   3.3    7.30   7.8   0.0   0.0   1.6  16.1   17.30    NW
13  11.3  15.3   15.00   9.6    6.00   7.0   0.0   7.4   3.9  24.1   16.00   ESE
14  11.3  14.0   16.30   9.4    4.30   6.9   0.0   2.0   2.9  14.5    2.30    NW
15  10.9  12.7   18.00   9.8    8.30   7.3   0.0   7.9   2.1  19.3   14.00    NE
16  12.1  16.1   16.30   9.9    3.30   6.2   0.0   1.0   2.6  25.7   21.00   WSW
17  12.7  17.4   16.30   9.4    6.00   5.6   0.0   0.0   3.2  22.5   12.30    SE
18  10.6  15.4   14.00   8.2    6.30   7.7   0.0   4.1   5.3  35.4   14.00     E
19  10.1  12.8   14.00   7.6    6.00   8.2   0.0   2.8   2.7  20.9   10.00   ESE
20  11.1  15.4   16.30   8.8    1.30   7.2   0.0   0.3   2.7  14.5   11.00   ENE
21  12.8  19.2   18.30   6.3    7.00   5.5   0.0   0.0   1.8  19.3   18.30    NW
22  14.2  19.2   18.00   9.9    7.30   4.1   0.1   0.0   5.1  37.0   13.00     N
23  12.6  16.6   17.30  10.1    4.30   5.7   0.0   0.0   6.0  25.7   14.00   ENE
24  12.3  17.5   16.30   9.4    9.00   5.9   0.0  14.0   6.3  35.4    7.00     E
25  13.4  19.2   17.00   7.7    6.00   4.9   0.1   0.0   3.4  22.5   16.00    SW
26  14.8  19.5   14.30   8.5    7.30   3.6   0.1   0.0   3.7  20.9   16.00   NNW
27  17.9  24.1   16.30  11.7    7.00   2.1   1.7   0.0   3.2  19.3   12.00    SW
28  19.8  27.2   17.30  12.7    7.00   1.4   3.0   0.0   2.1  20.9   17.00   ESE
29  17.8  20.9   18.00  14.6   10.00   1.0   0.6   1.5   6.0  33.8    5.30   ESE
30  15.0  17.3   10.30  12.0    6.30   3.2   0.0   5.3   2.1  19.3   11.30     N
-------------------------------------------------------------------------------------
    12.7  27.2    28     3.3    12   172.5   6.0  80.3   3.8  49.9     8     ESE

Max >=  32.0:  0
Max <=   0.0:  0
Min <=   0.0:  0
Min <= -18.0:  0
Max Rain: 20.57 ON 11/04/12
Days of Rain: 14 (> .2 mm) 11 (> 2 mm) 1 (> 20 mm)
Heat Base:  18.3  Cool Base:  18.3  Method: Integration