NOAA-Style Climate Reports


Report for 2012 Maggio
                   MONTHLY CLIMATOLOGICAL SUMMARY for MAY. 2012

NAME: Lodi   CITY: Lodi   STATE: Italy 
ELEV:    78 m  LAT:  45° 17' 57" N  LONG:   9° 31' 14" E

                   TEMPERATURE (°C), RAIN  (mm), WIND SPEED (km/hr)

                                      HEAT  COOL        AVG
    MEAN                              DEG   DEG         WIND                 DOM
DAY TEMP  HIGH   TIME   LOW    TIME   DAYS  DAYS  RAIN  SPEED HIGH   TIME    DIR
------------------------------------------------------------------------------------
 1  15.6  18.7   15.30  14.1   00.00   2.7   0.0  16.5   3.1  27.4   21.30    NE
 2  15.6  19.6   16.00  12.1    6.30   2.9   0.1   0.0   6.3  25.7   14.30   WSW
 3  16.7  23.4   17.00  10.8    6.00   2.7   1.1   0.0   6.9  25.7   13.30   WSW
 4  16.6  22.0   16.30  11.6    7.00   2.5   0.8   0.0   6.6  27.4   19.00   WNW
 5  15.4  19.9   14.00  12.4    7.30   3.0   0.1   0.8   3.5  25.7   15.00   ENE
 6  15.4  21.2   15.00  12.3    4.00   3.2   0.3   6.1   2.1  29.0   16.00     N
 7  17.1  23.9   17.30  11.1    7.00   2.5   1.4   0.3   2.4  22.5   17.30   NNW
 8  17.8  22.6   16.30  12.8    7.00   1.6   1.2   0.0   2.7  19.3   21.00   ESE
 9  19.8  24.8   16.30  14.9    6.30   0.9   2.5   0.0   5.1  19.3   10.30     W
10  22.1  28.2   17.00  15.5    6.30   0.4   4.3   0.0   1.4  14.5    9.00    NW
11  24.2  31.3   17.00  17.1    7.00   0.1   6.0   0.0   1.0  12.9   14.30   NNW
12  25.5  32.3   16.30  19.2    6.30   0.0   7.2   0.0   4.5  25.7   16.00   WSW
13  16.3  25.2    0.30  12.4   11.30   2.9   0.9   1.3  10.6  51.5    8.00   ESE
14  15.6  21.0   17.30  10.4    7.00   3.1   0.4   0.0   2.7  20.9   14.00     N
15  16.8  23.4   18.00  10.4    6.00   2.7   1.2   0.0   3.1  22.5   22.30   NNE
16  17.3  20.7   15.30  14.8   00.00   1.5   0.5   0.0  19.6  53.1   10.00    NW
17  16.4  22.4   18.30  10.1    6.30   2.7   0.8   0.0   4.0  27.4    0.30   ESE
18  16.4  20.7   17.30  12.3    6.30   2.4   0.4   0.0   2.1  20.9    9.30     E
19  16.4  21.6   13.30  10.4    6.00   2.4   0.6   0.0   1.3  14.5   13.00   NNE
20  14.8  17.5   11.00  12.9   00.00   3.4   0.0  10.7   1.6  22.5   00.00   WSW
21  13.2  15.0   17.00  11.8    9.30   5.0   0.0  22.9   6.6  45.1    4.30     E
22  16.6  21.8   17.00  11.6    7.00   2.5   0.9   0.5   5.1  27.4   13.00   WSW
23  21.5  27.7   18.00  16.1    6.30   0.5   3.7   0.5   3.4  19.3   21.30   WSW
24  23.6  31.0   19.00  16.6    6.30   0.1   5.4   0.0   2.7  20.9   20.30   NNE
25  22.5  27.1   16.00  18.8    6.30   0.0   4.2   0.0   5.6  29.0   19.00   ESE
26  20.9  25.0   17.00  17.4    6.30   0.1   2.7   0.0   4.0  24.1   13.00   ESE
27  20.4  24.4   17.00  16.6    6.30   0.3   2.5   0.0   1.9  29.0   21.00   ENE
28  21.2  26.9   18.00  15.4    6.30   0.5   3.5   0.0   1.8  16.1   14.30    SW
29  23.3  29.8   18.00  17.1    6.30   0.1   5.1   0.0   5.1  24.1   14.00   WSW
30  23.7  30.0   18.00  17.2    6.00   0.1   5.5   0.0   3.7  17.7   22.30    SW
31  23.3  27.6   18.00  18.6    6.30   0.0   4.9   0.0   2.7  20.9   12.30    NW
-------------------------------------------------------------------------------------
    18.8  32.3    12    10.1    17    53.0  68.4  59.4   4.3  53.1    16     WSW

Max >=  32.0:  1
Max <=   0.0:  0
Min <=   0.0:  0
Min <= -18.0:  0
Max Rain: 22.86 ON 21/05/12
Days of Rain: 9 (> .2 mm) 4 (> 2 mm) 1 (> 20 mm)
Heat Base:  18.3  Cool Base:  18.3  Method: Integration