NOAA-Style Climate Reports


Report for 2012 Giugno
                   MONTHLY CLIMATOLOGICAL SUMMARY for JUN. 2012

NAME: Lodi   CITY: Lodi   STATE: Italy 
ELEV:    78 m  LAT:  45° 17' 57" N  LONG:   9° 31' 14" E

                   TEMPERATURE (°C), RAIN  (mm), WIND SPEED (km/hr)

                                      HEAT  COOL        AVG
    MEAN                              DEG   DEG         WIND                 DOM
DAY TEMP  HIGH   TIME   LOW    TIME   DAYS  DAYS  RAIN  SPEED HIGH   TIME    DIR
------------------------------------------------------------------------------------
 1  23.7  29.1   17.30  19.0    6.00   0.0   5.4   0.0  10.8  37.0   15.00     W
 2  22.9  27.4   15.30  17.4    6.00   0.1   4.7   0.0   4.3  19.3   16.00   WNW
 3  23.2  27.4   16.30  19.2    6.30   0.0   5.0   0.0   3.4  17.7   21.30   WNW
 4  19.4  22.6   19.00  16.5    9.00   0.3   1.5   8.9   3.1  22.5    7.00     N
 5  21.6  28.3   18.00  14.4    6.00   0.7   4.0   0.0   2.3  19.3   15.30   SSW
 6  21.6  26.2   17.30  16.3    6.30   0.2   3.5   0.0   3.5  19.3   19.00   ENE
 7  21.8  24.8   14.30  18.9    5.00   0.0   3.6   0.0   2.7  17.7    0.30    NW
 8  21.6  24.0   17.30  18.8    5.30   0.0   3.3   1.0   1.9  17.7   17.00    NE
 9  22.7  27.7   18.00  19.5    5.30   0.0   4.4  14.0   2.1  40.2   21.00     E
10  19.8  24.9   16.30  17.4    5.00   0.2   1.7   2.0   5.1  22.5    4.30   NNW
11  19.7  25.8   16.30  17.2    2.00   0.3   1.7   7.6   1.8  25.7   17.30   NNW
12  19.0  23.4   19.30  14.3    8.00   0.9   1.6   6.6   6.4  29.0   11.30     N
13  20.6  27.1   16.30  15.7    6.30   0.5   2.8   0.0   4.5  27.4   17.30   WSW
14  20.7  25.9   19.00  14.6    6.00   0.7   3.1   0.0   1.9  17.7   14.00     W
15  23.3  29.1   18.00  17.3    6.30   0.1   5.1   0.0   1.3  12.9   13.00     W
16  24.7  30.2   17.00  17.9    6.30   0.0   6.4   0.0   1.0  11.3   11.00     N
17  26.4  32.2   17.00  20.3    5.30   0.0   8.2   0.0   0.8  11.3   14.00   ENE
18  27.7  33.2   16.30  21.9    6.00   0.0   9.4   0.0   1.1  14.5   16.30   ENE
19  28.1  33.6   17.30  22.2    6.00   0.0   9.8   0.0   3.2  19.3    1.00   ENE
20  27.4  32.2   14.30  22.7    6.30   0.0   9.2   0.0   3.5  17.7    9.30   WSW
21  27.2  32.4   17.00  21.6    7.00   0.0   9.0   0.0   6.8  29.0   22.00   WSW
22  27.4  34.3   18.00  21.4    5.00   0.0   9.1   0.0   4.7  33.8    2.00   WSW
23  26.5  30.8   15.30  22.1    6.30   0.0   8.2   0.0   3.5  27.4   12.00   ENE
24  26.1  30.9   16.30  20.3    5.30   0.0   7.8   0.0   1.4  12.9    9.00    NE
25  27.6  33.2   17.00  23.1    6.30   0.0   9.3   0.0   7.9  27.4   16.30   WSW
26  26.1  30.4   18.00  21.7    6.30   0.0   7.8   0.0   4.0  24.1    3.30   ESE
27  26.6  31.6   17.30  20.7    6.00   0.0   8.3   0.0   2.7  20.9   10.00     E
28  27.1  32.2   17.30  21.2    5.30   0.0   8.9   0.0   1.9  16.1    9.30   ENE
29  28.5  33.4   17.30  22.2    6.30   0.0  10.2   0.0   2.4  16.1    1.30     W
30  29.6  34.2   16.30  24.2    6.30   0.0  11.0   0.0   2.3  16.1   11.00   WSW
-------------------------------------------------------------------------------------
    24.3  34.3    22    14.3    12     3.9 184.2  40.1   3.4  40.2     9     WSW

Max >=  32.0: 10
Max <=   0.0:  0
Min <=   0.0:  0
Min <= -18.0:  0
Max Rain: 13.97 ON 09/06/12
Days of Rain: 6 (> .2 mm) 5 (> 2 mm) 0 (> 20 mm)
Heat Base:  18.3  Cool Base:  18.3  Method: Integration