NOAA-Style Climate Reports


Report for 2012 Agosto
                   MONTHLY CLIMATOLOGICAL SUMMARY for AUG. 2012

NAME: Lodi   CITY: Lodi   STATE: Italy 
ELEV:    78 m  LAT:  45° 17' 57" N  LONG:   9° 31' 14" E

                   TEMPERATURE (°C), RAIN  (mm), WIND SPEED (km/hr)

                                      HEAT  COOL        AVG
    MEAN                              DEG   DEG         WIND                 DOM
DAY TEMP  HIGH   TIME   LOW    TIME   DAYS  DAYS  RAIN  SPEED HIGH   TIME    DIR
------------------------------------------------------------------------------------
 1  26.9  32.6   17.00  21.2    7.00   0.0   8.7   0.0   1.3  16.1   11.30   ENE
 2  28.1  33.7   16.30  22.1    7.00   0.0   9.8   0.0   1.6  14.5    7.00   ESE
 3  28.2  33.3   17.30  22.9    5.30   0.0  10.0   0.0   2.4  16.1    1.30   ENE
 4  27.9  32.7   17.30  23.2    6.00   0.0   9.7   0.0   2.3  17.7   23.30   ENE
 5  26.4  32.1   17.30  20.6    6.30   0.0   8.2   0.0   2.7  17.7   14.30    SW
 6  25.7  32.7   17.30  20.6    7.00   0.0   7.4   0.0   3.7  32.2   18.30    SW
 7  26.2  32.9   17.00  19.5    7.00   0.0   7.9   0.0   2.6  16.1   13.30    SW
 8  26.7  32.4   16.30  20.6    7.00   0.0   8.4   0.0   1.4  20.9   11.30     W
 9  26.7  32.5   18.00  20.7    7.00   0.0   8.4   0.0   1.8  17.7    9.30   ENE
10  25.8  30.9   17.00  20.1    7.00   0.0   7.6   0.0   3.1  24.1   13.30   ENE
11  25.2  31.1   16.30  19.1    7.00   0.0   6.9   0.0   1.3  14.5   13.00   ENE
12  23.8  28.0   18.00  18.8    6.30   0.0   5.6   0.0   2.3  30.6    2.30   ESE
13  24.4  29.8   17.30  19.3    6.30   0.0   6.2   0.0   1.6  16.1   11.00   ENE
14  25.8  31.8   17.30  20.6    7.00   0.0   7.5   0.0   1.3  14.5   10.30   ENE
15  26.9  33.2   16.30  20.9    7.00   0.0   8.6   0.0   1.9  16.1   10.30   ENE
16  27.2  32.1   17.30  21.5    5.30   0.0   8.9   0.0   3.2  27.4   16.30     W
17  27.7  33.3   18.00  22.0    7.00   0.0   9.5   0.0   1.8  17.7   11.30   ENE
18  28.3  34.4   18.00  22.3    7.00   0.0  10.1   0.0   1.0  14.5   11.30    NE
19  28.9  35.2   16.30  23.4    6.30   0.0  10.7   0.0   1.1  19.3   13.30    NE
20  29.6  36.0   17.00  23.2    7.30   0.0  11.3   0.0   0.6  17.7   14.30     N
21  30.0  36.7   16.30  23.2    7.00   0.0  11.7   0.0   1.3  16.1   14.30   ENE
22  30.9  36.7   17.00  25.9    7.00   0.0  12.6   0.0   1.6  19.3   23.00   SSW
23  29.3  34.5   16.30  24.0    7.00   0.0  11.0   0.0   1.9  20.9    0.30   ENE
24  29.2  34.2   16.00  23.8    7.00   0.0  10.9   0.0   2.6  17.7   10.00   NNW
25  28.4  34.0   16.00  22.4    7.00   0.0  10.2   0.0   2.1  25.7   21.30    NE
26  26.4  32.8   16.00  20.8   00.00   0.0   8.2   0.0   8.7  40.2   17.30    SW
27  22.5  29.2   17.30  16.4    5.30   0.4   4.6   0.0   1.4  22.5    0.30   ENE
28  23.7  29.7   18.00  17.6    6.00   0.0   5.5   0.0   0.5  12.9   13.30   ENE
29  24.9  32.1   18.00  18.0    7.30   0.0   6.7   0.0   1.9  16.1   13.00   WSW
30  23.1  26.3   17.30  19.8   00.00   0.0   4.8   2.3   1.9  29.0   21.30    NW
31  18.9  22.6   14.30  15.8   22.30   0.5   1.1  28.2   1.4  19.3   15.00    NW
-------------------------------------------------------------------------------------
    26.6  36.7    21    15.8    31     0.9 258.4  30.5   2.1  40.2    26     ENE

Max >=  32.0: 22
Max <=   0.0:  0
Min <=   0.0:  0
Min <= -18.0:  0
Max Rain: 28.19 ON 31/08/12
Days of Rain: 2 (> .2 mm) 2 (> 2 mm) 1 (> 20 mm)
Heat Base:  18.3  Cool Base:  18.3  Method: Integration