NOAA-Style Climate Reports


Report for 2012 Settembre
                   MONTHLY CLIMATOLOGICAL SUMMARY for SEP. 2012

NAME: Lodi   CITY: Lodi   STATE: Italy 
ELEV:    78 m  LAT:  45° 17' 57" N  LONG:   9° 31' 14" E

                   TEMPERATURE (°C), RAIN  (mm), WIND SPEED (km/hr)

                                      HEAT  COOL        AVG
    MEAN                              DEG   DEG         WIND                 DOM
DAY TEMP  HIGH   TIME   LOW    TIME   DAYS  DAYS  RAIN  SPEED HIGH   TIME    DIR
------------------------------------------------------------------------------------
 1  17.1  22.8   16.00  14.7    8.30   1.9   0.6   8.4   2.3  29.0   18.00     N
 2  19.2  23.7   16.30  15.1    1.30   1.0   2.0   5.1   1.1  14.5    0.30   NNW
 3  19.8  22.3   17.00  18.3    7.30   0.0   1.5   7.9   2.7  24.1   12.30    SW
 4  20.6  26.2   18.00  17.7    4.30   0.1   2.4  15.2   2.1  56.3   21.30    SW
 5  21.6  26.9   17.00  18.3    8.30   0.0   3.3   0.5   2.9  22.5    1.00   WSW
 6  23.5  30.0   17.00  18.2    7.30   0.0   5.2   0.0   1.3  14.5   11.30     W
 7  23.5  29.7   16.00  18.6    7.30   0.0   5.2   0.0   0.8  12.9   12.00    SE
 8  23.5  29.6   17.30  18.0    7.30   0.0   5.2   0.0   0.3  11.3   13.30     N
 9  23.8  30.2   17.00  18.1    6.00   0.0   5.5   0.0   0.5  11.3   14.00   NNW
10  23.9  30.4   16.30  18.2    7.30   0.0   5.7   0.0   1.6  16.1   13.30    SW
11  24.2  30.0   16.30  19.7    6.30   0.0   6.0   0.0   2.6  19.3   20.30     W
12  20.7  25.9   13.00  16.7   00.00   0.2   2.6   5.6   2.9  33.8   15.00     N
13  17.6  23.4   16.00  14.2    9.00   1.7   1.0   0.3   1.8  20.9   14.00     N
14  18.1  25.5   17.00  11.7    7.30   2.3   2.1   0.0   1.4  16.1    9.00    SW
15  19.2  25.6   16.30  13.1    7.30   1.5   2.4   0.0   2.4  27.4   18.00   ESE
16  20.0  25.7   16.30  16.0    8.30   0.6   2.3   0.0   1.0  16.1   13.30    NE
17  19.9  26.1   15.00  14.8    7.30   1.0   2.6   0.0   0.3  14.5   14.00    NE
18  20.7  26.5   16.00  14.9    7.30   0.8   3.2   0.0   0.3  12.9   12.30     S
19  19.9  23.3   17.00  16.8   00.00   0.1   1.7   3.0   1.0  14.5   11.00   NNW
20  17.8  22.7   16.30  13.6    7.30   1.6   1.1   0.0   1.4  17.7   14.30     E
21  17.1  22.1   15.00  12.3    7.30   2.2   1.0   0.0   1.1  16.1   12.00    NE
22  18.9  23.0   16.00  14.5    3.00   1.3   1.9   0.0   1.1  14.5   14.30     N
23  20.6  23.6   16.00  18.3    6.30   0.0   2.3   0.0   0.8  16.1   11.00     N
24  19.2  22.3   15.00  16.6   00.00   0.1   1.0   7.4   2.7  30.6   15.00   ESE
25  18.3  24.7   17.00  13.3    8.00   1.4   1.4   0.5   1.4  20.9   10.30   ENE
26  20.1  23.4   16.00  17.6    3.00   0.1   1.9   0.8   4.8  33.8   23.30   ESE
27  20.4  24.9   14.30  16.5   23.30   0.2   2.3   0.5   2.6  27.4    1.00    NW
28  18.8  23.7   15.00  14.0    8.00   1.1   1.6   0.0   0.6  12.9   14.30   NNW
29  17.6  18.7    0.30  16.9   22.00   0.7   0.0   6.6   0.6  14.5   12.30     N
30  19.4  23.9   16.30  16.0    8.00   0.7   1.7   0.0   1.6  14.5   12.30   WSW
-------------------------------------------------------------------------------------
    20.2  30.4    10    11.7    14    20.5  77.0  61.7   1.6  56.3     4       N

Max >=  32.0:  0
Max <=   0.0:  0
Min <=   0.0:  0
Min <= -18.0:  0
Max Rain: 15.24 ON 04/09/12
Days of Rain: 13 (> .2 mm) 8 (> 2 mm) 0 (> 20 mm)
Heat Base:  18.3  Cool Base:  18.3  Method: Integration